000
CXUS56 KPDT 011810
CF6PSC
PRELIMINARY LOCAL CLIMATOLOGICAL DATA (WS FORM: F-6)
STATION: PASCO WA
MONTH: SEPTEMBER
YEAR: 2021
LATITUDE: 46 16 N
LONGITUDE: 119 7 W
TEMPERATURE IN F: :PCPN: SNOW: WIND :SUNSHINE: SKY :PK WND
================================================================================
1 2 3 4 5 6A 6B 7 8 9 10 11 12 13 14 15 16 17 18
12Z AVG MX 2MIN
DY MAX MIN AVG DEP HDD CDD WTR SNW DPTH SPD SPD DIR MIN PSBL S-S WX SPD DR
================================================================================
1 78 43 61 -8 4 0 0.00 M M 4.5 13 350 M M 0 18 360
2 82 47 65 -4 0 0 0.00 M M 3.3 13 360 M M 0 18 350
3 86 47 67 -1 0 2 0.00 M M 3.2 9 10 M M 0 14 140
4 89 48 69 1 0 4 0.00 M M 3.3 9 140 M M 1 11 130
5 96 54 75 7 0 10 0.00 M M 5.3 18 210 M M 0 24 210
6 90 56 73 6 0 8 0.00 M M 3.4 10 30 M M 0 17 10
7 88 50 69 2 0 4 0.00 M M 4.1 10 340 M M 0 14 340
8 96 56 76 9 0 11 0.00 M M 7.1 23 210 M M 0 8 30 210
9 87 54 71 5 0 6 0.00 M M 3.0 17 160 M M 0 8 21 160
10 75 63 69 3 0 4 0.06 M M 6.6 20 240 M M 6 18 24 230
11 79 55 67 1 0 2 0.00 M M 4.9 12 180 M M 0 8 16 190
12 84 52 68 2 0 3 0.00 M M 4.0 18 310 M M 0 25 310
13 79 52 66 1 0 1 0.00 M M 3.7 8 190 M M 1 13 260
14 86 46 66 1 0 1 0.00 M M 5.3 14 300 M M 0 8 18 310
15 82 54 68 3 0 3 0.00 M M 7.9 23 330 M M 1 32 330
16 72 45 59 -5 6 0 0.00 M M 4.5 14 310 M M 0 20 300
17 74 42 58 -6 7 0 T M M 5.6 13 110 M M 2 17 120
18 75 58 67 3 0 2 0.04 M M 10.2 32 270 M M 6 42 260
19 75 55 65 2 0 0 0.00 M M 11.6 18 220 M M 4 26 210
20 75 45 60 -3 5 0 0.00 M M 4.8 16 230 M M 1 21 220
21 79 39 59 -3 6 0 0.00 M M 4.1 10 330 M M 0 12 340
22 78 43 61 -1 4 0 0.00 M M 4.2 15 240 M M 1 20 240
23 82 45 64 2 1 0 0.00 M M 3.7 13 200 M M 0 19 200
24 83 43 63 2 2 0 0.00 M M 4.2 10 330 M M 0 8 14 330
25 91 46 69 8 0 4 0.00 M M 5.2 13 220 M M 0 18 17 260
26 88 58 73 12 0 8 0.00 M M 8.3 22 210 M M 0 29 240
27 80 57 69 9 0 4 0.20 M M 9.4 26 280 M M 8 1 33 280
28 71 52 62 2 3 0 0.00 M M 15.0 25 220 M M 2 34 230
29 71 45 58 -1 7 0 0.00 M M 5.8 14 200 M M 0 18 19 200
30 83 44 64 5 1 0 0.11 M M 7.8 28 310 M M 4 18 35 320
================================================================================
SM 2454 1494 46 77 0.41 M 174.0 M 37
================================================================================
AV 81.8 49.8 5.8 FASTST M M 1 MAX(MPH)
MISC ----> 32 270 42 260
================================================================================
NOTES:
# LAST OF SEVERAL OCCURRENCES
COLUMN 17 PEAK WIND IN M.P.H.
PRELIMINARY LOCAL CLIMATOLOGICAL DATA (WS FORM: F-6) , PAGE 2
STATION: PASCO WA
MONTH: SEPTEMBER
YEAR: 2021
LATITUDE: 46 16 N
LONGITUDE: 119 7 W
[TEMPERATURE DATA] [PRECIPITATION DATA] SYMBOLS USED IN COLUMN 16
AVERAGE MONTHLY: 65.8 TOTAL FOR MONTH: 0.41 1 = FOG OR MIST
DPTR FM NORMAL: 1.6 DPTR FM NORMAL: 0.10 2 = FOG REDUCING VISIBILITY
HIGHEST: 96 ON 8, 5 GRTST 24HR 0.20 ON 27-27 TO 1/4 MILE OR LESS
LOWEST: 39 ON 21 3 = THUNDER
SNOW, ICE PELLETS, HAIL 4 = ICE PELLETS
TOTAL MONTH: M 5 = HAIL
GRTST 24HR M ON M 6 = FREEZING RAIN OR DRIZZLE
GRTST DEPTH: M ON M 7 = DUSTSTORM OR SANDSTORM:
VSBY 1/2 MILE OR LESS
8 = SMOKE OR HAZE
[NO. OF DAYS WITH] [WEATHER - DAYS WITH] 9 = BLOWING SNOW
X = TORNADO
MAX 32 OR BELOW: 0 0.01 INCH OR MORE: 4
MAX 90 OR ABOVE: 4 0.10 INCH OR MORE: 2
MIN 32 OR BELOW: 0 0.50 INCH OR MORE: 0
MIN 0 OR BELOW: 0 1.00 INCH OR MORE: 0
[HDD (BASE 65) ]
TOTAL THIS MO. 46 CLEAR (SCALE 0-3) 25
DPTR FM NORMAL -40 PTCLDY (SCALE 4-7) 5
TOTAL FM JUL 1 52 CLOUDY (SCALE 8-10) 0
DPTR FM NORMAL -41
[CDD (BASE 65) ]
TOTAL THIS MO. 77
DPTR FM NORMAL 14 [PRESSURE DATA]
TOTAL FM JAN 1 1252 HIGHEST SLP 30.35 ON 21
DPTR FM NORMAL 467 LOWEST SLP 29.56 ON 18
[REMARKS]
#FINAL-09-21#