000
CXUS51 KBOX 010910
CF6PVD
PRELIMINARY LOCAL CLIMATOLOGICAL DATA (WS FORM: F-6)
STATION: PROVIDENCE RI
MONTH: JANUARY
YEAR: 2022
LATITUDE: 41 43 N
LONGITUDE: 71 26 W
TEMPERATURE IN F: :PCPN: SNOW: WIND :SUNSHINE: SKY :PK WND
================================================================================
1 2 3 4 5 6A 6B 7 8 9 10 11 12 13 14 15 16 17 18
12Z AVG MX 2MIN
DY MAX MIN AVG DEP HDD CDD WTR SNW DPTH SPD SPD DIR MIN PSBL S-S WX SPD DR
================================================================================
1 54 44 49 17 16 0 0.13 0.0 0 3.5 12 160 M M 10 12 16 160
2 55 36 46 14 19 0 0.22 0.0 0 7.0 21 350 M M 10 1 29 350
3 35 23 29 -3 36 0 0.00 0.0 0 13.7 22 350 M M 8 30 10
4 35 17 26 -5 39 0 0.00 0.0 0 7.9 15 330 M M 1 8 21 330
5 54 21 38 7 27 0 0.34 0.0 0 10.0 25 190 M M 7 1 34 200
6 43 30 37 6 28 0 0.00 0.0 0 7.5 16 300 M M 6 1 22 310
7 32 22 27 -4 38 0 0.38 5.9 5 12.0 23 290 M M 8 128 32 320
8 31 14 23 -8 42 0 0.00 0.0 4 8.4 21 310 M M 0 27 320
9 45 15 30 -1 35 0 0.10 0.0 2 11.8 29 230 M M 8 43 220
10 41 20 31 1 34 0 T T 0 11.7 29 300 M M 6 39 320
11 21 10 16 -14 49 0 0.00 0.0 0 10.3 23 310 M M 1 33 300
12 42 9 26 -4 39 0 0.00 0.0 0 9.1 23 220 M M 2 26 230
13 48 27 38 8 27 0 0.00 0.0 0 3.4 12 170 M M 6 12 170
14 42 19 31 1 34 0 0.00 0.0 0 17.0 29 360 M M 7 128 38 360
15 20 7 14 -16 51 0 0.00 0.0 0 14.1 26 340 M M 2 34 350
16 31 5 18 -12 47 0 0.00 0.0 0 5.5 12 80 M M 5 15 350
17 49 31 40 10 25 0 1.18 1.0 0 16.8 36 100 M M 10 1 47 90
18 35 22 29 -1 36 0 T T 0 14.9 31 290 M M 3 42 290
19 48 17 33 3 32 0 0.00 0.0 0 10.3 30 210 M M 5 42 210
20 40 23 32 2 33 0 0.11 0.3 0 8.3 16 350 M M 8 1 23 360
21 24 13 19 -11 46 0 0.00 0.0 0 11.1 18 350 M M 5 22 360
22 30 14 22 -8 43 0 T T 0 8.9 18 360 M M 5 21 360
23 37 15 26 -4 39 0 T T 0 5.6 13 190 M M 7 16 260
24 35 23 29 -1 36 0 T T 0 4.1 12 30 M M 6 1 13 40
25 43 26 35 5 30 0 0.04 0.6 1 5.8 15 330 M M 8 1 21 330
26 29 13 21 -9 44 0 0.00 0.0 0 10.3 17 350 M M 1 26 340
27 28 7 18 -12 47 0 0.00 0.0 0 6.0 17 190 M M 2 23 200
28 35 21 28 -2 37 0 0.04 0.5 0 4.6 15 10 M M 10 18 20 10
29 30 11 21 -9 44 0 0.38 18.8 4 21.6 39 360 M M 10 129 65 20
30 23 5 14 -16 51 0 0.00 0.0 17 10.8 21 300 M M 2 9 30 290
31 29 2 16 -14 49 0 0.00 0.0 15 2.8 8 170 M M 4 9 160
================================================================================
SM 1144 562 1153 0 2.92 27.1 294.8 M 173
================================================================================
AV 36.9 18.1 9.5 FASTST M M 6 MAX(MPH)
MISC ----> 39 360 65 20
================================================================================
NOTES:
# LAST OF SEVERAL OCCURRENCES
COLUMN 17 PEAK WIND IN M.P.H.
PRELIMINARY LOCAL CLIMATOLOGICAL DATA (WS FORM: F-6) , PAGE 2
STATION: PROVIDENCE RI
MONTH: JANUARY
YEAR: 2022
LATITUDE: 41 43 N
LONGITUDE: 71 26 W
[TEMPERATURE DATA] [PRECIPITATION DATA] SYMBOLS USED IN COLUMN 16
AVERAGE MONTHLY: 27.5 TOTAL FOR MONTH: 2.92 1 = FOG OR MIST
DPTR FM NORMAL: -2.7 DPTR FM NORMAL: -1.04 2 = FOG REDUCING VISIBILITY
HIGHEST: 55 ON 2 GRTST 24HR 1.18 ON 17-17 TO 1/4 MILE OR LESS
LOWEST: 2 ON 31 3 = THUNDER
SNOW, ICE PELLETS, HAIL 4 = ICE PELLETS
TOTAL MONTH: 27.1 INCHES 5 = HAIL
GRTST 24HR 18.8 ON 29-29 6 = FREEZING RAIN OR DRIZZLE
GRTST DEPTH: 17 ON 30 7 = DUSTSTORM OR SANDSTORM:
VSBY 1/2 MILE OR LESS
8 = SMOKE OR HAZE
[NO. OF DAYS WITH] [WEATHER - DAYS WITH] 9 = BLOWING SNOW
X = TORNADO
MAX 32 OR BELOW: 12 0.01 INCH OR MORE: 10
MAX 90 OR ABOVE: 0 0.10 INCH OR MORE: 8
MIN 32 OR BELOW: 29 0.50 INCH OR MORE: 1
MIN 0 OR BELOW: 0 1.00 INCH OR MORE: 1
[HDD (BASE 65) ]
TOTAL THIS MO. 1153 CLEAR (SCALE 0-3) 9
DPTR FM NORMAL 74 PTCLDY (SCALE 4-7) 17
TOTAL FM JUL 1 2727 CLOUDY (SCALE 8-10) 5
DPTR FM NORMAL -288
[CDD (BASE 65) ]
TOTAL THIS MO. 0
DPTR FM NORMAL 0 [PRESSURE DATA]
TOTAL FM JAN 1 0 HIGHEST SLP 30.61 ON 8
DPTR FM NORMAL 0 LOWEST SLP 29.07 ON 17
[REMARKS]
#FINAL-01-22#