000
CXUS53 KLOT 011613
CLMPWK
CLIMATE REPORT
NATIONAL WEATHER SERVICE CHICAGO IL
1013 AM CST FRI MAR 01 2024
...................................
...THE CHICAGO EXECUTIVE AIRPORT CLIMATE SUMMARY FOR THE MONTH OF FEBRUARY 2024...
CLIMATE NORMAL PERIOD: 1991 TO 2020
CLIMATE RECORD PERIOD: 1996 TO 2024
WEATHER OBSERVED NORMAL DEPART LAST YEAR`S
VALUE DATE(S) VALUE FROM VALUE DATE(S)
NORMAL
................................................................
TEMPERATURE (F)
RECORD
HIGH 75 02/27/2024
LOW -12 02/28/2015
HIGHEST 75R 02/27 60 02/27
LOWEST 13 02/17 0 02/03
AVG. MAXIMUM 48.7 35.8 12.9 43.4
AVG. MINIMUM 27.6 21.2 6.4 25.2
MEAN 38.1 28.5 9.6 34.3
DAYS MAX >= 90 0 0.0 0.0 0
DAYS MAX <= 32 2 11.0 -9.0 4
DAYS MIN <= 32 23 24.6 -1.6 21
DAYS MIN <= 0 0 1.6 -1.6 1
PRECIPITATION (INCHES)
RECORD
MAXIMUM 3.44 2023
MINIMUM 0.06 2003
TOTALS 0.68 1.28 -0.60 3.44
DAILY AVG. 0.02 NAN NAN 0.12
DAYS >= .01 5 6.5 -1.5 8
DAYS >= .10 2 3.2 -1.2 5
DAYS >= .50 0 0.7 -0.7 3
DAYS >= 1.00 0 0.1 -0.1 1
GREATEST
24 HR. TOTAL 0.48 02/27 TO 02/28 1.10
DEGREE DAYS
HEATING TOTAL 773 1022 -249 854
SINCE 7/1 3845 4574 -729 MM
COOLING TOTAL 0 0 0 0
SINCE 1/1 0 0 0 MM
................................................................
WIND (MPH)
AVERAGE WIND SPEED 8.2
HIGHEST WIND SPEED/DIRECTION 30/320 DATE 02/15
HIGHEST GUST SPEED/DIRECTION 44/270 DATE 02/27
AVERAGE RH (PERCENT) 66
WEATHER CONDITIONS. NUMBER OF DAYS WITH
THUNDERSTORM 1 MIXED PRECIP 0
HEAVY RAIN 1 RAIN 2
LIGHT RAIN 3 FREEZING RAIN 0
LT FREEZING RAIN 0 HAIL 0
HEAVY SNOW 0 SNOW 0
LIGHT SNOW 2 SLEET 0
FOG 13 FOG W/VIS <= 1/4 MILE 1
HAZE 5
- INDICATES NEGATIVE NUMBERS.
R INDICATES RECORD WAS SET OR TIED.
MM INDICATES DATA IS MISSING.
T INDICATES TRACE AMOUNT.
$$