000
CXUS51 KGYX 022005
CF6PWM
PRELIMINARY LOCAL CLIMATOLOGICAL DATA (WS FORM: F-6)
STATION: PORTLAND ME
MONTH: OCTOBER
YEAR: 2021
LATITUDE: 43 39 N
LONGITUDE: 70 19 W
TEMPERATURE IN F: :PCPN: SNOW: WIND :SUNSHINE: SKY :PK WND
================================================================================
1 2 3 4 5 6A 6B 7 8 9 10 11 12 13 14 15 16 17 18
12Z AVG MX 2MIN
DY MAX MIN AVG DEP HDD CDD WTR SNW DPTH SPD SPD DIR MIN PSBL S-S WX SPD DR
================================================================================
1 63 41 52 -4 13 0 0.00 0.0 0 4.3 13 300 M M 4 17 290
2 58 46 52 -3 13 0 0.01 0.0 0 3.1 7 280 M M 9 8 230
3 57 54 56 1 9 0 0.03 0.0 0 5.3 10 40 M M 10 1 13 90
4 59 52 56 2 9 0 0.05 0.0 0 5.0 10 40 M M 10 1 13 40
5 63 49 56 2 9 0 T 0.0 0 3.5 12 40 M M 7 14 60
6 72 47 60 6 5 0 0.00 0.0 0 2.1 9 180 M M 4 11 190
7 71 48 60 7 5 0 0.00 0.0 0 2.0 12 200 M M 0 1 13 190
8 69 49 59 6 6 0 0.00 0.0 0 8.0 22 100 M M 2 1 29 110
9 58 44 51 -2 14 0 0.00 0.0 0 5.9 15 90 M M 8 19 90
10 61 44 53 1 12 0 T 0.0 0 2.5 12 150 M M 8 14 150
11 68 52 60 8 5 0 0.00 0.0 0 3.0 12 90 M M 7 14 90
12 75 48 62 10 3 0 0.00 0.0 0 2.5 10 190 M M 3 13 190
13 73 51 62 11 3 0 0.00 0.0 0 4.1 14 180 M M 2 1 17 200
14 76 50 63 12 2 0 0.00 0.0 0 3.9 15 20 M M 3 1 19 360
15 62 58 60 10 5 0 T 0.0 0 5.5 10 180 M M 10 14 150
16 68 61 65 15 0 0 1.20 0.0 0 10.4 21 180 M M 9 13 31 170
17 62 43 53 3 12 0 0.27 0.0 0 6.8 16 280 M M 7 1 21 290
18 58 42 50 0 15 0 T 0.0 0 7.1 18 340 M M 6 22 340
19 57 40 49 0 16 0 0.00 0.0 0 7.9 22 300 M M 4 28 310
20 65 42 54 5 11 0 0.00 0.0 0 4.4 15 300 M M 4 18 280
21 64 46 55 7 10 0 0.01 0.0 0 3.0 9 90 M M 6 1 12 200
22 71 48 60 12 5 0 0.01 0.0 0 5.6 16 280 M M 6 123 22 280
23 55 41 48 0 17 0 0.00 0.0 0 5.3 12 10 M M 8 16 20
24 56 32 44 -4 21 0 0.00 0.0 0 5.3 20 290 M M 2 25 280
25 46 42 44 -3 21 0 0.21 0.0 0 7.0 16 350 M M 9 1 22 20
26 50 44 47 0 18 0 1.00 0.0 0 14.5 26 10 M M 10 1 37 30
27 52 45 49 3 16 0 0.22 0.0 0 18.4 29 20 M M 10 1 42 20
28 53 35 44 -2 21 0 0.00 0.0 0 8.7 17 360 M M 4 23 360
29 52 35 44 -2 21 0 0.00 0.0 0 5.3 14 40 M M 3 19 40
30 55 44 50 4 15 0 2.78 0.0 0 13.0 24 80 M M 10 1 37 90
31 65 54 60 15 5 0 1.39 0.0 0 11.8 26 70 M M 8 13 37 70
================================================================================
SM 1914 1427 337 0 7.18 0.0 195.2 M 193
================================================================================
AV 61.7 46.0 6.3 FASTST M M 6 MAX(MPH)
MISC ----> 29 20 42 20
================================================================================
NOTES:
# LAST OF SEVERAL OCCURRENCES
COLUMN 17 PEAK WIND IN M.P.H.
PRELIMINARY LOCAL CLIMATOLOGICAL DATA (WS FORM: F-6) , PAGE 2
STATION: PORTLAND ME
MONTH: OCTOBER
YEAR: 2021
LATITUDE: 43 39 N
LONGITUDE: 70 19 W
[TEMPERATURE DATA] [PRECIPITATION DATA] SYMBOLS USED IN COLUMN 16
AVERAGE MONTHLY: 53.9 TOTAL FOR MONTH: 7.18 1 = FOG OR MIST
DPTR FM NORMAL: 3.6 DPTR FM NORMAL: 1.93 2 = FOG REDUCING VISIBILITY
HIGHEST: 76 ON 14 GRTST 24HR 4.13 ON 30-31 TO 1/4 MILE OR LESS
LOWEST: 32 ON 24 3 = THUNDER
SNOW, ICE PELLETS, HAIL 4 = ICE PELLETS
TOTAL MONTH: 0.0 INCH 5 = HAIL
GRTST 24HR 0.0 6 = FREEZING RAIN OR DRIZZLE
GRTST DEPTH: 0 7 = DUSTSTORM OR SANDSTORM:
VSBY 1/2 MILE OR LESS
8 = SMOKE OR HAZE
[NO. OF DAYS WITH] [WEATHER - DAYS WITH] 9 = BLOWING SNOW
X = TORNADO
MAX 32 OR BELOW: 0 0.01 INCH OR MORE: 12
MAX 90 OR ABOVE: 0 0.10 INCH OR MORE: 7
MIN 32 OR BELOW: 1 0.50 INCH OR MORE: 4
MIN 0 OR BELOW: 0 1.00 INCH OR MORE: 4
[HDD (BASE 65) ]
TOTAL THIS MO. 337 CLEAR (SCALE 0-3) 7
DPTR FM NORMAL -122 PTCLDY (SCALE 4-7) 14
TOTAL FM JUL 1 446 CLOUDY (SCALE 8-10) 10
DPTR FM NORMAL -186
[CDD (BASE 65) ]
TOTAL THIS MO. 0
DPTR FM NORMAL -2 [PRESSURE DATA]
TOTAL FM JAN 1 521 HIGHEST SLP 30.41 ON 9
DPTR FM NORMAL 75 LOWEST SLP 29.17 ON 31
[REMARKS]
#FINAL-10-21#