000
CXUS53 KMKX 010910
CF6RAC
PRELIMINARY LOCAL CLIMATOLOGICAL DATA (WS FORM: F-6)
STATION: RACINE WI
MONTH: NOVEMBER
YEAR: 2020
LATITUDE: 42 45 N
LONGITUDE: 87 49 W
TEMPERATURE IN F: :PCPN: SNOW: WIND :SUNSHINE: SKY :PK WND
================================================================================
1 2 3 4 5 6A 6B 7 8 9 10 11 12 13 14 15 16 17 18
12Z AVG MX 2MIN
DY MAX MIN AVG DEP HDD CDD WTR SNW DPTH SPD SPD DIR MIN PSBL S-S WX SPD DR
================================================================================
1 51 28 40 -6 25 0 0.00 0.0 0 15.4 30 310 M M 4 50 300
2 52 26 39 -6 26 0 0.00 0.0 0 9.6 22 240 M M 0 35 250
3 71 40 56 11 9 0 0.00 0.0 0 9.8 18 230 M M 0 29 240
4 72 53 63 19 2 0 0.00 0.0 0 11.8 21 230 M M 0 30 220
5 71 52 62 18 3 0 0.00 0.0 0 8.4 14 240 M M 0 21 230
6 75 49 62 19 3 0 0.00 0.0 0 8.4 18 220 M M 0 30 230
7 73 52 63 20 2 0 0.00 0.0 0 9.8 21 210 M M 0 30 220
8 64 47 56 14 9 0 0.00 0.0 0 7.8 16 170 M M 3 21 170
9 77 55 66 24 0 1 T 0.0 0 8.7 22 200 M M 3 33 220
10 74 39 57 15 8 0 M M 0 16.1 32 220 M M 6 138 56 210
11 46 34 40 -1 25 0 0.00 0.0 0 10.0 28 260 M M 3 39 250
12 51 34 43 3 22 0 0.00 0.0 0 8.6 17 170 M M 2 23 160
13 47 27 37 -3 28 0 0.00 0.0 0 8.5 21 320 M M 5 30 300
14 47 26 37 -3 28 0 0.00 0.0 0 15.7 29 160 M M 5 13 42 150
15 54 34 44 5 21 0 M M 0 17.5 31 260 M M 10 18 52 260
16 45 29 37 -2 28 0 0.00 M M 8.9 18 320 M M 5 29 290
17 40 26 33 -5 32 0 0.00 M M 9.8 24 320 M M 1 36 320
18 51 31 41 3 24 0 0.00 M M 13.1 25 210 M M 3 37 220
19 64 47 56 19 9 0 0.00 M M 16.1 29 230 M M 0 42 230
20 57 36 47 10 18 0 0.00 0.0 0 9.5 17 300 M M 0 25 250
21 44 30 37 1 28 0 0.00 0.0 0 3.2 8 100 M M 0 18 12 90
22 46 34 40 4 25 0 0.00 0.0 0 4.7 14 300 M M 5 19 310
23 45 32 39 4 26 0 0.00 M M 6.0 17 320 M M 2 25 300
24 43 34 39 4 26 0 0.10 M M 11.0 20 160 M M 10 1 29 140
25 45 42 44 10 21 0 0.60 M M 6.9 15 340 M M 10 1 20 40
26 47 40 44 10 21 0 0.00 M M 8.4 16 240 M M 9 27 240
27 45 30 38 5 27 0 0.00 M M 5.0 14 290 M M 5 22 250
28 51 27 39 6 26 0 0.00 M M 10.6 18 220 M M 0 27 240
29 49 36 43 11 22 0 0.00 M M 11.0 20 350 M M 3 27 230
30 36 28 32 0 33 0 0.00 M M 16.2 28 10 M M 10 38 10
================================================================================
SM 1633 1098 577 1 0.70 0.0 306.5 M 104
================================================================================
AV 54.4 36.6 10.2 FASTST M M 3 MAX(MPH)
MISC ----> 32 220 56 210
================================================================================
NOTES:
# LAST OF SEVERAL OCCURRENCES
COLUMN 17 PEAK WIND IN M.P.H.
PRELIMINARY LOCAL CLIMATOLOGICAL DATA (WS FORM: F-6) , PAGE 2
STATION: RACINE WI
MONTH: NOVEMBER
YEAR: 2020
LATITUDE: 42 45 N
LONGITUDE: 87 49 W
[TEMPERATURE DATA] [PRECIPITATION DATA] SYMBOLS USED IN COLUMN 16
AVERAGE MONTHLY: 45.5 TOTAL FOR MONTH: 0.70 1 = FOG OR MIST
DPTR FM NORMAL: 6.7 DPTR FM NORMAL: -1.93 2 = FOG REDUCING VISIBILITY
HIGHEST: 77 ON 9 GRTST 24HR 0.62 ON 24-25 TO 1/4 MILE OR LESS
LOWEST: 26 ON 17,14 3 = THUNDER
SNOW, ICE PELLETS, HAIL 4 = ICE PELLETS
TOTAL MONTH: 0.0 INCH 5 = HAIL
GRTST 24HR 0.0 6 = FREEZING RAIN OR DRIZZLE
GRTST DEPTH: 0 7 = DUSTSTORM OR SANDSTORM:
VSBY 1/2 MILE OR LESS
8 = SMOKE OR HAZE
[NO. OF DAYS WITH] [WEATHER - DAYS WITH] 9 = BLOWING SNOW
X = TORNADO
MAX 32 OR BELOW: 0 0.01 INCH OR MORE: 2
MAX 90 OR ABOVE: 0 0.10 INCH OR MORE: 2
MIN 32 OR BELOW: 12 0.50 INCH OR MORE: 1
MIN 0 OR BELOW: 0 1.00 INCH OR MORE: 0
[HDD (BASE 65) ]
TOTAL THIS MO. 577 CLEAR (SCALE 0-3) 17
DPTR FM NORMAL -209 PTCLDY (SCALE 4-7) 8
TOTAL FM JUL 1 1198 CLOUDY (SCALE 8-10) 5
DPTR FM NORMAL -159
[CDD (BASE 65) ]
TOTAL THIS MO. 1
DPTR FM NORMAL 1 [PRESSURE DATA]
TOTAL FM JAN 1 813 HIGHEST SLP 30.59 ON 21
DPTR FM NORMAL 232 LOWEST SLP 29.22 ON 15
[REMARKS]
#FINAL-11-20#