000
CXUS54 KFWD 010730
CF6RBD
PRELIMINARY LOCAL CLIMATOLOGICAL DATA (WS FORM: F-6)
STATION: DALLAS EXECUTIVE
MONTH: MARCH
YEAR: 2020
LATITUDE: 32 40 N
LONGITUDE: 96 52 W
TEMPERATURE IN F: :PCPN: SNOW: WIND :SUNSHINE: SKY :PK WND
================================================================================
1 2 3 4 5 6A 6B 7 8 9 10 11 12 13 14 15 16 17 18
12Z AVG MX 2MIN
DY MAX MIN AVG DEP HDD CDD WTR SNW DPTH SPD SPD DIR MIN PSBL S-S WX SPD DR
================================================================================
1 72 57 65 11 0 0 T 0.0 0 16.8 25 200 M M 5 42 200
2 71 59 65 11 0 0 0.00 0.0 0 8.6 18 190 M M 3 27 190
3 70 55 63 9 2 0 T 0.0 0 5.3 16 10 M M 4 19 10
4 60 50 55 1 10 0 1.10 0.0 0 12.7 26 60 M M 10 13 35 40
5 73 45 59 4 6 0 0.02 0.0 0 8.9 17 360 M M 1 24 340
6 67 41 54 -1 11 0 0.00 0.0 0 7.3 16 30 M M 0 24 360
7 62 47 55 0 10 0 0.00 0.0 0 10.0 20 140 M M 0 29 150
8 71 48 60 5 5 0 0.00 0.0 0 13.8 24 170 M M 6 34 200
9 73 61 67 11 0 2 0.04 0.0 0 14.4 23 170 M M 7 1 36 160
10 80 52 66 10 0 1 0.00 0.0 0 7.4 17 190 M M 1 22 190
11 85 67 76 20 0 11 0.00 0.0 0 12.1 18 200 M M 1 30 240
12 83 67 75 19 0 10 0.00 0.0 0 12.0 21 200 M M 2 31 200
13 73 62 68 11 0 3 0.36 0.0 0 7.8 17 110 M M 9 138 24 110
14 73 55 64 7 1 0 0.03 0.0 0 9.1 21 320 M M 9 1 27 320
15 59 52 56 -1 9 0 0.30 0.0 0 9.3 15 70 M M 9 13 20 340
16 69 53 61 3 4 0 0.51 0.0 0 7.3 17 100 M M 7 13 23 110
17 71 59 65 7 0 0 0.13 0.0 0 7.3 17 150 M M 9 1238 26 150
18 79 65 72 14 0 7 1.45 0.0 0 12.1 21 170 M M 7 13 30 210
19 79 63 71 13 0 6 0.58 0.0 0 14.9 32 290 M M 7 13 46 290
20 68 44 56 -2 9 0 0.25 0.0 0 11.2 25 310 M M 9 13 36 310
21 59 42 51 -8 14 0 0.27 0.0 0 8.9 29 110 M M 7 1 40 120
22 61 53 57 -2 8 0 0.07 0.0 0 4.8 10 160 M M 10 1 13 170
23 69 59 64 5 1 0 T 0.0 0 6.8 13 130 M M 10 12 18 130
24 86 62 74 14 0 9 0.00 0.0 0 10.6 22 290 M M 3 18 32 280
25 87 56 72 12 0 7 0.00 0.0 0 9.2 21 160 M M 0 29 170
26 82 66 74 14 0 9 0.00 0.0 0 12.9 22 170 M M 0 1 36 170
27 83 68 76 16 0 11 T 0.0 0 15.1 26 190 M M 4 38 190
28 76 55 66 6 0 1 0.80 0.0 0 10.2 26 340 M M 3 13 45 300
29 70 52 61 0 4 0 0.00 0.0 0 5.0 13 330 M M 2 16 350
30 64 55 60 -1 5 0 0.51 0.0 0 9.6 30 120 M M 10 13 40 110
31 67 52 60 -1 5 0 0.00 0.0 0 8.8 20 340 M M 6 1 30 330
================================================================================
SM 2242 1722 104 77 6.42 0.0 310.2 M 161
================================================================================
AV 72.3 55.6 10.0 FASTST M M 5 MAX(MPH)
MISC ----> # 32 290 # 46 290
================================================================================
NOTES:
# LAST OF SEVERAL OCCURRENCES
COLUMN 17 PEAK WIND IN M.P.H.
PRELIMINARY LOCAL CLIMATOLOGICAL DATA (WS FORM: F-6) , PAGE 2
STATION: DALLAS EXECUTIVE
MONTH: MARCH
YEAR: 2020
LATITUDE: 32 40 N
LONGITUDE: 96 52 W
[TEMPERATURE DATA] [PRECIPITATION DATA] SYMBOLS USED IN COLUMN 16
AVERAGE MONTHLY: 63.9 TOTAL FOR MONTH: 6.42 1 = FOG OR MIST
DPTR FM NORMAL: 6.5 DPTR FM NORMAL: 2.80 2 = FOG REDUCING VISIBILITY
HIGHEST: 87 ON 25 GRTST 24HR 1.45 ON 18-18 TO 1/4 MILE OR LESS
LOWEST: 41 ON 6 3 = THUNDER
SNOW, ICE PELLETS, HAIL 4 = ICE PELLETS
TOTAL MONTH: 0.0 INCH 5 = HAIL
GRTST 24HR 0.0 6 = FREEZING RAIN OR DRIZZLE
GRTST DEPTH: 0 7 = DUSTSTORM OR SANDSTORM:
VSBY 1/2 MILE OR LESS
8 = SMOKE OR HAZE
[NO. OF DAYS WITH] [WEATHER - DAYS WITH] 9 = BLOWING SNOW
X = TORNADO
MAX 32 OR BELOW: 0 0.01 INCH OR MORE: 15
MAX 90 OR ABOVE: 0 0.10 INCH OR MORE: 11
MIN 32 OR BELOW: 0 0.50 INCH OR MORE: 6
MIN 0 OR BELOW: 0 1.00 INCH OR MORE: 2
[HDD (BASE 65) ]
TOTAL THIS MO. 104 CLEAR (SCALE 0-3) 12
DPTR FM NORMAL -159 PTCLDY (SCALE 4-7) 10
TOTAL FM JUL 1 1748 CLOUDY (SCALE 8-10) 9
DPTR FM NORMAL -402
[CDD (BASE 65) ]
TOTAL THIS MO. 77
DPTR FM NORMAL 49 [PRESSURE DATA]
TOTAL FM JAN 1 91 HIGHEST SLP M ON M
DPTR FM NORMAL 55 LOWEST SLP 29.61 ON 27
[REMARKS]
#FINAL-03-20#