000
CXUS56 KSTO 090548
CF6RBL
PRELIMINARY LOCAL CLIMATOLOGICAL DATA (WS FORM: F-6)
STATION: RED BLUFF
MONTH: MARCH
YEAR: 2022
LATITUDE: 40 8 N
LONGITUDE: 122-15 E
TEMPERATURE IN F: :PCPN: SNOW: WIND :SUNSHINE: SKY :PK WND
================================================================================
1 2 3 4 5 6A 6B 7 8 9 10 11 12 13 14 15 16 17 18
12Z AVG MX 2MIN
DY MAX MIN AVG DEP HDD CDD WTR SNW DPTH SPD SPD DIR MIN PSBL S-S WX SPD DR
================================================================================
1 71 46 59 6 6 0 0.00 0.0 M 5.1 10 170 M M 0 11 180
2 72 45 59 6 6 0 0.00 0.0 M 5.1 15 180 M M 0 18 170
3 57 51 54 1 11 0 0.19 0.0 M 5.2 14 330 M M 8 1 19 320
4 63 45 54 1 11 0 0.00 M M 13.4 31 300 M M 3 42 290
5 62 36 49 -4 16 0 0.00 0.0 M 5.8 20 10 M M 5 25 10
6 67 34 51 -3 14 0 0.00 0.0 M 7.6 17 350 M M 0 22 320
7 72 43 58 4 7 0 0.00 0.0 M 11.5 25 350 M M 0 33 10
8 74 41 58 4 7 0 0.00 0.0 M 8.5 15 10 M M 0 19 360
9 73 47 60 6 5 0 0.00 M M 10.2 22 300 M M 0 31 280
10 69 41 55 1 10 0 0.00 M M 13.8 29 350 M M 0 37 360
11 71 37 54 0 11 0 0.00 M M 6.4 13 360 M M 0 8 16 360
12 72 35 54 0 11 0 T M M 12.1 28 160 M M 1 35 150
13 64 46 55 1 10 0 T M M 6.7 20 150 M M 2 30 150
14 71 44 58 4 7 0 T M M 9.0 20 150 M M 4 27 150
15 65 50 58 3 7 0 0.15 M M 3.7 15 160 M M 7 1 19 160
16 75 42 59 4 6 0 0.00 M M 8.4 14 350 M M 0 M M
17 71 45 58 3 7 0 0.00 0.0 M 5.8 13 160 M M 1 16 160
18 74 40 57 2 8 0 0.00 0.0 M 6.3 14 140 M M 0 16 150
19 61 45 53 -2 12 0 0.12 0.0 M 5.6 17 10 M M 4 22 10
20 71 40 56 1 9 0 0.00 M M 10.2 16 340 M M 1 28 360
21 81 49 65 10 0 0 0.00 M M 12.1 21 350 M M 0 27 350
22 88 56 72 17 0 7 0.00 0.0 M 7.8 17 350 M M 0 25 350
23 82 51 67 11 0 2 0.00 0.0 M 4.9 12 170 M M 0 16 150
24 83 51 67 11 0 2 0.00 0.0 M 4.8 10 160 M M 0 12 160
25 81 47 64 8 1 0 0.00 0.0 M 4.8 14 160 M M 0 18 190
26 80 47 64 8 1 0 0.00 0.0 M 6.3 16 170 M M 0 19 180
27 73 50 62 6 3 0 T 0.0 M 10.3 23 170 M M 1 29 170
28 65 50 58 2 7 0 0.29 M M 3.9 17 160 M M 7 1 22 150
29 79 45 62 6 3 0 0.00 M M 5.0 12 150 M M 0 16 160
30 66 49 58 2 7 0 0.00 0.0 M 5.1 12 180 M M 2 15 160
31 76 46 61 5 4 0 0.00 0.0 M 11.9 25 340 M M 0 32 340
================================================================================
SM 2229 1394 207 11 0.75 0.0 237.3 M 46
================================================================================
AV 71.9 45.0 7.7 FASTST M M 1 MAX(MPH)
MISC ----> 31 300 42 290
================================================================================
NOTES:
# LAST OF SEVERAL OCCURRENCES
COLUMN 17 PEAK WIND IN M.P.H.
PRELIMINARY LOCAL CLIMATOLOGICAL DATA (WS FORM: F-6) , PAGE 2
STATION: RED BLUFF
MONTH: MARCH
YEAR: 2022
LATITUDE: 40 8 N
LONGITUDE: 122-15 E
[TEMPERATURE DATA] [PRECIPITATION DATA] SYMBOLS USED IN COLUMN 16
AVERAGE MONTHLY: 58.4 TOTAL FOR MONTH: 0.75 1 = FOG OR MIST
DPTR FM NORMAL: 3.7 DPTR FM NORMAL: -2.16 2 = FOG REDUCING VISIBILITY
HIGHEST: 88 ON 22 GRTST 24HR 0.29 ON 27-28 TO 1/4 MILE OR LESS
LOWEST: 34 ON 6 3 = THUNDER
SNOW, ICE PELLETS, HAIL 4 = ICE PELLETS
TOTAL MONTH: 0.0 INCH 5 = HAIL
GRTST 24HR 0.0 6 = FREEZING RAIN OR DRIZZLE
GRTST DEPTH: M ON M 7 = DUSTSTORM OR SANDSTORM:
VSBY 1/2 MILE OR LESS
8 = SMOKE OR HAZE
[NO. OF DAYS WITH] [WEATHER - DAYS WITH] 9 = BLOWING SNOW
X = TORNADO
MAX 32 OR BELOW: 0 0.01 INCH OR MORE: 4
MAX 90 OR ABOVE: 0 0.10 INCH OR MORE: 4
MIN 32 OR BELOW: 0 0.50 INCH OR MORE: 0
MIN 0 OR BELOW: 0 1.00 INCH OR MORE: 0
[HDD (BASE 65) ]
TOTAL THIS MO. 207 CLEAR (SCALE 0-3) 25
DPTR FM NORMAL -115 PTCLDY (SCALE 4-7) 5
TOTAL FM JUL 1 2000 CLOUDY (SCALE 8-10) 1
DPTR FM NORMAL -274
[CDD (BASE 65) ]
TOTAL THIS MO. 11
DPTR FM NORMAL 8 [PRESSURE DATA]
TOTAL FM JAN 1 13 HIGHEST SLP 30.45 ON 7
DPTR FM NORMAL 10 LOWEST SLP 29.60 ON 27
[REMARKS]
#FINAL-03-22#