000
CXUS51 KPHI 012230
CLMRDG
CLIMATE REPORT
NATIONAL WEATHER SERVICE MOUNT HOLLY NJ
530 PM EST FRI DEC 01 2023
...................................
...THE READING PA CLIMATE SUMMARY FOR THE MONTH OF NOVEMBER 2023...
CLIMATE NORMAL PERIOD: 1991 TO 2020
CLIMATE RECORD PERIOD: 1869 TO 2023
WEATHER OBSERVED NORMAL DEPART LAST YEAR`S
VALUE DATE(S) VALUE FROM VALUE
NORMAL
..............................................................
TEMPERATURE (F)
RECORD
HIGH 84 11/01/1950
LOW 8 11/30/1976
HIGHEST 70 MM MM 79
LOWEST 21 MM MM 22
AVG. MAXIMUM 54.4 53.8 0.6 57.6
AVG. MINIMUM 33.0 35.4 -2.4 37.9
MEAN 43.7 44.6 -0.9 47.8
DAYS MAX >= 90 0 0.0 0.0 0
DAYS MAX <= 32 0 0.1 -0.1 0
DAYS MIN <= 32 17 12.0 5.0 10
DAYS MIN <= 0 0 0.0 0.0 0
PRECIPITATION (INCHES)
RECORD
MAXIMUM 8.83 1889
MINIMUM 0.36 1931
TOTALS 2.58 3.02 -0.44 2.58
DAILY AVG. 0.09 0.10 -0.01 0.09
DAYS >= .01 5 8.9 -3.9 10
DAYS >= .10 3 5.2 -2.2 7
DAYS >= .50 2 2.0 0.0 2
DAYS >= 1.00 1 0.6 0.4 0
GREATEST
24 HR. TOTAL 1.73 11/21 TO 11/22 0.76
DEGREE DAYS
HEATING TOTAL 632 612 20 516
SINCE 7/1 906 996 -90 MM
COOLING TOTAL 0 0 0 9
SINCE 1/1 1118 1054 64 MM
..............................................................
WIND (MPH)
AVERAGE WIND SPEED 5.5
HIGHEST WIND SPEED/DIRECTION 30/290 DATE 11/28
HIGHEST GUST SPEED/DIRECTION 40/270 DATE 11/28
SKY COVER
POSSIBLE SUNSHINE (PERCENT) MM
AVERAGE SKY COVER 0.27
NUMBER OF DAYS FAIR 18
NUMBER OF DAYS PC 10
NUMBER OF DAYS CLOUDY 2
AVERAGE RH (PERCENT) 62
WEATHER CONDITIONS. NUMBER OF DAYS WITH
THUNDERSTORM 0 MIXED PRECIP 0
HEAVY RAIN 3 RAIN 3
LIGHT RAIN 6 FREEZING RAIN 0
LT FREEZING RAIN 0 HEAVY SNOW 0
SNOW 0 LIGHT SNOW 1
SLEET 0 FOG 18
FOG W/VIS <= 1/4 MILE 2 HAZE 5
- INDICATES NEGATIVE NUMBERS.
R INDICATES RECORD WAS SET OR TIED.
MM INDICATES DATA IS MISSING.
T INDICATES TRACE AMOUNT.
$$