000
CXUS52 KRAH 012150 RRA
CLSRDU
CLIMATE REPORT
NATIONAL WEATHER SERVICE RALEIGH NC
550 PM EDT THU SEP 01 2022
...................................
...THE RALEIGH NC CLIMATE SUMMARY FOR THE SEASON, FROM
6/1/2022 TO 8/31/2022...
CLIMATE NORMAL PERIOD 1991 TO 2020
CLIMATE RECORD PERIOD 1887 TO 2022
WEATHER OBSERVED NORMAL DEPART LAST YEAR`S
VALUE DATE(S) VALUE FROM VALUE
NORMAL
..............................................................
TEMPERATURE (F)
RECORD
HIGH 105 07/08/2012
06/30/2012
06/29/2012
LOW 38 06/08/1977
HIGHEST 102 07/06
07/07
LOWEST 55 06/19
06/20
AVG. MAXIMUM 91.2 88.9 2.3
AVG. MINIMUM 69.6 68.4 1.2
MEAN 80.4 78.7 1.7
DAYS MAX >= 90 63 44.4 18.6
DAYS MAX <= 32 0 0.0 0.0
DAYS MIN <= 32 0 0.0 0.0
DAYS MIN <= 0 0 0.0 0.0
PRECIPITATION (INCHES)
RECORD
MAXIMUM 23.13 1887
MINIMUM 4.21 1993
TOTALS 10.99 13.62 -2.63
DAYS >= .01 31 33.6 -2.6
DAYS >= 1.00 1 3.8 -2.8
GREATEST
24 HR. TOTAL 2.97 0715-07/16
DEGREE DAYS
COOLING TOTAL 1441 1262 179
SINCE 1/1 1778 1496 282
..............................................................
WIND (MPH)
AVERAGE WIND SPEED 5.6
HIGHEST WIND SPEED/DIRECTION 36/230 DATE 07/18
HIGHEST GUST SPEED/DIRECTION 46/230 DATE 07/18
SKY COVER
POSSIBLE SUNSHINE (PERCENT) MM
AVERAGE SKY COVER 0.66
NUMBER OF DAYS FAIR 5
NUMBER OF DAYS PC 56
NUMBER OF DAYS CLOUDY 31
AVERAGE RH (PERCENT) 72
WEATHER CONDITIONS. NUMBER OF DAYS WITH
THUNDERSTORM 30 MIXED PRECIP 0
HEAVY RAIN 13 RAIN 21
LIGHT RAIN 35 FREEZING RAIN 0
LT FREEZING RAIN 0 HAIL 0
HEAVY SNOW 0 SNOW 0
LIGHT SNOW 0 SLEET 0
FOG 38 FOG W/VIS <= 1/4 MILE 2
HAZE 0
- INDICATES NEGATIVE NUMBERS.
R INDICATES RECORD WAS SET OR TIED.
MM INDICATES DATA IS MISSING.
T INDICATES TRACE AMOUNT.
&&
JUNE-JULY-AUGUST(JJA)2022 WAS THE 3RD WARMEST ON RECORD.
JUNE-JULY-AUGUST(JJA)2022 WAS THE 30TH DRIEST ON RECORD.
$$