000
CDUS43 KLOT 290638
CLIRFD


CLIMATE REPORT
NATIONAL WEATHER SERVICE CHICAGO IL
136 AM CDT MON SEP 29 2014


...................................

...THE ROCKFORD IL CLIMATE SUMMARY FOR SEPTEMBER 28 2014...

CLIMATE NORMAL PERIOD 1981 TO 2010
CLIMATE RECORD PERIOD 1905 TO 2014


WEATHER ITEM   OBSERVED TIME   RECORD YEAR NORMAL DEPARTURE LAST
                VALUE   (LST)  VALUE       VALUE  FROM      YEAR
                                                  NORMAL
..................................................................
TEMPERATURE (F)
 YESTERDAY
  MAXIMUM         83    249 PM  91    1952  70     13       84
  MINIMUM         54    627 AM  24    1942  47      7       53
  AVERAGE         69                        58     11       69

PRECIPITATION (IN)
  YESTERDAY        0.00          2.15 1999   0.10  -0.10     0.07
  MONTH TO DATE    2.00                      3.15  -1.15     1.61
  SINCE SEP 1      2.00                      3.15  -1.15     1.61
  SINCE JAN 1     28.25                     28.81  -0.56    33.61

SNOWFALL (IN)
  YESTERDAY        0.0           0.0    MM   0.0    0.0      0.0
  MONTH TO DATE    0.0                       0.0    0.0      0.0
  SINCE SEP 1      0.0                       0.0    0.0      0.0
  SINCE JUL 1      T                         0.0    0.0      0.0
  SNOW DEPTH       0

DEGREE DAYS
 HEATING
  YESTERDAY        0                         8     -8        0
  MONTH TO DATE  120                       100     20       62
  SINCE SEP 1    120                       100     20       62
  SINCE JUL 1    130                       114     16       73

 COOLING
  YESTERDAY        4                         1      3        4
  MONTH TO DATE   66                        82    -16      125
  SINCE SEP 1     66                        82    -16      125
  SINCE JAN 1    722                       809    -87      874
..................................................................


WIND (MPH)
  HIGHEST WIND SPEED     9   HIGHEST WIND DIRECTION    NE (30)
  HIGHEST GUST SPEED    12   HIGHEST GUST DIRECTION    NW (300)
  AVERAGE WIND SPEED     1.1


SKY COVER
  POSSIBLE SUNSHINE  MM
  AVERAGE SKY COVER 0.4


WEATHER CONDITIONS
 THE FOLLOWING WEATHER WAS RECORDED YESTERDAY.
  FOG


RELATIVE HUMIDITY (PERCENT)
 HIGHEST    93           600 AM
 LOWEST     40           300 PM
 AVERAGE    67

..........................................................


THE ROCKFORD IL CLIMATE NORMALS FOR TODAY
                         NORMAL    RECORD    YEAR
 MAXIMUM TEMPERATURE (F)   70        94      1953
 MINIMUM TEMPERATURE (F)   46        28      1949


SUNRISE AND SUNSET
SEPTEMBER 29 2014.....SUNRISE   651 AM CDT   SUNSET   641 PM CDT
SEPTEMBER 30 2014.....SUNRISE   652 AM CDT   SUNSET   640 PM CDT


-  INDICATES NEGATIVE NUMBERS.
R  INDICATES RECORD WAS SET OR TIED.
MM INDICATES DATA IS MISSING.
T  INDICATES TRACE AMOUNT.




$$
