000
CDUS43 KLOT 050637
CLIRFD


CLIMATE REPORT
NATIONAL WEATHER SERVICE CHICAGO IL
134 AM CDT SUN JUL 5 2015


...................................

...THE ROCKFORD IL CLIMATE SUMMARY FOR JULY 4 2015...

CLIMATE NORMAL PERIOD 1981 TO 2010
CLIMATE RECORD PERIOD 1905 TO 2015


WEATHER ITEM   OBSERVED TIME   RECORD YEAR NORMAL DEPARTURE LAST
                VALUE   (LST)  VALUE       VALUE  FROM      YEAR
                                                  NORMAL
..................................................................
TEMPERATURE (F)
 YESTERDAY
  MAXIMUM         82    345 PM 102    2012  85     -3       79
  MINIMUM         57    504 AM  46    1967  63     -6       52
                                      1924
  AVERAGE         70                        74     -4       66

PRECIPITATION (IN)
  YESTERDAY        0.00          1.36 1973   0.12  -0.12     0.00
  MONTH TO DATE    0.00                      0.49  -0.49     0.09
  SINCE JUN 1      4.64                      5.14  -0.50     8.15
  SINCE JAN 1     15.83                     17.61  -1.78    18.12

SNOWFALL (IN)
  YESTERDAY        0.0           0.0    MM   0.0    0.0      0.0
  MONTH TO DATE    0.0                       0.0    0.0      0.0
  SINCE JUN 1      0.0                       0.0    0.0      0.0
  SINCE JUL 1      0.0                       0.0    0.0      0.0
  SNOW DEPTH       0

DEGREE DAYS
 HEATING
  YESTERDAY        0                         0      0        0
  MONTH TO DATE    2                         0      2        3
  SINCE JUN 1     18                        31    -13       14
  SINCE JUL 1      2                         0      2        3

 COOLING
  YESTERDAY        5                         9     -4        1
  MONTH TO DATE    8                        36    -28       10
  SINCE JUN 1    160                       211    -51      205
  SINCE JAN 1    220                       266    -46      288
..................................................................


WIND (MPH)
  HIGHEST WIND SPEED     9   HIGHEST WIND DIRECTION     W (260)
  HIGHEST GUST SPEED    13   HIGHEST GUST DIRECTION     S (200)
  AVERAGE WIND SPEED     2.3


SKY COVER
  POSSIBLE SUNSHINE  MM
  AVERAGE SKY COVER 0.1


WEATHER CONDITIONS
 THE FOLLOWING WEATHER WAS RECORDED YESTERDAY.
  FOG
  HAZE


RELATIVE HUMIDITY (PERCENT)
 HIGHEST    93           500 AM
 LOWEST     49           500 PM
 AVERAGE    71

..........................................................


THE ROCKFORD IL CLIMATE NORMALS FOR TODAY
                         NORMAL    RECORD    YEAR
 MAXIMUM TEMPERATURE (F)   85       102      2012
 MINIMUM TEMPERATURE (F)   63        43      1967


SUNRISE AND SUNSET
JULY  5 2015..........SUNRISE   526 AM CDT   SUNSET   835 PM CDT
JULY  6 2015..........SUNRISE   527 AM CDT   SUNSET   835 PM CDT


-  INDICATES NEGATIVE NUMBERS.
R  INDICATES RECORD WAS SET OR TIED.
MM INDICATES DATA IS MISSING.
T  INDICATES TRACE AMOUNT.




$$
