000
CDUS43 KLOT 010639
CLIRFD


CLIMATE REPORT
NATIONAL WEATHER SERVICE CHICAGO IL
139 AM CDT WED JUL 1 2015


...................................

...THE ROCKFORD IL CLIMATE SUMMARY FOR JUNE 30 2015...

CLIMATE NORMAL PERIOD 1981 TO 2010
CLIMATE RECORD PERIOD 1905 TO 2015


WEATHER ITEM   OBSERVED TIME   RECORD YEAR NORMAL DEPARTURE LAST
                VALUE   (LST)  VALUE       VALUE  FROM      YEAR
                                                  NORMAL
..................................................................
TEMPERATURE (F)
 YESTERDAY
  MAXIMUM         77    507 PM 102    1931  84     -7       86
  MINIMUM         60    501 AM  42    1943  62     -2       65
  AVERAGE         69                        73     -4       76

PRECIPITATION (IN)
  YESTERDAY        0.00          1.47 1977   0.13  -0.13     1.32
  MONTH TO DATE    4.64                      4.65  -0.01     8.06
  SINCE JUN 1      4.64                      4.65  -0.01     8.06
  SINCE JAN 1     15.83                     17.12  -1.29    18.03

SNOWFALL (IN)
  YESTERDAY        0.0           0.0    MM   0.0    0.0      0.0
  MONTH TO DATE    0.0                       0.0    0.0      0.0
  SINCE JUN 1      0.0                       0.0    0.0      0.0
  SINCE JUL 1     35.5                      36.7   -1.2     56.9
  SNOW DEPTH       0

DEGREE DAYS
 HEATING
  YESTERDAY        0                         0      0        0
  MONTH TO DATE   16                        29    -13       11
  SINCE JUN 1     16                        31    -15       11
  SINCE JUL 1   6973                      6569    404     7680

 COOLING
  YESTERDAY        4                         8     -4       11
  MONTH TO DATE  152                       175    -23      195
  SINCE JUN 1    152                       175    -23      195
  SINCE JAN 1    212                       230    -18      278
..................................................................


WIND (MPH)
  HIGHEST WIND SPEED    15   HIGHEST WIND DIRECTION     N (360)
  HIGHEST GUST SPEED    18   HIGHEST GUST DIRECTION     N (10)
  AVERAGE WIND SPEED     7.2


SKY COVER
  POSSIBLE SUNSHINE  MM
  AVERAGE SKY COVER 0.6


WEATHER CONDITIONS
 THE FOLLOWING WEATHER WAS RECORDED YESTERDAY.
  FOG
  HAZE


RELATIVE HUMIDITY (PERCENT)
 HIGHEST    93           100 AM
 LOWEST     58           300 PM
 AVERAGE    76

..........................................................


THE ROCKFORD IL CLIMATE NORMALS FOR TODAY
                         NORMAL    RECORD    YEAR
 MAXIMUM TEMPERATURE (F)   84       101      1931
 MINIMUM TEMPERATURE (F)   63        45      1924


SUNRISE AND SUNSET
JULY  1 2015..........SUNRISE   524 AM CDT   SUNSET   836 PM CDT
JULY  2 2015..........SUNRISE   524 AM CDT   SUNSET   836 PM CDT


-  INDICATES NEGATIVE NUMBERS.
R  INDICATES RECORD WAS SET OR TIED.
MM INDICATES DATA IS MISSING.
T  INDICATES TRACE AMOUNT.




$$
