000
CDUS43 KLOT 280632
CLIRFD


CLIMATE REPORT
NATIONAL WEATHER SERVICE CHICAGO IL
131 AM CDT SAT MAY 28 2016


...................................

...THE ROCKFORD IL CLIMATE SUMMARY FOR MAY 27 2016...

CLIMATE NORMAL PERIOD 1981 TO 2010
CLIMATE RECORD PERIOD 1905 TO 2016


WEATHER ITEM   OBSERVED TIME   RECORD YEAR NORMAL DEPARTURE LAST
                VALUE   (LST)  VALUE       VALUE  FROM      YEAR
                                                  NORMAL
..................................................................
TEMPERATURE (F)
 YESTERDAY
  MAXIMUM         82   1228 PM  99    2012  75      7       77
  MINIMUM         68    550 AM  30    1992  52     16       59
  AVERAGE         75                        64     11       68

PRECIPITATION (IN)
  YESTERDAY        0.09          2.78 1909   0.14  -0.05     0.01
  MONTH TO DATE    2.55                      3.43  -0.88     4.32
  SINCE MAR 1      9.46                      9.10   0.36     8.74
  SINCE JAN 1     10.99                     11.88  -0.89    10.66

SNOWFALL (IN)
  YESTERDAY        0.0           0.0    MM   0.0    0.0      0.0
  MONTH TO DATE    0.0                       0.0    0.0       T
  SINCE MAR 1      2.8                       5.7   -2.9      7.6
  SINCE JUL 1     24.0                      36.7  -12.7     35.5
  SNOW DEPTH       0

DEGREE DAYS
 HEATING
  YESTERDAY        0                         4     -4        0
  MONTH TO DATE  199                       187     12      142
  SINCE MAR 1   1349                      1525   -176     1492
  SINCE JUL 1   5535                      6527   -992     6938

 COOLING
  YESTERDAY       10                         2      8        3
  MONTH TO DATE   42                        35      7       48
  SINCE MAR 1     49                        43      6       48
  SINCE JAN 1     49                        43      6       48
..................................................................


WIND (MPH)
  HIGHEST WIND SPEED    28   HIGHEST WIND DIRECTION     S (190)
  HIGHEST GUST SPEED    41   HIGHEST GUST DIRECTION     S (190)
  AVERAGE WIND SPEED    11.3


SKY COVER
  POSSIBLE SUNSHINE  MM
  AVERAGE SKY COVER 0.9


WEATHER CONDITIONS
 THE FOLLOWING WEATHER WAS RECORDED YESTERDAY.
  LIGHT RAIN


RELATIVE HUMIDITY (PERCENT)
 HIGHEST    87           100 AM
 LOWEST     54           100 PM
 AVERAGE    71

..........................................................


THE ROCKFORD IL CLIMATE NORMALS FOR TODAY
                         NORMAL    RECORD    YEAR
 MAXIMUM TEMPERATURE (F)   76        93      2006
                                             1991
 MINIMUM TEMPERATURE (F)   52        36      1992
                                             1949


SUNRISE AND SUNSET
MAY 28 2016...........SUNRISE   525 AM CDT   SUNSET   823 PM CDT
MAY 29 2016...........SUNRISE   524 AM CDT   SUNSET   824 PM CDT


-  INDICATES NEGATIVE NUMBERS.
R  INDICATES RECORD WAS SET OR TIED.
MM INDICATES DATA IS MISSING.
T  INDICATES TRACE AMOUNT.




$$
