000
CDUS43 KLOT 090636
CLIRFD


CLIMATE REPORT
NATIONAL WEATHER SERVICE CHICAGO IL
135 AM CDT WED JUL 9 2014


...................................

...THE ROCKFORD IL CLIMATE SUMMARY FOR JULY 8 2014...

CLIMATE NORMAL PERIOD 1981 TO 2010
CLIMATE RECORD PERIOD 1905 TO 2014


WEATHER ITEM   OBSERVED TIME   RECORD YEAR NORMAL DEPARTURE LAST
                VALUE   (LST)  VALUE       VALUE  FROM      YEAR
                                                  NORMAL
..................................................................
TEMPERATURE (F)
 YESTERDAY
  MAXIMUM         81    142 PM 104    1936  85     -4       88
  MINIMUM         63   1159 PM  46    1927  63      0       71
  AVERAGE         72                        74     -2       80

PRECIPITATION (IN)
  YESTERDAY        0.44          4.99 1951   0.13   0.31     0.75
  MONTH TO DATE    0.91                      1.00  -0.09     0.75
  SINCE JUN 1      8.97                      5.65   3.32     8.47
  SINCE JAN 1     18.94                     18.12   0.82    27.91

SNOWFALL (IN)
  YESTERDAY        0.0           0.0    MM   0.0    0.0      0.0
  MONTH TO DATE    0.0                       0.0    0.0      0.0
  SINCE JUN 1      0.0                       0.0    0.0      0.0
  SINCE JUL 1      0.0                       0.0    0.0      0.0
  SNOW DEPTH       0

DEGREE DAYS
 HEATING
  YESTERDAY        0                         0      0        0
  MONTH TO DATE    3                         0      3        0
  SINCE JUN 1     14                        31    -17       34
  SINCE JUL 1      3                         0      3        0

 COOLING
  YESTERDAY        7                         9     -2       15
  MONTH TO DATE   40                        72    -32       56
  SINCE JUN 1    235                       247    -12      225
  SINCE JAN 1    318                       302     16      317
..................................................................


WIND (MPH)
  HIGHEST WIND SPEED    23   HIGHEST WIND DIRECTION     W (290)
  HIGHEST GUST SPEED    29   HIGHEST GUST DIRECTION     W (290)
  AVERAGE WIND SPEED    11.5


SKY COVER
  POSSIBLE SUNSHINE  MM
  AVERAGE SKY COVER 0.6


WEATHER CONDITIONS
 THE FOLLOWING WEATHER WAS RECORDED YESTERDAY.
  THUNDERSTORM
  HEAVY RAIN
  LIGHT RAIN
  FOG


RELATIVE HUMIDITY (PERCENT)
 HIGHEST    87           500 AM
 LOWEST     45           300 PM
 AVERAGE    66

..........................................................


THE ROCKFORD IL CLIMATE NORMALS FOR TODAY
                         NORMAL    RECORD    YEAR
 MAXIMUM TEMPERATURE (F)   85       101      1936
 MINIMUM TEMPERATURE (F)   63        50      1918


SUNRISE AND SUNSET
JULY  9 2014..........SUNRISE   529 AM CDT   SUNSET   834 PM CDT
JULY 10 2014..........SUNRISE   530 AM CDT   SUNSET   834 PM CDT


-  INDICATES NEGATIVE NUMBERS.
R  INDICATES RECORD WAS SET OR TIED.
MM INDICATES DATA IS MISSING.
T  INDICATES TRACE AMOUNT.




$$
