000
CDUS43 KLOT 300636
CLIRFD


CLIMATE REPORT
NATIONAL WEATHER SERVICE CHICAGO IL
135 AM CDT SUN AUG 30 2015


...................................

...THE ROCKFORD IL CLIMATE SUMMARY FOR AUGUST 29 2015...

CLIMATE NORMAL PERIOD 1981 TO 2010
CLIMATE RECORD PERIOD 1905 TO 2015


WEATHER ITEM   OBSERVED TIME   RECORD YEAR NORMAL DEPARTURE LAST
                VALUE   (LST)  VALUE       VALUE  FROM      YEAR
                                                  NORMAL
..................................................................
TEMPERATURE (F)
 YESTERDAY
  MAXIMUM         72    500 PM  98    1948  81     -9       85
  MINIMUM         62    354 AM  39    1934  59      3       66
  AVERAGE         67                        70     -3       76

PRECIPITATION (IN)
  YESTERDAY        1.42R         1.37 1956   0.13   1.29     0.18
  MONTH TO DATE    5.20                      4.31   0.89     5.73
  SINCE JUN 1     13.34                     12.91   0.43    16.25
  SINCE JAN 1     24.53                     25.38  -0.85    26.22

SNOWFALL (IN)
  YESTERDAY        0.0           0.0    MM   0.0    0.0      0.0
  MONTH TO DATE    0.0                       0.0    0.0       T
  SINCE JUN 1      0.0                       0.0    0.0       T
  SINCE JUL 1      0.0                       0.0    0.0       T
  SNOW DEPTH       0

DEGREE DAYS
 HEATING
  YESTERDAY        0                         1     -1        0
  MONTH TO DATE    5                         4      1        0
  SINCE JUN 1     26                        38    -12       21
  SINCE JUL 1     10                         7      3       10

 COOLING
  YESTERDAY        2                         6     -4       11
  MONTH TO DATE  189                       212    -23      214
  SINCE JUN 1    582                       661    -79      556
  SINCE JAN 1    642                       716    -74      639
..................................................................


WIND (MPH)
  HIGHEST WIND SPEED    17   HIGHEST WIND DIRECTION     S (160)
  HIGHEST GUST SPEED    22   HIGHEST GUST DIRECTION     S (160)
  AVERAGE WIND SPEED     6.8


SKY COVER
  POSSIBLE SUNSHINE  MM
  AVERAGE SKY COVER 1.0


WEATHER CONDITIONS
 THE FOLLOWING WEATHER WAS RECORDED YESTERDAY.
  THUNDERSTORM
  HEAVY RAIN
  RAIN
  LIGHT RAIN
  FOG
  HAZE


RELATIVE HUMIDITY (PERCENT)
 HIGHEST    93          1200 AM
 LOWEST     79           300 PM
 AVERAGE    86

..........................................................


THE ROCKFORD IL CLIMATE NORMALS FOR TODAY
                         NORMAL    RECORD    YEAR
 MAXIMUM TEMPERATURE (F)   81        99      1953
 MINIMUM TEMPERATURE (F)   59        35      1915


SUNRISE AND SUNSET
AUGUST 30 2015........SUNRISE   619 AM CDT   SUNSET   734 PM CDT
AUGUST 31 2015........SUNRISE   620 AM CDT   SUNSET   732 PM CDT


-  INDICATES NEGATIVE NUMBERS.
R  INDICATES RECORD WAS SET OR TIED.
MM INDICATES DATA IS MISSING.
T  INDICATES TRACE AMOUNT.




$$
