000
CDUS43 KLOT 140647
CLIRFD


CLIMATE REPORT
NATIONAL WEATHER SERVICE CHICAGO IL
146 AM CDT MON APR 14 2014


...................................

...THE ROCKFORD IL CLIMATE SUMMARY FOR APRIL 13 2014...

CLIMATE NORMAL PERIOD 1981 TO 2010
CLIMATE RECORD PERIOD 1905 TO 2014


WEATHER ITEM   OBSERVED TIME   RECORD YEAR NORMAL DEPARTURE LAST
                VALUE   (LST)  VALUE       VALUE  FROM      YEAR
                                                  NORMAL
..................................................................
TEMPERATURE (F)
 YESTERDAY
  MAXIMUM         65    103 AM  83    2006  60      5       47
  MINIMUM         47   1159 PM  18    1950  37     10       33
  AVERAGE         56                        48      8       40

PRECIPITATION (IN)
  YESTERDAY        1.21R         1.13 1952   0.12   1.09      T
  MONTH TO DATE    1.49                      1.43   0.06     2.60
  SINCE MAR 1      2.52                      3.75  -1.23     4.89
  SINCE JAN 1      6.26                      6.53  -0.27    10.96

SNOWFALL (IN)
  YESTERDAY        0.0           0.3  2006   0.0    0.0       T
  MONTH TO DATE    T                         0.6   -0.6       T
  SINCE MAR 1      9.1                       5.4    3.7     13.9
  SINCE JUL 1     56.6                      36.4   20.2     40.5
  SNOW DEPTH       0

DEGREE DAYS
 HEATING
  YESTERDAY        9                        17     -8       25
  MONTH TO DATE  223                       247    -24      292
  SINCE MAR 1   1315                      1109    206     1384
  SINCE JUL 1   7207                      6111   1096     6121

 COOLING
  YESTERDAY        0                         0      0        0
  MONTH TO DATE    0                         0      0        0
  SINCE MAR 1      0                         0      0        0
  SINCE JAN 1      0                         0      0        0
..................................................................


WIND (MPH)
  HIGHEST WIND SPEED    23   HIGHEST WIND DIRECTION    SW (210)
  HIGHEST GUST SPEED    35   HIGHEST GUST DIRECTION    SW (210)
  AVERAGE WIND SPEED    10.2


SKY COVER
  POSSIBLE SUNSHINE  MM
  AVERAGE SKY COVER 1.0


WEATHER CONDITIONS
 THE FOLLOWING WEATHER WAS RECORDED YESTERDAY.
  THUNDERSTORM
  HEAVY RAIN
  RAIN
  LIGHT RAIN
  FOG
  HAZE


RELATIVE HUMIDITY (PERCENT)
 HIGHEST    96           800 PM
 LOWEST     67          1200 AM
 AVERAGE    82

..........................................................


THE ROCKFORD IL CLIMATE NORMALS FOR TODAY
                         NORMAL    RECORD    YEAR
 MAXIMUM TEMPERATURE (F)   60        85      2003
 MINIMUM TEMPERATURE (F)   38        21      1957
                                             1907


SUNRISE AND SUNSET
APRIL 14 2014.........SUNRISE   617 AM CDT   SUNSET   737 PM CDT
APRIL 15 2014.........SUNRISE   616 AM CDT   SUNSET   738 PM CDT


-  INDICATES NEGATIVE NUMBERS.
R  INDICATES RECORD WAS SET OR TIED.
MM INDICATES DATA IS MISSING.
T  INDICATES TRACE AMOUNT.




$$
