000
CDUS43 KLOT 280639
CLIRFD


CLIMATE REPORT
NATIONAL WEATHER SERVICE CHICAGO IL
137 AM CDT SUN SEP 28 2014


...................................

...THE ROCKFORD IL CLIMATE SUMMARY FOR SEPTEMBER 27 2014...

CLIMATE NORMAL PERIOD 1981 TO 2010
CLIMATE RECORD PERIOD 1905 TO 2014


WEATHER ITEM   OBSERVED TIME   RECORD YEAR NORMAL DEPARTURE LAST
                VALUE   (LST)  VALUE       VALUE  FROM      YEAR
                                                  NORMAL
..................................................................
TEMPERATURE (F)
 YESTERDAY
  MAXIMUM         83    228 PM  89    1954  71     12       82
  MINIMUM         57    258 AM  29    1942  47     10       51
  AVERAGE         70                        59     11       67

PRECIPITATION (IN)
  YESTERDAY        0.00          2.00 1999   0.10  -0.10     0.00
  MONTH TO DATE    2.00                      3.05  -1.05     1.54
  SINCE SEP 1      2.00                      3.05  -1.05     1.54
  SINCE JAN 1     28.25                     28.71  -0.46    33.54

SNOWFALL (IN)
  YESTERDAY        0.0           0.0    MM   0.0    0.0      0.0
  MONTH TO DATE    0.0                       0.0    0.0      0.0
  SINCE SEP 1      0.0                       0.0    0.0      0.0
  SINCE JUL 1      T                         0.0    0.0      0.0
  SNOW DEPTH       0

DEGREE DAYS
 HEATING
  YESTERDAY        0                         7     -7        0
  MONTH TO DATE  120                        92     28       62
  SINCE SEP 1    120                        92     28       62
  SINCE JUL 1    130                       106     24       73

 COOLING
  YESTERDAY        5                         1      4        2
  MONTH TO DATE   62                        81    -19      121
  SINCE SEP 1     62                        81    -19      121
  SINCE JAN 1    718                       808    -90      870
..................................................................


WIND (MPH)
  HIGHEST WIND SPEED    13   HIGHEST WIND DIRECTION     E (100)
  HIGHEST GUST SPEED    17   HIGHEST GUST DIRECTION     E (110)
  AVERAGE WIND SPEED     3.6


SKY COVER
  POSSIBLE SUNSHINE  MM
  AVERAGE SKY COVER 0.7


WEATHER CONDITIONS
 THE FOLLOWING WEATHER WAS RECORDED YESTERDAY.
  NO SIGNIFICANT WEATHER WAS OBSERVED.


RELATIVE HUMIDITY (PERCENT)
 HIGHEST    80           200 AM
 LOWEST     37           100 PM
 AVERAGE    59

..........................................................


THE ROCKFORD IL CLIMATE NORMALS FOR TODAY
                         NORMAL    RECORD    YEAR
 MAXIMUM TEMPERATURE (F)   70        91      1952
 MINIMUM TEMPERATURE (F)   47        24      1942


SUNRISE AND SUNSET
SEPTEMBER 28 2014.....SUNRISE   650 AM CDT   SUNSET   643 PM CDT
SEPTEMBER 29 2014.....SUNRISE   651 AM CDT   SUNSET   641 PM CDT


-  INDICATES NEGATIVE NUMBERS.
R  INDICATES RECORD WAS SET OR TIED.
MM INDICATES DATA IS MISSING.
T  INDICATES TRACE AMOUNT.




$$
