000
CDUS43 KLOT 270633
CLIRFD


CLIMATE REPORT
NATIONAL WEATHER SERVICE CHICAGO IL
131 AM CDT THU AUG 27 2015


...................................

...THE ROCKFORD IL CLIMATE SUMMARY FOR AUGUST 26 2015...

CLIMATE NORMAL PERIOD 1981 TO 2010
CLIMATE RECORD PERIOD 1905 TO 2015


WEATHER ITEM   OBSERVED TIME   RECORD YEAR NORMAL DEPARTURE LAST
                VALUE   (LST)  VALUE       VALUE  FROM      YEAR
                                                  NORMAL
..................................................................
TEMPERATURE (F)
 YESTERDAY
  MAXIMUM         73    357 PM  97    1953  82     -9       81
  MINIMUM         56   1159 PM  42    1934  60     -4       65
  AVERAGE         65                        71     -6       73

PRECIPITATION (IN)
  YESTERDAY        0.00          2.75 2009   0.14  -0.14     0.28
  MONTH TO DATE    3.57                      3.89  -0.32     5.47
  SINCE JUN 1     11.71                     12.49  -0.78    15.99
  SINCE JAN 1     22.90                     24.96  -2.06    25.96

SNOWFALL (IN)
  YESTERDAY        0.0           0.0    MM   0.0    0.0      0.0
  MONTH TO DATE    0.0                       0.0    0.0       T
  SINCE JUN 1      0.0                       0.0    0.0       T
  SINCE JUL 1      0.0                       0.0    0.0       T
  SNOW DEPTH       0

DEGREE DAYS
 HEATING
  YESTERDAY        0                         1     -1        0
  MONTH TO DATE    2                         1      1        0
  SINCE JUN 1     23                        35    -12       21
  SINCE JUL 1      7                         4      3       10

 COOLING
  YESTERDAY        0                         6     -6        8
  MONTH TO DATE  187                       194     -7      191
  SINCE JUN 1    580                       643    -63      533
  SINCE JAN 1    640                       698    -58      616
..................................................................


WIND (MPH)
  HIGHEST WIND SPEED    12   HIGHEST WIND DIRECTION     N (10)
  HIGHEST GUST SPEED    16   HIGHEST GUST DIRECTION     N (10)
  AVERAGE WIND SPEED     4.8


SKY COVER
  POSSIBLE SUNSHINE  MM
  AVERAGE SKY COVER 0.7


WEATHER CONDITIONS
 THE FOLLOWING WEATHER WAS RECORDED YESTERDAY.
  NO SIGNIFICANT WEATHER WAS OBSERVED.


RELATIVE HUMIDITY (PERCENT)
 HIGHEST    86           200 AM
 LOWEST     49           400 PM
 AVERAGE    68

..........................................................


THE ROCKFORD IL CLIMATE NORMALS FOR TODAY
                         NORMAL    RECORD    YEAR
 MAXIMUM TEMPERATURE (F)   81        97      1953
                                             1937
 MINIMUM TEMPERATURE (F)   60        40      1915


SUNRISE AND SUNSET
AUGUST 27 2015........SUNRISE   616 AM CDT   SUNSET   739 PM CDT
AUGUST 28 2015........SUNRISE   617 AM CDT   SUNSET   737 PM CDT


-  INDICATES NEGATIVE NUMBERS.
R  INDICATES RECORD WAS SET OR TIED.
MM INDICATES DATA IS MISSING.
T  INDICATES TRACE AMOUNT.




$$
