000
CDUS43 KLOT 010635
CLIRFD


CLIMATE REPORT
NATIONAL WEATHER SERVICE CHICAGO IL
1234 AM CST THU DEC 1 2016


...................................

...THE ROCKFORD IL CLIMATE SUMMARY FOR NOVEMBER 30 2016...

CLIMATE NORMAL PERIOD 1981 TO 2010
CLIMATE RECORD PERIOD 1905 TO 2016


WEATHER ITEM   OBSERVED TIME   RECORD YEAR NORMAL DEPARTURE LAST
                VALUE   (LST)  VALUE       VALUE  FROM      YEAR
                                                  NORMAL
..................................................................
TEMPERATURE (F)
 YESTERDAY
  MAXIMUM         38    422 PM  64    1962  39     -1       42
  MINIMUM         30    546 AM  -8    1947  24      6       35
  AVERAGE         34                        31      3       39

PRECIPITATION (IN)
  YESTERDAY        0.01          0.96 1934   0.08  -0.07     0.53
  MONTH TO DATE    2.67                      2.58   0.09     5.55
  SINCE SEP 1      7.36                      8.60  -1.24    10.85
  SINCE JAN 1     33.28                     34.26  -0.98    35.38

SNOWFALL (IN)
  YESTERDAY        T             5.2  2004   0.2   -0.2       T
  MONTH TO DATE    T                         1.7   -1.7      8.8
  SINCE SEP 1      T                         1.8   -1.8      8.8
  SINCE JUL 1      T                         1.8   -1.8      8.8
  SNOW DEPTH       0

DEGREE DAYS
 HEATING
  YESTERDAY       31                        34     -3       26
  MONTH TO DATE  572                       783   -211      644
  SINCE SEP 1    869                      1321   -452     1021
  SINCE JUL 1    869                      1335   -466     1031

 COOLING
  YESTERDAY        0                         0      0        0
  MONTH TO DATE    4                         0      4        0
  SINCE SEP 1    186                        93     93      172
  SINCE JAN 1   1103                       820    283      825
..................................................................


WIND (MPH)
  HIGHEST WIND SPEED    16   HIGHEST WIND DIRECTION    SW (240)
  HIGHEST GUST SPEED    24   HIGHEST GUST DIRECTION    SW (240)
  AVERAGE WIND SPEED     7.9


SKY COVER
  POSSIBLE SUNSHINE  MM
  AVERAGE SKY COVER 0.7


WEATHER CONDITIONS
 THE FOLLOWING WEATHER WAS RECORDED YESTERDAY.
  MIXED PRECIP
  RAIN
  LIGHT RAIN
  SNOW
  LIGHT SNOW
  SLEET
  FOG


RELATIVE HUMIDITY (PERCENT)
 HIGHEST    89           200 AM
 LOWEST     76           200 PM
 AVERAGE    83

..........................................................


THE ROCKFORD IL CLIMATE NORMALS FOR TODAY
                         NORMAL    RECORD    YEAR
 MAXIMUM TEMPERATURE (F)   39        62      1970
 MINIMUM TEMPERATURE (F)   23        -3      1966


SUNRISE AND SUNSET
DECEMBER  1 2016......SUNRISE   706 AM CST   SUNSET   425 PM CST
DECEMBER  2 2016......SUNRISE   707 AM CST   SUNSET   425 PM CST


-  INDICATES NEGATIVE NUMBERS.
R  INDICATES RECORD WAS SET OR TIED.
MM INDICATES DATA IS MISSING.
T  INDICATES TRACE AMOUNT.




$$
