000
CDUS43 KLOT 250641
CLIRFD


CLIMATE REPORT
NATIONAL WEATHER SERVICE CHICAGO IL
141 AM CDT MON AUG 25 2014


...................................

...THE ROCKFORD IL CLIMATE SUMMARY FOR AUGUST 24 2014...

CLIMATE NORMAL PERIOD 1981 TO 2010
CLIMATE RECORD PERIOD 1905 TO 2014


WEATHER ITEM   OBSERVED TIME   RECORD YEAR NORMAL DEPARTURE LAST
                VALUE   (LST)  VALUE       VALUE  FROM      YEAR
                                                  NORMAL
..................................................................
TEMPERATURE (F)
 YESTERDAY
  MAXIMUM         89    316 PM 102    1947  82      7       84
  MINIMUM         68    353 AM  41    1920  61      7       58
  AVERAGE         79                        71      8       71

PRECIPITATION (IN)
  YESTERDAY        0.00          1.60 1962   0.14  -0.14     0.00
  MONTH TO DATE    4.36                      3.61   0.75     2.72
  SINCE JUN 1     14.88                     12.21   2.67    12.36
  SINCE JAN 1     24.85                     24.68   0.17    31.80

SNOWFALL (IN)
  YESTERDAY        0.0           0.0    MM   0.0    0.0      0.0
  MONTH TO DATE    T                         0.0    0.0      0.0
  SINCE JUN 1      T                         0.0    0.0      0.0
  SINCE JUL 1      T                         0.0    0.0      0.0
  SNOW DEPTH       0

DEGREE DAYS
 HEATING
  YESTERDAY        0                         0      0        0
  MONTH TO DATE    0                         0      0        2
  SINCE JUN 1     21                        34    -13       45
  SINCE JUL 1     10                         3      7       11

 COOLING
  YESTERDAY       14                         7      7        6
  MONTH TO DATE  173                       182     -9      136
  SINCE JUN 1    515                       631   -116      561
  SINCE JAN 1    598                       686    -88      653
..................................................................


WIND (MPH)
  HIGHEST WIND SPEED    14   HIGHEST WIND DIRECTION     S (160)
  HIGHEST GUST SPEED    18   HIGHEST GUST DIRECTION     S (160)
  AVERAGE WIND SPEED     8.7


SKY COVER
  POSSIBLE SUNSHINE  MM
  AVERAGE SKY COVER 0.6


WEATHER CONDITIONS
 THE FOLLOWING WEATHER WAS RECORDED YESTERDAY.
  FOG


RELATIVE HUMIDITY (PERCENT)
 HIGHEST    93           300 AM
 LOWEST     68           200 PM
 AVERAGE    81

..........................................................


THE ROCKFORD IL CLIMATE NORMALS FOR TODAY
                         NORMAL    RECORD    YEAR
 MAXIMUM TEMPERATURE (F)   82        97      2003
 MINIMUM TEMPERATURE (F)   60        41      1958


SUNRISE AND SUNSET
AUGUST 25 2014........SUNRISE   614 AM CDT   SUNSET   742 PM CDT
AUGUST 26 2014........SUNRISE   615 AM CDT   SUNSET   740 PM CDT


-  INDICATES NEGATIVE NUMBERS.
R  INDICATES RECORD WAS SET OR TIED.
MM INDICATES DATA IS MISSING.
T  INDICATES TRACE AMOUNT.




$$
