000
CDUS43 KLOT 250634
CLIRFD


CLIMATE REPORT
NATIONAL WEATHER SERVICE CHICAGO IL
133 AM CDT SUN JUN 25 2017


...................................

...THE ROCKFORD IL CLIMATE SUMMARY FOR JUNE 24 2017...

CLIMATE NORMAL PERIOD 1981 TO 2010
CLIMATE RECORD PERIOD 1905 TO 2017


WEATHER ITEM   OBSERVED TIME   RECORD YEAR NORMAL DEPARTURE LAST
                VALUE   (LST)  VALUE       VALUE  FROM      YEAR
                                                  NORMAL
..................................................................
TEMPERATURE (F)
 YESTERDAY
  MAXIMUM         74    123 PM 100    1923  83     -9       85
  MINIMUM         54   1159 PM  42    1927  61     -7       60
  AVERAGE         64                        72     -8       73

PRECIPITATION (IN)
  YESTERDAY        0.01          1.51 2000   0.15  -0.14     0.00
  MONTH TO DATE    3.00                      3.81  -0.81     2.04
  SINCE JUN 1      3.00                      3.81  -0.81     2.04
  SINCE JAN 1     21.85                     16.28   5.57    13.60

SNOWFALL (IN)
  YESTERDAY        0.0           0.0    MM   0.0    0.0      0.0
  MONTH TO DATE    0.0                       0.0    0.0      0.0
  SINCE JUN 1      0.0                       0.0    0.0      0.0
  SINCE JUL 1     22.1                      36.7  -14.6     24.0
  SNOW DEPTH       0

DEGREE DAYS
 HEATING
  YESTERDAY        1                         0      1        0
  MONTH TO DATE    3                        29    -26        6
  SINCE JUN 1      3                        29    -26        6
  SINCE JUL 1   5455                      6567  -1112     5541

 COOLING
  YESTERDAY        0                         8     -8        8
  MONTH TO DATE  192                       126     66      169
  SINCE JUN 1    192                       126     66      169
  SINCE JAN 1    228                       181     47      254
..................................................................


WIND (MPH)
  HIGHEST WIND SPEED    32   HIGHEST WIND DIRECTION    NW (320)
  HIGHEST GUST SPEED    41   HIGHEST GUST DIRECTION    NW (320)
  AVERAGE WIND SPEED    12.0


SKY COVER
  POSSIBLE SUNSHINE  MM
  AVERAGE SKY COVER 0.3


WEATHER CONDITIONS
 THE FOLLOWING WEATHER WAS RECORDED YESTERDAY.
  LIGHT RAIN


RELATIVE HUMIDITY (PERCENT)
 HIGHEST    93          1000 PM
 LOWEST     33           400 PM
 AVERAGE    63

..........................................................


THE ROCKFORD IL CLIMATE NORMALS FOR TODAY
                         NORMAL    RECORD    YEAR
 MAXIMUM TEMPERATURE (F)   84       101      1988
 MINIMUM TEMPERATURE (F)   61        43      1979


SUNRISE AND SUNSET
JUNE 25 2017..........SUNRISE   521 AM CDT   SUNSET   837 PM CDT
JUNE 26 2017..........SUNRISE   522 AM CDT   SUNSET   837 PM CDT


-  INDICATES NEGATIVE NUMBERS.
R  INDICATES RECORD WAS SET OR TIED.
MM INDICATES DATA IS MISSING.
T  INDICATES TRACE AMOUNT.




$$
