000
CDUS43 KLOT 230633
CLIRFD


CLIMATE REPORT
NATIONAL WEATHER SERVICE CHICAGO IL
133 AM CDT MON MAR 23 2015


...................................

...THE ROCKFORD IL CLIMATE SUMMARY FOR MARCH 22 2015...

CLIMATE NORMAL PERIOD 1981 TO 2010
CLIMATE RECORD PERIOD 1905 TO 2015


WEATHER ITEM   OBSERVED TIME   RECORD YEAR NORMAL DEPARTURE LAST
                VALUE   (LST)  VALUE       VALUE  FROM      YEAR
                                                  NORMAL
..................................................................
TEMPERATURE (F)
 YESTERDAY
  MAXIMUM         39   1159 AM  79    2012  50    -11       40
  MINIMUM         27    658 PM   4    1912  30     -3       23
  AVERAGE         33                        40     -7       32

PRECIPITATION (IN)
  YESTERDAY        T             1.55 1993   0.08  -0.08     0.00
  MONTH TO DATE    0.40                      1.53  -1.13     0.70
  SINCE MAR 1      0.40                      1.53  -1.13     0.70
  SINCE JAN 1      2.32                      4.31  -1.99     4.44

SNOWFALL (IN)
  YESTERDAY        T             5.0  1916   0.1   -0.1      0.0
  MONTH TO DATE    2.5                       3.9   -1.4      8.9
  SINCE MAR 1      2.5                       3.9   -1.4      8.9
  SINCE JUL 1     30.4                      34.9   -4.5     56.4
  SNOW DEPTH       0

DEGREE DAYS
 HEATING
  YESTERDAY       32                        25      7       33
  MONTH TO DATE  677                       653     24      823
  SINCE MAR 1    677                       653     24      823
  SINCE JUL 1   6123                      5655    468     6715

 COOLING
  YESTERDAY        0                         0      0        0
  MONTH TO DATE    0                         0      0        0
  SINCE MAR 1      0                         0      0        0
  SINCE JAN 1      0                         0      0        0
..................................................................


WIND (MPH)
  HIGHEST WIND SPEED    20   HIGHEST WIND DIRECTION     E (80)
  HIGHEST GUST SPEED    26   HIGHEST GUST DIRECTION     E (70)
  AVERAGE WIND SPEED    11.5


SKY COVER
  POSSIBLE SUNSHINE  MM
  AVERAGE SKY COVER 0.7


WEATHER CONDITIONS
 THE FOLLOWING WEATHER WAS RECORDED YESTERDAY.
  LIGHT SNOW


RELATIVE HUMIDITY (PERCENT)
 HIGHEST    78          1200 AM
 LOWEST     44          1200 PM
 AVERAGE    61

..........................................................


THE ROCKFORD IL CLIMATE NORMALS FOR TODAY
                         NORMAL    RECORD    YEAR
 MAXIMUM TEMPERATURE (F)   50        82      1939
 MINIMUM TEMPERATURE (F)   30         5      1965


SUNRISE AND SUNSET
MARCH 23 2015.........SUNRISE   655 AM CDT   SUNSET   712 PM CDT
MARCH 24 2015.........SUNRISE   653 AM CDT   SUNSET   713 PM CDT


-  INDICATES NEGATIVE NUMBERS.
R  INDICATES RECORD WAS SET OR TIED.
MM INDICATES DATA IS MISSING.
T  INDICATES TRACE AMOUNT.




$$
