745
CDUS43 KLOT 250635
CLIRFD


CLIMATE REPORT
NATIONAL WEATHER SERVICE CHICAGO IL
134 AM CDT MON APR 25 2016


...................................

...THE ROCKFORD IL CLIMATE SUMMARY FOR APRIL 24 2016...

CLIMATE NORMAL PERIOD 1981 TO 2010
CLIMATE RECORD PERIOD 1905 TO 2016


WEATHER ITEM   OBSERVED TIME   RECORD YEAR NORMAL DEPARTURE LAST
                VALUE   (LST)  VALUE       VALUE  FROM      YEAR
                                                  NORMAL
..................................................................
TEMPERATURE (F)
 YESTERDAY
  MAXIMUM         79        MM  88    1915  64     15       57
  MINIMUM         43    500 AM  16    1967  41      2       28
  AVERAGE         61                        53      8       43

PRECIPITATION (IN)
  YESTERDAY        0.00          1.40 1950   0.11  -0.11     0.20
  MONTH TO DATE    1.77                      2.66  -0.89     3.09
  SINCE MAR 1      5.78                      4.98   0.80     4.39
  SINCE JAN 1      7.31                      7.76  -0.45     6.31

SNOWFALL (IN)
  YESTERDAY        0.0           1.5  1910   0.0    0.0      0.0
  MONTH TO DATE    0.4                       0.9   -0.5       T
  SINCE MAR 1      2.8                       5.7   -2.9      7.6
  SINCE JUL 1     24.0                      36.7  -12.7     35.5
  SNOW DEPTH       0

DEGREE DAYS
 HEATING
  YESTERDAY        4                        13     -9       22
  MONTH TO DATE  389                       407    -18      322
  SINCE MAR 1   1068                      1269   -201     1258
  SINCE JUL 1   5254                      6271  -1017     6704

 COOLING
  YESTERDAY        0                         0      0        0
  MONTH TO DATE    2                         0      2        0
  SINCE MAR 1      2                         0      2        0
  SINCE JAN 1      2                         0      2        0
..................................................................


WIND (MPH)
  HIGHEST WIND SPEED    17   HIGHEST WIND DIRECTION     S (170)
  HIGHEST GUST SPEED    22   HIGHEST GUST DIRECTION     S (170)
  AVERAGE WIND SPEED    10.1


SKY COVER
  POSSIBLE SUNSHINE  MM
  AVERAGE SKY COVER 0.6


WEATHER CONDITIONS
 THE FOLLOWING WEATHER WAS RECORDED YESTERDAY.
  NO SIGNIFICANT WEATHER WAS OBSERVED.


RELATIVE HUMIDITY (PERCENT)
 HIGHEST    89           400 AM
 LOWEST     39           100 PM
 AVERAGE    64

..........................................................


THE ROCKFORD IL CLIMATE NORMALS FOR TODAY
                         NORMAL    RECORD    YEAR
 MAXIMUM TEMPERATURE (F)   65        90      1986
 MINIMUM TEMPERATURE (F)   42        25      1934


SUNRISE AND SUNSET
APRIL 25 2016.........SUNRISE   600 AM CDT   SUNSET   749 PM CDT
APRIL 26 2016.........SUNRISE   558 AM CDT   SUNSET   751 PM CDT


-  INDICATES NEGATIVE NUMBERS.
R  INDICATES RECORD WAS SET OR TIED.
MM INDICATES DATA IS MISSING.
T  INDICATES TRACE AMOUNT.




$$
