000
CDUS43 KLOT 150640
CLIRFD


CLIMATE REPORT
NATIONAL WEATHER SERVICE CHICAGO IL
139 AM CDT TUE APR 15 2014


...................................

...THE ROCKFORD IL CLIMATE SUMMARY FOR APRIL 14 2014...

CLIMATE NORMAL PERIOD 1981 TO 2010
CLIMATE RECORD PERIOD 1905 TO 2014


WEATHER ITEM   OBSERVED TIME   RECORD YEAR NORMAL DEPARTURE LAST
                VALUE   (LST)  VALUE       VALUE  FROM      YEAR
                                                  NORMAL
..................................................................
TEMPERATURE (F)
 YESTERDAY
  MAXIMUM         47   1252 AM  85    2003  60    -13       68
  MINIMUM         28   1118 PM  21    1957  38    -10       36
                                      1907
  AVERAGE         38                        49    -11       52

PRECIPITATION (IN)
  YESTERDAY        0.22          0.92 1965   0.11   0.11     0.01
  MONTH TO DATE    1.71                      1.54   0.17     2.61
  SINCE MAR 1      2.74                      3.86  -1.12     4.90
  SINCE JAN 1      6.48                      6.64  -0.16    10.97

SNOWFALL (IN)
  YESTERDAY        0.3           3.9  1980   0.1    0.2       T
  MONTH TO DATE    0.3                       0.7   -0.4       T
  SINCE MAR 1      9.4                       5.5    3.9     13.9
  SINCE JUL 1     56.9                      36.5   20.4     40.5
  SNOW DEPTH       0

DEGREE DAYS
 HEATING
  YESTERDAY       27                        16     11       13
  MONTH TO DATE  250                       263    -13      305
  SINCE MAR 1   1342                      1125    217     1397
  SINCE JUL 1   7234                      6127   1107     6134

 COOLING
  YESTERDAY        0                         0      0        0
  MONTH TO DATE    0                         0      0        0
  SINCE MAR 1      0                         0      0        0
  SINCE JAN 1      0                         0      0        0
..................................................................


WIND (MPH)
  HIGHEST WIND SPEED    30   HIGHEST WIND DIRECTION     N (350)
  HIGHEST GUST SPEED    39   HIGHEST GUST DIRECTION     N (360)
  AVERAGE WIND SPEED    15.8


SKY COVER
  POSSIBLE SUNSHINE  MM
  AVERAGE SKY COVER 0.9


WEATHER CONDITIONS
 THE FOLLOWING WEATHER WAS RECORDED YESTERDAY.
  RAIN
  LIGHT RAIN
  SNOW
  LIGHT SNOW
  FOG


RELATIVE HUMIDITY (PERCENT)
 HIGHEST    93          1200 AM
 LOWEST     75          1000 AM
 AVERAGE    84

..........................................................


THE ROCKFORD IL CLIMATE NORMALS FOR TODAY
                         NORMAL    RECORD    YEAR
 MAXIMUM TEMPERATURE (F)   61        87      2002
 MINIMUM TEMPERATURE (F)   38        16      1928


SUNRISE AND SUNSET
APRIL 15 2014.........SUNRISE   616 AM CDT   SUNSET   738 PM CDT
APRIL 16 2014.........SUNRISE   614 AM CDT   SUNSET   739 PM CDT


-  INDICATES NEGATIVE NUMBERS.
R  INDICATES RECORD WAS SET OR TIED.
MM INDICATES DATA IS MISSING.
T  INDICATES TRACE AMOUNT.




$$
