000
CDUS43 KLOT 230633
CLIRFD


CLIMATE REPORT
NATIONAL WEATHER SERVICE CHICAGO IL
1232 AM CST SUN NOV 23 2014


...................................

...THE ROCKFORD IL CLIMATE SUMMARY FOR NOVEMBER 22 2014...

CLIMATE NORMAL PERIOD 1981 TO 2010
CLIMATE RECORD PERIOD 1905 TO 2014


WEATHER ITEM   OBSERVED TIME   RECORD YEAR NORMAL DEPARTURE LAST
                VALUE   (LST)  VALUE       VALUE  FROM      YEAR
                                                  NORMAL
..................................................................
TEMPERATURE (F)
 YESTERDAY
  MAXIMUM         50   1010 PM  69    2010  44      6       41
  MINIMUM         32    216 AM  -1    1929  27      5       22
  AVERAGE         41                        36      5       32

PRECIPITATION (IN)
  YESTERDAY        0.22          1.21 1963   0.09   0.13     0.02
  MONTH TO DATE    0.78                      1.92  -1.14     2.05
  SINCE SEP 1      5.47                      7.94  -2.47     6.84
  SINCE JAN 1     31.72                     33.60  -1.88    38.84

SNOWFALL (IN)
  YESTERDAY        0.0           1.5  1945   0.1   -0.1       T
  MONTH TO DATE    1.7                       0.7    1.0      0.4
  SINCE SEP 1      1.8                       0.8    0.0      0.4
  SINCE JUL 1      1.8                       0.8    0.0      0.4
  SNOW DEPTH       0

DEGREE DAYS
 HEATING
  YESTERDAY       24                        29     -5       33
  MONTH TO DATE  695                       528    167      550
  SINCE SEP 1   1247                      1067    180     1040
  SINCE JUL 1   1257                      1081    176     1051

 COOLING
  YESTERDAY        0                         0      0        0
  MONTH TO DATE    0                         0      0        0
  SINCE SEP 1     73                        93    -20      141
  SINCE JAN 1    729                       820    -91      890
..................................................................


WIND (MPH)
  HIGHEST WIND SPEED    17   HIGHEST WIND DIRECTION     S (200)
  HIGHEST GUST SPEED    22   HIGHEST GUST DIRECTION     S (200)
  AVERAGE WIND SPEED     9.4


SKY COVER
  POSSIBLE SUNSHINE  MM
  AVERAGE SKY COVER 1.0


WEATHER CONDITIONS
 THE FOLLOWING WEATHER WAS RECORDED YESTERDAY.
  LIGHT RAIN
  LT FREEZING RAIN
  FOG


RELATIVE HUMIDITY (PERCENT)
 HIGHEST   100           700 AM
 LOWEST     63          1200 AM
 AVERAGE    82

..........................................................


THE ROCKFORD IL CLIMATE NORMALS FOR TODAY
                         NORMAL    RECORD    YEAR
 MAXIMUM TEMPERATURE (F)   43        65      1931
 MINIMUM TEMPERATURE (F)   27         0      1950


SUNRISE AND SUNSET
NOVEMBER 23 2014......SUNRISE   656 AM CST   SUNSET   429 PM CST
NOVEMBER 24 2014......SUNRISE   658 AM CST   SUNSET   428 PM CST


-  INDICATES NEGATIVE NUMBERS.
R  INDICATES RECORD WAS SET OR TIED.
MM INDICATES DATA IS MISSING.
T  INDICATES TRACE AMOUNT.




$$
