000
CDUS43 KLOT 240631
CLIRFD


CLIMATE REPORT
NATIONAL WEATHER SERVICE CHICAGO IL
131 AM CDT WED SEP 24 2014


...................................

...THE ROCKFORD IL CLIMATE SUMMARY FOR SEPTEMBER 23 2014...

CLIMATE NORMAL PERIOD 1981 TO 2010
CLIMATE RECORD PERIOD 1905 TO 2014


WEATHER ITEM   OBSERVED TIME   RECORD YEAR NORMAL DEPARTURE LAST
                VALUE   (LST)  VALUE       VALUE  FROM      YEAR
                                                  NORMAL
..................................................................
TEMPERATURE (F)
 YESTERDAY
  MAXIMUM         75    259 PM  92    1937  73      2       72
  MINIMUM         44    543 AM  29    1995  49     -5       47
                                      1974
  AVERAGE         60                        61     -1       60

PRECIPITATION (IN)
  YESTERDAY        0.00          0.66 1970   0.11  -0.11     0.00
  MONTH TO DATE    2.00                      2.62  -0.62     1.54
  SINCE SEP 1      2.00                      2.62  -0.62     1.54
  SINCE JAN 1     28.25                     28.28  -0.03    33.54

SNOWFALL (IN)
  YESTERDAY        0.0           0.0    MM   0.0    0.0      0.0
  MONTH TO DATE    0.0                       0.0    0.0      0.0
  SINCE SEP 1      0.0                       0.0    0.0      0.0
  SINCE JUL 1      T                         0.0    0.0      0.0
  SNOW DEPTH       0

DEGREE DAYS
 HEATING
  YESTERDAY        5                         6     -1        5
  MONTH TO DATE  118                        66     52       55
  SINCE SEP 1    118                        66     52       55
  SINCE JUL 1    128                        80     48       66

 COOLING
  YESTERDAY        0                         2     -2        0
  MONTH TO DATE   52                        77    -25      119
  SINCE SEP 1     52                        77    -25      119
  SINCE JAN 1    708                       804    -96      868
..................................................................


WIND (MPH)
  HIGHEST WIND SPEED    10   HIGHEST WIND DIRECTION     S (170)
  HIGHEST GUST SPEED    14   HIGHEST GUST DIRECTION     S (200)
  AVERAGE WIND SPEED     3.6


SKY COVER
  POSSIBLE SUNSHINE  MM
  AVERAGE SKY COVER 0.3


WEATHER CONDITIONS
 THE FOLLOWING WEATHER WAS RECORDED YESTERDAY.
  NO SIGNIFICANT WEATHER WAS OBSERVED.


RELATIVE HUMIDITY (PERCENT)
 HIGHEST    92           500 AM
 LOWEST     38           200 PM
 AVERAGE    65

..........................................................


THE ROCKFORD IL CLIMATE NORMALS FOR TODAY
                         NORMAL    RECORD    YEAR
 MAXIMUM TEMPERATURE (F)   72        92      2007
                                             1920
 MINIMUM TEMPERATURE (F)   49        28      1976


SUNRISE AND SUNSET
SEPTEMBER 24 2014.....SUNRISE   646 AM CDT   SUNSET   650 PM CDT
SEPTEMBER 25 2014.....SUNRISE   647 AM CDT   SUNSET   648 PM CDT


-  INDICATES NEGATIVE NUMBERS.
R  INDICATES RECORD WAS SET OR TIED.
MM INDICATES DATA IS MISSING.
T  INDICATES TRACE AMOUNT.




$$
