000
CDUS43 KLOT 270634
CLIRFD


CLIMATE REPORT
NATIONAL WEATHER SERVICE CHICAGO IL
133 AM CDT SUN JUL 27 2014


...................................

...THE ROCKFORD IL CLIMATE SUMMARY FOR JULY 26 2014...

CLIMATE NORMAL PERIOD 1981 TO 2010
CLIMATE RECORD PERIOD 1905 TO 2014


WEATHER ITEM   OBSERVED TIME   RECORD YEAR NORMAL DEPARTURE LAST
                VALUE   (LST)  VALUE       VALUE  FROM      YEAR
                                                  NORMAL
..................................................................
TEMPERATURE (F)
 YESTERDAY
  MAXIMUM         84    401 PM 103    1936  84      0       76
  MINIMUM         67    537 AM  49    1920  63      4       59
                                      1911
  AVERAGE         76                        74      2       68

PRECIPITATION (IN)
  YESTERDAY        T             3.43 1969   0.13  -0.13     0.66
  MONTH TO DATE    2.46                      3.28  -0.82     1.85
  SINCE JUN 1     10.52                      7.93   2.59     9.57
  SINCE JAN 1     20.49                     20.40   0.09    29.01

SNOWFALL (IN)
  YESTERDAY        0.0           0.0    MM   0.0    0.0      0.0
  MONTH TO DATE    0.0                       0.0    0.0      0.0
  SINCE JUN 1      0.0                       0.0    0.0      0.0
  SINCE JUL 1      0.0                       0.0    0.0      0.0
  SNOW DEPTH       0

DEGREE DAYS
 HEATING
  YESTERDAY        0                         0      0        0
  MONTH TO DATE   10                         0     10        0
  SINCE JUN 1     21                        31    -10       34
  SINCE JUL 1     10                         0     10        0

 COOLING
  YESTERDAY       11                         9      2        3
  MONTH TO DATE  125                       234   -109      250
  SINCE JUN 1    320                       409    -89      419
  SINCE JAN 1    403                       464    -61      511
..................................................................


WIND (MPH)
  HIGHEST WIND SPEED    14   HIGHEST WIND DIRECTION    NW (330)
  HIGHEST GUST SPEED    18   HIGHEST GUST DIRECTION    NW (330)
  AVERAGE WIND SPEED     5.7


SKY COVER
  POSSIBLE SUNSHINE  MM
  AVERAGE SKY COVER 0.9


WEATHER CONDITIONS
 THE FOLLOWING WEATHER WAS RECORDED YESTERDAY.
  LIGHT RAIN
  HAZE


RELATIVE HUMIDITY (PERCENT)
 HIGHEST    93          1100 PM
 LOWEST     62          1100 AM
 AVERAGE    78

..........................................................


THE ROCKFORD IL CLIMATE NORMALS FOR TODAY
                         NORMAL    RECORD    YEAR
 MAXIMUM TEMPERATURE (F)   84       103      1955
 MINIMUM TEMPERATURE (F)   63        46      1937


SUNRISE AND SUNSET
JULY 27 2014..........SUNRISE   544 AM CDT   SUNSET   821 PM CDT
JULY 28 2014..........SUNRISE   545 AM CDT   SUNSET   820 PM CDT


-  INDICATES NEGATIVE NUMBERS.
R  INDICATES RECORD WAS SET OR TIED.
MM INDICATES DATA IS MISSING.
T  INDICATES TRACE AMOUNT.




$$
