000
CDUS43 KLOT 090654
CLIRFD


CLIMATE REPORT
NATIONAL WEATHER SERVICE CHICAGO IL
154 AM CDT WED APR 9 2014


...................................

...THE ROCKFORD IL CLIMATE SUMMARY FOR APRIL 8 2014...

CLIMATE NORMAL PERIOD 1981 TO 2010
CLIMATE RECORD PERIOD 1905 TO 2014


WEATHER ITEM   OBSERVED TIME   RECORD YEAR NORMAL DEPARTURE LAST
                VALUE   (LST)  VALUE       VALUE  FROM      YEAR
                                                  NORMAL
..................................................................
TEMPERATURE (F)
 YESTERDAY
  MAXIMUM         62    307 PM  85    1931  58      4       68
  MINIMUM         39    615 AM  15    1972  35      4       40
  AVERAGE         51                        46      5       54

PRECIPITATION (IN)
  YESTERDAY        0.00          1.39 1993   0.11  -0.11     0.76
  MONTH TO DATE    0.03                      0.86  -0.83     0.89
  SINCE MAR 1      1.06                      3.18  -2.12     3.18
  SINCE JAN 1      4.80                      5.96  -1.16     9.25

SNOWFALL (IN)
  YESTERDAY        0.0           1.3  1982   0.1   -0.1      0.0
  MONTH TO DATE    0.0                       0.5   -0.5      0.0
  SINCE MAR 1      9.1                       5.3    3.8     13.9
  SINCE JUL 1     56.6                      36.3   20.3     40.5
  SNOW DEPTH       0

DEGREE DAYS
 HEATING
  YESTERDAY       14                        19     -5       11
  MONTH TO DATE  173                       160     13      175
  SINCE MAR 1   1265                      1022    243     1267
  SINCE JUL 1   7157                      6024   1133     6004

 COOLING
  YESTERDAY        0                         0      0        0
  MONTH TO DATE    0                         0      0        0
  SINCE MAR 1      0                         0      0        0
  SINCE JAN 1      0                         0      0        0
..................................................................


WIND (MPH)
  HIGHEST WIND SPEED    21   HIGHEST WIND DIRECTION     N (350)
  HIGHEST GUST SPEED    26   HIGHEST GUST DIRECTION     N (340)
  AVERAGE WIND SPEED    10.4


SKY COVER
  POSSIBLE SUNSHINE  MM
  AVERAGE SKY COVER 0.7


WEATHER CONDITIONS
 THE FOLLOWING WEATHER WAS RECORDED YESTERDAY.
  NO SIGNIFICANT WEATHER WAS OBSERVED.


RELATIVE HUMIDITY (PERCENT)
 HIGHEST    86          1200 AM
 LOWEST     31           400 PM
 AVERAGE    59

..........................................................


THE ROCKFORD IL CLIMATE NORMALS FOR TODAY
                         NORMAL    RECORD    YEAR
 MAXIMUM TEMPERATURE (F)   58        77      1934
 MINIMUM TEMPERATURE (F)   36        17      1997


SUNRISE AND SUNSET
APRIL  9 2014.........SUNRISE   625 AM CDT   SUNSET   731 PM CDT
APRIL 10 2014.........SUNRISE   624 AM CDT   SUNSET   732 PM CDT


-  INDICATES NEGATIVE NUMBERS.
R  INDICATES RECORD WAS SET OR TIED.
MM INDICATES DATA IS MISSING.
T  INDICATES TRACE AMOUNT.




$$
