789
CDUS43 KLOT 010643
CLIRFD


CLIMATE REPORT
NATIONAL WEATHER SERVICE CHICAGO IL
1242 AM CST MON FEB 1 2016


...................................

...THE ROCKFORD IL CLIMATE SUMMARY FOR JANUARY 31 2016...

CLIMATE NORMAL PERIOD 1981 TO 2010
CLIMATE RECORD PERIOD 1905 TO 2016


WEATHER ITEM   OBSERVED TIME   RECORD YEAR NORMAL DEPARTURE LAST
                VALUE   (LST)  VALUE       VALUE  FROM      YEAR
                                                  NORMAL
..................................................................
TEMPERATURE (F)
 YESTERDAY
  MAXIMUM         40   1037 AM  63    1989  30     10       36
  MINIMUM         32   1159 PM -18    1996  14     18       19
  AVERAGE         36                        22     14       28

PRECIPITATION (IN)
  YESTERDAY        0.10          0.50 1915   0.04   0.06     0.14
  MONTH TO DATE    0.88                      1.37  -0.49     1.07
  SINCE DEC 1      5.53                      3.35   2.18     2.00
  SINCE JAN 1      0.88                      1.37  -0.49     1.07

SNOWFALL (IN)
  YESTERDAY        0.0           5.5  1942   0.3   -0.3      1.4
  MONTH TO DATE    3.7                      10.2   -6.5      9.5
  SINCE DEC 1      8.9                      21.5  -12.6      9.6
  SINCE JUL 1     17.7                      23.3   -5.6     13.2
  SNOW DEPTH       0

DEGREE DAYS
 HEATING
  YESTERDAY       29                        43    -14       37
  MONTH TO DATE 1300                      1351    -51     1362
  SINCE DEC 1   2140                      2574   -434     2425
  SINCE JUL 1   3171                      3909   -738     3972

 COOLING
  YESTERDAY        0                         0      0        0
  MONTH TO DATE    0                         0      0        0
  SINCE DEC 1      0                         0      0        0
  SINCE JAN 1      0                         0      0        0
..................................................................


WIND (MPH)
  HIGHEST WIND SPEED    10   HIGHEST WIND DIRECTION     W (290)
  HIGHEST GUST SPEED    12   HIGHEST GUST DIRECTION     W (290)
  AVERAGE WIND SPEED     4.7


SKY COVER
  POSSIBLE SUNSHINE  MM
  AVERAGE SKY COVER 0.7


WEATHER CONDITIONS
 THE FOLLOWING WEATHER WAS RECORDED YESTERDAY.
  LIGHT RAIN
  FOG


RELATIVE HUMIDITY (PERCENT)
 HIGHEST   100          1200 PM
 LOWEST     85          1200 AM
 AVERAGE    93

..........................................................


THE ROCKFORD IL CLIMATE NORMALS FOR TODAY
                         NORMAL    RECORD    YEAR
 MAXIMUM TEMPERATURE (F)   31        48      1968
                                             1922
 MINIMUM TEMPERATURE (F)   14       -22      1985


SUNRISE AND SUNSET
FEBRUARY  1 2016......SUNRISE   710 AM CST   SUNSET   510 PM CST
FEBRUARY  2 2016......SUNRISE   709 AM CST   SUNSET   512 PM CST


-  INDICATES NEGATIVE NUMBERS.
R  INDICATES RECORD WAS SET OR TIED.
MM INDICATES DATA IS MISSING.
T  INDICATES TRACE AMOUNT.




$$
