000
CDUS43 KLOT 032141
CLIRFD


CLIMATE REPORT
NATIONAL WEATHER SERVICE CHICAGO IL
436 PM CDT THU JUL 3 2014


...................................

...THE ROCKFORD IL CLIMATE SUMMARY FOR JULY 3 2014...
VALID TODAY AS OF 0400 PM LOCAL TIME.

CLIMATE NORMAL PERIOD 1981 TO 2010
CLIMATE RECORD PERIOD 1905 TO 2014


WEATHER ITEM   OBSERVED TIME   RECORD YEAR NORMAL DEPARTURE LAST
                VALUE   (LST)  VALUE       VALUE  FROM      YEAR
                                                  NORMAL
..................................................................
TEMPERATURE (F)
 TODAY
  MAXIMUM         76    235 PM  99    1925  85     -9       72
  MINIMUM         57    527 AM  45    1924  63     -6       57
  AVERAGE         67                        74     -7       65

PRECIPITATION (IN)
  TODAY            0.00          1.50 1926   0.13  -0.13      T
  MONTH TO DATE    0.09                      0.37  -0.28      T
  SINCE JUN 1      8.15                      5.02   3.13     7.72
  SINCE JAN 1     18.12                     17.49   0.63    27.16

SNOWFALL (IN)
  TODAY            0.0           0.0    MM   0.0    0.0      0.0
  MONTH TO DATE    0.0                       0.0    0.0      0.0
  SINCE JUN 1      0.0                       0.0    0.0      0.0
  SINCE JUL 1      0.0                       0.0    0.0      0.0

DEGREE DAYS
 HEATING
  TODAY            0                         0      0        0
  MONTH TO DATE    3                         0      3        0
  SINCE JUN 1     14                        31    -17       34
  SINCE JUL 1      3                         0      3        0

 COOLING
  TODAY            2                         9     -7        0
  MONTH TO DATE    9                        27    -18        6
  SINCE JUN 1    204                       202      2      175
  SINCE JAN 1    287                       257     30      267
..................................................................


WIND (MPH)
  HIGHEST WIND SPEED    15   HIGHEST WIND DIRECTION    NW (330)
  HIGHEST GUST SPEED    22   HIGHEST GUST DIRECTION     N (350)
  AVERAGE WIND SPEED     6.7


SKY COVER
  POSSIBLE SUNSHINE  MM
  AVERAGE SKY COVER 0.5


WEATHER CONDITIONS
 THE FOLLOWING WEATHER WAS RECORDED TODAY.
  FOG


RELATIVE HUMIDITY (PERCENT)
 HIGHEST   100           600 AM
 LOWEST     35          1100 AM
 AVERAGE    68

..........................................................


THE ROCKFORD IL CLIMATE NORMALS FOR TOMORROW
                         NORMAL    RECORD    YEAR
 MAXIMUM TEMPERATURE (F)   85       102      2012
 MINIMUM TEMPERATURE (F)   63        46      1967
                                             1924


SUNRISE AND SUNSET
JULY  3 2014..........SUNRISE   525 AM CDT   SUNSET   836 PM CDT
JULY  4 2014..........SUNRISE   526 AM CDT   SUNSET   836 PM CDT


-  INDICATES NEGATIVE NUMBERS.
R  INDICATES RECORD WAS SET OR TIED.
MM INDICATES DATA IS MISSING.
T  INDICATES TRACE AMOUNT.




$$
