000
CDUS43 KLOT 060633
CLIRFD


CLIMATE REPORT
NATIONAL WEATHER SERVICE CHICAGO IL
1231 AM CST MON NOV 6 2017


...................................

...THE ROCKFORD IL CLIMATE SUMMARY FOR NOVEMBER 5 2017...

CLIMATE NORMAL PERIOD 1981 TO 2010
CLIMATE RECORD PERIOD 1905 TO 2017


WEATHER ITEM   OBSERVED TIME   RECORD YEAR NORMAL DEPARTURE LAST
                VALUE   (LST)  VALUE       VALUE  FROM      YEAR
                                                  NORMAL
..................................................................
TEMPERATURE (F)
 YESTERDAY
  MAXIMUM         51    326 PM  74    1978  54     -3       70
                                      1924
  MINIMUM         37   1138 PM   5    1951  35      2       42
  AVERAGE         44                        44      0       56

PRECIPITATION (IN)
  YESTERDAY        T             1.02 1994   0.09  -0.09     0.00
  MONTH TO DATE    0.31                      0.46  -0.15     0.64
  SINCE SEP 1      6.67                      6.48   0.19     5.33
  SINCE JAN 1     43.46                     32.14  11.32    31.25

SNOWFALL (IN)
  YESTERDAY        0.0           1.0  1910   0.0    0.0      0.0
  MONTH TO DATE    0.0                       0.0    0.0      0.0
  SINCE SEP 1      T                         0.1   -0.1       T
  SINCE JUL 1      T                         0.1   -0.1       T
  SNOW DEPTH       0

DEGREE DAYS
 HEATING
  YESTERDAY       21                        21      0        9
  MONTH TO DATE  113                        99     14       37
  SINCE SEP 1    496                       638   -142      334
  SINCE JUL 1    503                       652   -149      334

 COOLING
  YESTERDAY        0                         0      0        0
  MONTH TO DATE    0                         0      0        4
  SINCE SEP 1    144                        93     51      186
  SINCE JAN 1    828                       820      8     1103
..................................................................


WIND (MPH)
  HIGHEST WIND SPEED    18   HIGHEST WIND DIRECTION     N (350)
  HIGHEST GUST SPEED    25   HIGHEST GUST DIRECTION     N (10)
  AVERAGE WIND SPEED     6.9


SKY COVER
  POSSIBLE SUNSHINE  MM
  AVERAGE SKY COVER 1.0


WEATHER CONDITIONS
 THE FOLLOWING WEATHER WAS RECORDED YESTERDAY.
  LIGHT RAIN
  FOG


RELATIVE HUMIDITY (PERCENT)
 HIGHEST   100           300 AM
 LOWEST     70          1000 PM
 AVERAGE    85

..........................................................


THE ROCKFORD IL CLIMATE NORMALS FOR TODAY
                         NORMAL    RECORD    YEAR
 MAXIMUM TEMPERATURE (F)   53        74      1924
                                             1916
 MINIMUM TEMPERATURE (F)   35        14      1930


SUNRISE AND SUNSET
NOVEMBER  6 2017......SUNRISE   636 AM CST   SUNSET   444 PM CST
NOVEMBER  7 2017......SUNRISE   637 AM CST   SUNSET   442 PM CST


-  INDICATES NEGATIVE NUMBERS.
R  INDICATES RECORD WAS SET OR TIED.
MM INDICATES DATA IS MISSING.
T  INDICATES TRACE AMOUNT.




$$
