000
CDUS43 KLOT 230633
CLIRFD


CLIMATE REPORT
NATIONAL WEATHER SERVICE CHICAGO IL
132 AM CDT FRI JUN 23 2017


...................................

...THE ROCKFORD IL CLIMATE SUMMARY FOR JUNE 22 2017...

CLIMATE NORMAL PERIOD 1981 TO 2010
CLIMATE RECORD PERIOD 1905 TO 2017


WEATHER ITEM   OBSERVED TIME   RECORD YEAR NORMAL DEPARTURE LAST
                VALUE   (LST)  VALUE       VALUE  FROM      YEAR
                                                  NORMAL
..................................................................
TEMPERATURE (F)
 YESTERDAY
  MAXIMUM         88   1205 PM  97    1923  83      5       80
  MINIMUM         70   1212 AM  45    1992  61      9       63
  AVERAGE         79                        72      7       72

PRECIPITATION (IN)
  YESTERDAY        T             2.36 2013   0.15  -0.15     0.18
  MONTH TO DATE    2.54                      3.51  -0.97     2.04
  SINCE JUN 1      2.54                      3.51  -0.97     2.04
  SINCE JAN 1     21.39                     15.98   5.41    13.60

SNOWFALL (IN)
  YESTERDAY        0.0           0.0    MM   0.0    0.0      0.0
  MONTH TO DATE    0.0                       0.0    0.0      0.0
  SINCE JUN 1      0.0                       0.0    0.0      0.0
  SINCE JUL 1     22.1                      36.7  -14.6     24.0
  SNOW DEPTH       0

DEGREE DAYS
 HEATING
  YESTERDAY        0                         0      0        0
  MONTH TO DATE    2                        29    -27        6
  SINCE JUN 1      2                        29    -27        6
  SINCE JUL 1   5454                      6567  -1113     5541

 COOLING
  YESTERDAY       14                         7      7        7
  MONTH TO DATE  184                       111     73      153
  SINCE JUN 1    184                       111     73      153
  SINCE JAN 1    220                       166     54      238
..................................................................


WIND (MPH)
  HIGHEST WIND SPEED    26   HIGHEST WIND DIRECTION     S (190)
  HIGHEST GUST SPEED    33   HIGHEST GUST DIRECTION     S (190)
  AVERAGE WIND SPEED    11.0


SKY COVER
  POSSIBLE SUNSHINE  MM
  AVERAGE SKY COVER 0.8


WEATHER CONDITIONS
 THE FOLLOWING WEATHER WAS RECORDED YESTERDAY.
  LIGHT RAIN


RELATIVE HUMIDITY (PERCENT)
 HIGHEST    84          1200 AM
 LOWEST     53           500 PM
 AVERAGE    69

..........................................................


THE ROCKFORD IL CLIMATE NORMALS FOR TODAY
                         NORMAL    RECORD    YEAR
 MAXIMUM TEMPERATURE (F)   83        99      1923
 MINIMUM TEMPERATURE (F)   61        43      1936


SUNRISE AND SUNSET
JUNE 23 2017..........SUNRISE   521 AM CDT   SUNSET   836 PM CDT
JUNE 24 2017..........SUNRISE   521 AM CDT   SUNSET   837 PM CDT


-  INDICATES NEGATIVE NUMBERS.
R  INDICATES RECORD WAS SET OR TIED.
MM INDICATES DATA IS MISSING.
T  INDICATES TRACE AMOUNT.




$$
