000
CDUS43 KLOT 110632
CLIRFD


CLIMATE REPORT
NATIONAL WEATHER SERVICE CHICAGO IL
132 AM CDT SUN SEP 11 2016


...................................

...THE ROCKFORD IL CLIMATE SUMMARY FOR SEPTEMBER 10 2016...

CLIMATE NORMAL PERIOD 1981 TO 2010
CLIMATE RECORD PERIOD 1905 TO 2016


WEATHER ITEM   OBSERVED TIME   RECORD YEAR NORMAL DEPARTURE LAST
                VALUE   (LST)  VALUE       VALUE  FROM      YEAR
                                                  NORMAL
..................................................................
TEMPERATURE (F)
 YESTERDAY
  MAXIMUM         73    203 PM  96    2013  78     -5       71
                                      1931
  MINIMUM         56   1159 PM  37    1917  55      1       58
  AVERAGE         65                        66     -1       65

PRECIPITATION (IN)
  YESTERDAY        0.02          1.21 1919   0.11  -0.09     0.75
  MONTH TO DATE    1.49                      1.17   0.32     1.14
  SINCE SEP 1      1.49                      1.17   0.32     1.14
  SINCE JAN 1     27.41                     26.83   0.58    25.67

SNOWFALL (IN)
  YESTERDAY        0.0           0.0    MM   0.0    0.0      0.0
  MONTH TO DATE    0.0                       0.0    0.0      0.0
  SINCE SEP 1      0.0                       0.0    0.0      0.0
  SINCE JUL 1      0.0                       0.0    0.0      0.0
  SNOW DEPTH       0

DEGREE DAYS
 HEATING
  YESTERDAY        0                         2     -2        0
  MONTH TO DATE    0                        14    -14        0
  SINCE SEP 1      0                        14    -14        0
  SINCE JUL 1      0                        28    -28       10

 COOLING
  YESTERDAY        0                         4     -4        0
  MONTH TO DATE   72                        45     27      111
  SINCE SEP 1     72                        45     27      111
  SINCE JAN 1    989                       772    217      764
..................................................................


WIND (MPH)
  HIGHEST WIND SPEED    26   HIGHEST WIND DIRECTION    NW (310)
  HIGHEST GUST SPEED    34   HIGHEST GUST DIRECTION    NW (320)
  AVERAGE WIND SPEED     9.2


SKY COVER
  POSSIBLE SUNSHINE  MM
  AVERAGE SKY COVER 0.7


WEATHER CONDITIONS
 THE FOLLOWING WEATHER WAS RECORDED YESTERDAY.
  LIGHT RAIN
  FOG


RELATIVE HUMIDITY (PERCENT)
 HIGHEST    93           100 AM
 LOWEST     53           500 PM
 AVERAGE    73

..........................................................


THE ROCKFORD IL CLIMATE NORMALS FOR TODAY
                         NORMAL    RECORD    YEAR
 MAXIMUM TEMPERATURE (F)   77        96      1931
 MINIMUM TEMPERATURE (F)   55        34      1917


SUNRISE AND SUNSET
SEPTEMBER 11 2016.....SUNRISE   633 AM CDT   SUNSET   712 PM CDT
SEPTEMBER 12 2016.....SUNRISE   634 AM CDT   SUNSET   710 PM CDT


-  INDICATES NEGATIVE NUMBERS.
R  INDICATES RECORD WAS SET OR TIED.
MM INDICATES DATA IS MISSING.
T  INDICATES TRACE AMOUNT.




$$
