000
CDUS43 KLOT 240637
CLIRFD


CLIMATE REPORT
NATIONAL WEATHER SERVICE CHICAGO IL
136 AM CDT SUN APR 24 2016


...................................

...THE ROCKFORD IL CLIMATE SUMMARY FOR APRIL 23 2016...

CLIMATE NORMAL PERIOD 1981 TO 2010
CLIMATE RECORD PERIOD 1905 TO 2016


WEATHER ITEM   OBSERVED TIME   RECORD YEAR NORMAL DEPARTURE LAST
                VALUE   (LST)  VALUE       VALUE  FROM      YEAR
                                                  NORMAL
..................................................................
TEMPERATURE (F)
 YESTERDAY
  MAXIMUM         68        MM  86    1925  64      4       57
  MINIMUM         37        MM  22    1927  41     -4       31
                                      1910
  AVERAGE         53                        52      1       44

PRECIPITATION (IN)
  YESTERDAY        0.00          1.66 1919   0.11  -0.11     0.00
  MONTH TO DATE    1.77                      2.55  -0.78     2.89
  SINCE MAR 1      5.78                      4.87   0.91     4.19
  SINCE JAN 1      7.31                      7.65  -0.34     6.11

SNOWFALL (IN)
  YESTERDAY        0.0           3.8  1967   0.1   -0.1      0.0
  MONTH TO DATE    0.4                       0.9   -0.5       T
  SINCE MAR 1      2.8                       5.7   -2.9      7.6
  SINCE JUL 1     24.0                      36.7  -12.7     35.5
  SNOW DEPTH       0

DEGREE DAYS
 HEATING
  YESTERDAY       12                        13     -1       21
  MONTH TO DATE  385                       394     -9      300
  SINCE MAR 1   1064                      1256   -192     1236
  SINCE JUL 1   5250                      6258  -1008     6682

 COOLING
  YESTERDAY        0                         0      0        0
  MONTH TO DATE    2                         0      2        0
  SINCE MAR 1      2                         0      2        0
  SINCE JAN 1      2                         0      2        0
..................................................................


WIND (MPH)
  HIGHEST WIND SPEED    13   HIGHEST WIND DIRECTION     S (170)
  HIGHEST GUST SPEED    MM   HIGHEST GUST DIRECTION    MM
  AVERAGE WIND SPEED     7.0


SKY COVER
  POSSIBLE SUNSHINE  MM
  AVERAGE SKY COVER 0.3


WEATHER CONDITIONS
 THE FOLLOWING WEATHER WAS RECORDED YESTERDAY.
  NO SIGNIFICANT WEATHER WAS OBSERVED.


RELATIVE HUMIDITY (PERCENT)
 HIGHEST    82           500 AM
 LOWEST     34           500 PM
 AVERAGE    58

..........................................................


THE ROCKFORD IL CLIMATE NORMALS FOR TODAY
                         NORMAL    RECORD    YEAR
 MAXIMUM TEMPERATURE (F)   64        88      1915
 MINIMUM TEMPERATURE (F)   41        16      1967


SUNRISE AND SUNSET
APRIL 24 2016.........SUNRISE   601 AM CDT   SUNSET   748 PM CDT
APRIL 25 2016.........SUNRISE   600 AM CDT   SUNSET   749 PM CDT


-  INDICATES NEGATIVE NUMBERS.
R  INDICATES RECORD WAS SET OR TIED.
MM INDICATES DATA IS MISSING.
T  INDICATES TRACE AMOUNT.




$$
