000
CDUS43 KLOT 072139
CLIRFD


CLIMATE REPORT
NATIONAL WEATHER SERVICE CHICAGO IL
437 PM CDT FRI JUL 7 2017


...................................

...THE ROCKFORD IL CLIMATE SUMMARY FOR JULY 7 2017...
VALID TODAY AS OF 0400 PM LOCAL TIME.

CLIMATE NORMAL PERIOD 1981 TO 2010
CLIMATE RECORD PERIOD 1905 TO 2017


WEATHER ITEM   OBSERVED TIME   RECORD YEAR NORMAL DEPARTURE LAST
                VALUE   (LST)  VALUE       VALUE  FROM      YEAR
                                                  NORMAL
..................................................................
TEMPERATURE (F)
 TODAY
  MAXIMUM         87    114 PM 105    2012  85      2       85
                                      1936
  MINIMUM         73    518 AM  47    1984  63     10       69
  AVERAGE         80                        74      6       77

PRECIPITATION (IN)
  TODAY            0.00          2.70 1912   0.13  -0.13     0.01
  MONTH TO DATE    0.24                      0.87  -0.63     1.39
  SINCE JUN 1      7.73                      5.52   2.21     3.58
  SINCE JAN 1     26.58                     17.99   8.59    15.14

SNOWFALL (IN)
  TODAY            0.0           0.0    MM   0.0    0.0      0.0
  MONTH TO DATE    0.0                       0.0    0.0      0.0
  SINCE JUN 1      0.0                       0.0    0.0      0.0
  SINCE JUL 1      0.0                       0.0    0.0      0.0

DEGREE DAYS
 HEATING
  TODAY            0                         0      0        0
  MONTH TO DATE    0                         0      0        0
  SINCE JUN 1     11                        31    -20        6
  SINCE JUL 1      0                         0      0        0

 COOLING
  TODAY           15                         9      6       12
  MONTH TO DATE   75                        63     12       51
  SINCE JUN 1    287                       238     49      267
  SINCE JAN 1    323                       293     30      352
..................................................................


WIND (MPH)
  HIGHEST WIND SPEED    21   HIGHEST WIND DIRECTION     N (350)
  HIGHEST GUST SPEED    26   HIGHEST GUST DIRECTION     N (350)
  AVERAGE WIND SPEED     8.8


SKY COVER
  POSSIBLE SUNSHINE  MM
  AVERAGE SKY COVER 0.4


WEATHER CONDITIONS
 THE FOLLOWING WEATHER WAS RECORDED TODAY.
  NO SIGNIFICANT WEATHER WAS OBSERVED.


RELATIVE HUMIDITY (PERCENT)
 HIGHEST    87           500 AM
 LOWEST     35           200 PM
 AVERAGE    61

..........................................................


THE ROCKFORD IL CLIMATE NORMALS FOR TOMORROW
                         NORMAL    RECORD    YEAR
 MAXIMUM TEMPERATURE (F)   85       104      1936
 MINIMUM TEMPERATURE (F)   63        46      1927


SUNRISE AND SUNSET
JULY  7 2017..........SUNRISE   528 AM CDT   SUNSET   835 PM CDT
JULY  8 2017..........SUNRISE   528 AM CDT   SUNSET   834 PM CDT


-  INDICATES NEGATIVE NUMBERS.
R  INDICATES RECORD WAS SET OR TIED.
MM INDICATES DATA IS MISSING.
T  INDICATES TRACE AMOUNT.




$$
