000
CDUS43 KLOT 150633
CLIRFD


CLIMATE REPORT
NATIONAL WEATHER SERVICE CHICAGO IL
132 AM CDT FRI AUG 15 2014


...................................

...THE ROCKFORD IL CLIMATE SUMMARY FOR AUGUST 14 2014...

CLIMATE NORMAL PERIOD 1981 TO 2010
CLIMATE RECORD PERIOD 1905 TO 2014


WEATHER ITEM   OBSERVED TIME   RECORD YEAR NORMAL DEPARTURE LAST
                VALUE   (LST)  VALUE       VALUE  FROM      YEAR
                                                  NORMAL
..................................................................
TEMPERATURE (F)
 YESTERDAY
  MAXIMUM         76    345 PM  97    1944  83     -7       76
  MINIMUM         54   1159 PM  43    1964  62     -8       50
  AVERAGE         65                        72     -7       63

PRECIPITATION (IN)
  YESTERDAY        0.00          5.70 1987   0.16  -0.16     0.00
  MONTH TO DATE    1.89                      2.11  -0.22     1.33
  SINCE JUN 1     12.41                     10.71   1.70    10.97
  SINCE JAN 1     22.38                     23.18  -0.80    30.41

SNOWFALL (IN)
  YESTERDAY        0.0           0.0    MM   0.0    0.0      0.0
  MONTH TO DATE    T                         0.0    0.0      0.0
  SINCE JUN 1      T                         0.0    0.0      0.0
  SINCE JUL 1      T                         0.0    0.0      0.0
  SNOW DEPTH       0

DEGREE DAYS
 HEATING
  YESTERDAY        0                         0      0        2
  MONTH TO DATE    0                         0      0        2
  SINCE JUN 1     21                        34    -13       45
  SINCE JUL 1     10                         3      7       11

 COOLING
  YESTERDAY        0                         8     -8        0
  MONTH TO DATE   88                       112    -24       79
  SINCE JUN 1    430                       561   -131      504
  SINCE JAN 1    513                       616   -103      596
..................................................................


WIND (MPH)
  HIGHEST WIND SPEED    13   HIGHEST WIND DIRECTION    NW (330)
  HIGHEST GUST SPEED    17   HIGHEST GUST DIRECTION     E (70)
  AVERAGE WIND SPEED     6.0


SKY COVER
  POSSIBLE SUNSHINE  MM
  AVERAGE SKY COVER 0.5


WEATHER CONDITIONS
 THE FOLLOWING WEATHER WAS RECORDED YESTERDAY.
  NO SIGNIFICANT WEATHER WAS OBSERVED.


RELATIVE HUMIDITY (PERCENT)
 HIGHEST    86           400 AM
 LOWEST     38           200 PM
 AVERAGE    62

..........................................................


THE ROCKFORD IL CLIMATE NORMALS FOR TODAY
                         NORMAL    RECORD    YEAR
 MAXIMUM TEMPERATURE (F)   83        99      1988
 MINIMUM TEMPERATURE (F)   62        44      1929
                                             1921


SUNRISE AND SUNSET
AUGUST 15 2014........SUNRISE   604 AM CDT   SUNSET   757 PM CDT
AUGUST 16 2014........SUNRISE   605 AM CDT   SUNSET   756 PM CDT


-  INDICATES NEGATIVE NUMBERS.
R  INDICATES RECORD WAS SET OR TIED.
MM INDICATES DATA IS MISSING.
T  INDICATES TRACE AMOUNT.




$$
