000
CDUS43 KLOT 162143
CLIRFD


CLIMATE REPORT
NATIONAL WEATHER SERVICE CHICAGO IL
443 PM CDT THU MAR 16 2017


...................................

...THE ROCKFORD IL CLIMATE SUMMARY FOR MARCH 16 2017...
VALID TODAY AS OF 0400 PM LOCAL TIME.

CLIMATE NORMAL PERIOD 1981 TO 2010
CLIMATE RECORD PERIOD 1905 TO 2017


WEATHER ITEM   OBSERVED TIME   RECORD YEAR NORMAL DEPARTURE LAST
                VALUE   (LST)  VALUE       VALUE  FROM      YEAR
                                                  NORMAL
..................................................................
TEMPERATURE (F)
 TODAY
  MAXIMUM         43    259 PM  80    2012  47     -4       56
  MINIMUM         14    643 AM   6    1923  28    -14       44
  AVERAGE         29                        37     -8       50

PRECIPITATION (IN)
  TODAY            0.00          0.98 1942   0.07  -0.07     0.24
  MONTH TO DATE    0.47                      1.06  -0.59     2.02
  SINCE MAR 1      0.47                      1.06  -0.59     2.02
  SINCE JAN 1      4.50                      3.84   0.66     3.55

SNOWFALL (IN)
  TODAY            0.0           4.6  1960   0.2   -0.2      0.0
  MONTH TO DATE    5.1                       3.1    2.0      1.8
  SINCE MAR 1      5.1                       3.1    2.0      1.8
  SINCE JUL 1     22.1                      34.1  -12.0     23.0

DEGREE DAYS
 HEATING
  TODAY           36                        28      8       15
  MONTH TO DATE  500                       495      5      349
  SINCE MAR 1    500                       495      5      349
  SINCE JUL 1   4574                      5497   -923     4535

 COOLING
  TODAY            0                         0      0        0
  MONTH TO DATE    0                         0      0        0
  SINCE MAR 1      0                         0      0        0
  SINCE JAN 1      0                         0      0        0
..................................................................


WIND (MPH)
  HIGHEST WIND SPEED    14   HIGHEST WIND DIRECTION     S (170)
  HIGHEST GUST SPEED    19   HIGHEST GUST DIRECTION     S (180)
  AVERAGE WIND SPEED     4.4


SKY COVER
  POSSIBLE SUNSHINE  MM
  AVERAGE SKY COVER 0.1


WEATHER CONDITIONS
 THE FOLLOWING WEATHER WAS RECORDED TODAY.
  NO SIGNIFICANT WEATHER WAS OBSERVED.


RELATIVE HUMIDITY (PERCENT)
 HIGHEST    80           500 AM
 LOWEST     37           100 PM
 AVERAGE    59

..........................................................


THE ROCKFORD IL CLIMATE NORMALS FOR TOMORROW
                         NORMAL    RECORD    YEAR
 MAXIMUM TEMPERATURE (F)   47        82      2012
 MINIMUM TEMPERATURE (F)   28        -3      1941


SUNRISE AND SUNSET
MARCH 16 2017.........SUNRISE   706 AM CDT   SUNSET   704 PM CDT
MARCH 17 2017.........SUNRISE   704 AM CDT   SUNSET   706 PM CDT


-  INDICATES NEGATIVE NUMBERS.
R  INDICATES RECORD WAS SET OR TIED.
MM INDICATES DATA IS MISSING.
T  INDICATES TRACE AMOUNT.




$$
