000
CDUS43 KLOT 072135
CLIRFD


CLIMATE REPORT
NATIONAL WEATHER SERVICE CHICAGO IL
434 PM CDT WED JUN 7 2017


...................................

...THE ROCKFORD IL CLIMATE SUMMARY FOR JUNE 7 2017...
VALID TODAY AS OF 0400 PM LOCAL TIME.

CLIMATE NORMAL PERIOD 1981 TO 2010
CLIMATE RECORD PERIOD 1905 TO 2017


WEATHER ITEM   OBSERVED TIME   RECORD YEAR NORMAL DEPARTURE LAST
                VALUE   (LST)  VALUE       VALUE  FROM      YEAR
                                                  NORMAL
..................................................................
TEMPERATURE (F)
 TODAY
  MAXIMUM         79    259 PM  97    1933  79      0       69
  MINIMUM         54    440 AM  38    1935  56     -2       52
  AVERAGE         67                        67      0       61

PRECIPITATION (IN)
  TODAY            0.00          2.87 1916   0.17  -0.17     0.00
  MONTH TO DATE    0.81                      1.15  -0.34     0.03
  SINCE JUN 1      0.81                      1.15  -0.34     0.03
  SINCE JAN 1     19.66                     13.62   6.04    11.59

SNOWFALL (IN)
  TODAY            0.0           0.0    MM   0.0    0.0      0.0
  MONTH TO DATE    0.0                       0.0    0.0      0.0
  SINCE JUN 1      0.0                       0.0    0.0      0.0
  SINCE JUL 1     22.1                      36.7  -14.6     24.0

DEGREE DAYS
 HEATING
  TODAY            0                         2     -2        4
  MONTH TO DATE    2                        16    -14        4
  SINCE JUN 1      2                        16    -14        4
  SINCE JUL 1   5454                      6554  -1100     5539

 COOLING
  TODAY            2                         4     -2        0
  MONTH TO DATE   26                        25      1       29
  SINCE JUN 1     26                        25      1       29
  SINCE JAN 1     62                        80    -18      114
..................................................................


WIND (MPH)
  HIGHEST WIND SPEED    17   HIGHEST WIND DIRECTION     E (80)
  HIGHEST GUST SPEED    22   HIGHEST GUST DIRECTION     E (80)
  AVERAGE WIND SPEED     7.9


SKY COVER
  POSSIBLE SUNSHINE  MM
  AVERAGE SKY COVER 0.1


WEATHER CONDITIONS
 THE FOLLOWING WEATHER WAS RECORDED TODAY.
  NO SIGNIFICANT WEATHER WAS OBSERVED.


RELATIVE HUMIDITY (PERCENT)
 HIGHEST    83           400 AM
 LOWEST     29          1100 AM
 AVERAGE    56

..........................................................


THE ROCKFORD IL CLIMATE NORMALS FOR TOMORROW
                         NORMAL    RECORD    YEAR
 MAXIMUM TEMPERATURE (F)   79        98      1934
 MINIMUM TEMPERATURE (F)   56        36      1913


SUNRISE AND SUNSET
JUNE  7 2017..........SUNRISE   520 AM CDT   SUNSET   830 PM CDT
JUNE  8 2017..........SUNRISE   520 AM CDT   SUNSET   831 PM CDT


-  INDICATES NEGATIVE NUMBERS.
R  INDICATES RECORD WAS SET OR TIED.
MM INDICATES DATA IS MISSING.
T  INDICATES TRACE AMOUNT.




$$
