000
CDUS43 KLOT 270635
CLIRFD


CLIMATE REPORT
NATIONAL WEATHER SERVICE CHICAGO IL
134 AM CDT SAT JUN 27 2015


...................................

...THE ROCKFORD IL CLIMATE SUMMARY FOR JUNE 26 2015...

CLIMATE NORMAL PERIOD 1981 TO 2010
CLIMATE RECORD PERIOD 1905 TO 2015


WEATHER ITEM   OBSERVED TIME   RECORD YEAR NORMAL DEPARTURE LAST
                VALUE   (LST)  VALUE       VALUE  FROM      YEAR
                                                  NORMAL
..................................................................
TEMPERATURE (F)
 YESTERDAY
  MAXIMUM         72    244 PM 100    1931  84    -12       80
  MINIMUM         60    506 AM  45    1926  62     -2       60
  AVERAGE         66                        73     -7       70

PRECIPITATION (IN)
  YESTERDAY        T             1.62 1998   0.15  -0.15     0.00
  MONTH TO DATE    4.09                      4.11  -0.02     6.20
  SINCE JUN 1      4.09                      4.11  -0.02     6.20
  SINCE JAN 1     15.28                     16.58  -1.30    16.17

SNOWFALL (IN)
  YESTERDAY        0.0           0.0    MM   0.0    0.0      0.0
  MONTH TO DATE    0.0                       0.0    0.0      0.0
  SINCE JUN 1      0.0                       0.0    0.0      0.0
  SINCE JUL 1     35.5                      36.7   -1.2     56.9
  SNOW DEPTH       0

DEGREE DAYS
 HEATING
  YESTERDAY        0                         0      0        0
  MONTH TO DATE   16                        29    -13       11
  SINCE JUN 1     16                        29    -13       11
  SINCE JUL 1   6973                      6567    406     7680

 COOLING
  YESTERDAY        1                         8     -7        5
  MONTH TO DATE  139                       142     -3      151
  SINCE JUN 1    139                       142     -3      151
  SINCE JAN 1    199                       197      2      234
..................................................................


WIND (MPH)
  HIGHEST WIND SPEED    20   HIGHEST WIND DIRECTION    NE (40)
  HIGHEST GUST SPEED    23   HIGHEST GUST DIRECTION    NE (60)
  AVERAGE WIND SPEED     7.8


SKY COVER
  POSSIBLE SUNSHINE  MM
  AVERAGE SKY COVER 0.9


WEATHER CONDITIONS
 THE FOLLOWING WEATHER WAS RECORDED YESTERDAY.
  LIGHT RAIN


RELATIVE HUMIDITY (PERCENT)
 HIGHEST    87           900 AM
 LOWEST     66           400 PM
 AVERAGE    77

..........................................................


THE ROCKFORD IL CLIMATE NORMALS FOR TODAY
                         NORMAL    RECORD    YEAR
 MAXIMUM TEMPERATURE (F)   84       103      1933
 MINIMUM TEMPERATURE (F)   62        45      1927


SUNRISE AND SUNSET
JUNE 27 2015..........SUNRISE   522 AM CDT   SUNSET   837 PM CDT
JUNE 28 2015..........SUNRISE   522 AM CDT   SUNSET   837 PM CDT


-  INDICATES NEGATIVE NUMBERS.
R  INDICATES RECORD WAS SET OR TIED.
MM INDICATES DATA IS MISSING.
T  INDICATES TRACE AMOUNT.




$$
