000
CDUS43 KLOT 190634
CLIRFD


CLIMATE REPORT
NATIONAL WEATHER SERVICE CHICAGO IL
1232 AM CST WED NOV 19 2014


...................................

...THE ROCKFORD IL CLIMATE SUMMARY FOR NOVEMBER 18 2014...

CLIMATE NORMAL PERIOD 1981 TO 2010
CLIMATE RECORD PERIOD 1905 TO 2014


WEATHER ITEM   OBSERVED TIME   RECORD YEAR NORMAL DEPARTURE LAST
                VALUE   (LST)  VALUE       VALUE  FROM      YEAR
                                                  NORMAL
..................................................................
TEMPERATURE (F)
 YESTERDAY
  MAXIMUM         19    940 PM  71    1941  46    -27       42
                                      1930
  MINIMUM          8R   742 AM  11    1989  29    -21       29
  AVERAGE         14                        38    -24       36

PRECIPITATION (IN)
  YESTERDAY        T             1.45 1957   0.09  -0.09     0.00
  MONTH TO DATE    0.56                      1.58  -1.02     1.90
  SINCE SEP 1      5.25                      7.60  -2.35     6.69
  SINCE JAN 1     31.50                     33.26  -1.76    38.69

SNOWFALL (IN)
  YESTERDAY        T             4.2  1926   0.1   -0.1      0.0
  MONTH TO DATE    1.7                       0.4    1.3      0.4
  SINCE SEP 1      1.8                       0.5    1.3      0.4
  SINCE JUL 1      1.8                       0.5    1.3      0.4
  SNOW DEPTH       0

DEGREE DAYS
 HEATING
  YESTERDAY       51                        27     24       29
  MONTH TO DATE  537                       414    123      431
  SINCE SEP 1   1089                       953    136      921
  SINCE JUL 1   1099                       967    132      932

 COOLING
  YESTERDAY        0                         0      0        0
  MONTH TO DATE    0                         0      0        0
  SINCE SEP 1     73                        93    -20      141
  SINCE JAN 1    729                       820    -91      890
..................................................................


WIND (MPH)
  HIGHEST WIND SPEED    23   HIGHEST WIND DIRECTION     W (270)
  HIGHEST GUST SPEED    29   HIGHEST GUST DIRECTION     W (260)
  AVERAGE WIND SPEED    13.3


SKY COVER
  POSSIBLE SUNSHINE  MM
  AVERAGE SKY COVER 0.6


WEATHER CONDITIONS
 THE FOLLOWING WEATHER WAS RECORDED YESTERDAY.
  LIGHT SNOW


RELATIVE HUMIDITY (PERCENT)
 HIGHEST    80           300 AM
 LOWEST     54           100 PM
 AVERAGE    67

..........................................................


THE ROCKFORD IL CLIMATE NORMALS FOR TODAY
                         NORMAL    RECORD    YEAR
 MAXIMUM TEMPERATURE (F)   46        76      1930
 MINIMUM TEMPERATURE (F)   29         7      1914


SUNRISE AND SUNSET
NOVEMBER 19 2014......SUNRISE   652 AM CST   SUNSET   432 PM CST
NOVEMBER 20 2014......SUNRISE   653 AM CST   SUNSET   431 PM CST


-  INDICATES NEGATIVE NUMBERS.
R  INDICATES RECORD WAS SET OR TIED.
MM INDICATES DATA IS MISSING.
T  INDICATES TRACE AMOUNT.




$$
