000
CDUS43 KLOT 120635
CLIRFD


CLIMATE REPORT
NATIONAL WEATHER SERVICE CHICAGO IL
134 AM CDT THU MAY 12 2016


...................................

...THE ROCKFORD IL CLIMATE SUMMARY FOR MAY 11 2016...

CLIMATE NORMAL PERIOD 1981 TO 2010
CLIMATE RECORD PERIOD 1905 TO 2016


WEATHER ITEM   OBSERVED TIME   RECORD YEAR NORMAL DEPARTURE LAST
                VALUE   (LST)  VALUE       VALUE  FROM      YEAR
                                                  NORMAL
..................................................................
TEMPERATURE (F)
 YESTERDAY
  MAXIMUM         71    537 PM  91    2011  70      1       68
  MINIMUM         53    522 AM  28    1907  47      6       50
  AVERAGE         62                        58      4       59

PRECIPITATION (IN)
  YESTERDAY        0.08          2.14 1966   0.12  -0.04     0.08
  MONTH TO DATE    1.68                      1.26   0.42     2.08
  SINCE MAR 1      8.59                      6.93   1.66     6.50
  SINCE JAN 1     10.12                      9.71   0.41     8.42

SNOWFALL (IN)
  YESTERDAY        0.0           1.0  1966   0.0    0.0      0.0
  MONTH TO DATE    0.0                       0.0    0.0      0.0
  SINCE MAR 1      2.8                       5.7   -2.9      7.6
  SINCE JUL 1     24.0                      36.7  -12.7     35.5
  SNOW DEPTH       0

DEGREE DAYS
 HEATING
  YESTERDAY        3                         8     -5        6
  MONTH TO DATE  100                        98      2       45
  SINCE MAR 1   1250                      1436   -186     1395
  SINCE JUL 1   5436                      6438  -1002     6841

 COOLING
  YESTERDAY        0                         1     -1        0
  MONTH TO DATE    0                         9     -9       13
  SINCE MAR 1      7                        17    -10       13
  SINCE JAN 1      7                        17    -10       13
..................................................................


WIND (MPH)
  HIGHEST WIND SPEED    25   HIGHEST WIND DIRECTION    SE (120)
  HIGHEST GUST SPEED    32   HIGHEST GUST DIRECTION    SE (130)
  AVERAGE WIND SPEED     6.2


SKY COVER
  POSSIBLE SUNSHINE  MM
  AVERAGE SKY COVER 1.0


WEATHER CONDITIONS
 THE FOLLOWING WEATHER WAS RECORDED YESTERDAY.
  THUNDERSTORM
  LIGHT RAIN
  FOG
  HAZE


RELATIVE HUMIDITY (PERCENT)
 HIGHEST    93          1200 AM
 LOWEST     73           200 PM
 AVERAGE    83

..........................................................


THE ROCKFORD IL CLIMATE NORMALS FOR TODAY
                         NORMAL    RECORD    YEAR
 MAXIMUM TEMPERATURE (F)   71        87      2011
                                             1991
 MINIMUM TEMPERATURE (F)   47        29      1981


SUNRISE AND SUNSET
MAY 12 2016...........SUNRISE   538 AM CDT   SUNSET   808 PM CDT
MAY 13 2016...........SUNRISE   537 AM CDT   SUNSET   809 PM CDT


-  INDICATES NEGATIVE NUMBERS.
R  INDICATES RECORD WAS SET OR TIED.
MM INDICATES DATA IS MISSING.
T  INDICATES TRACE AMOUNT.




$$
