000
CDUS43 KLOT 082136
CLIRFD


CLIMATE REPORT
NATIONAL WEATHER SERVICE CHICAGO IL
436 PM CDT MON AUG 8 2016


...................................

...THE ROCKFORD IL CLIMATE SUMMARY FOR AUGUST 8 2016...
VALID TODAY AS OF 0400 PM LOCAL TIME.

CLIMATE NORMAL PERIOD 1981 TO 2010
CLIMATE RECORD PERIOD 1905 TO 2016


WEATHER ITEM   OBSERVED TIME   RECORD YEAR NORMAL DEPARTURE LAST
                VALUE   (LST)  VALUE       VALUE  FROM      YEAR
                                                  NORMAL
..................................................................
TEMPERATURE (F)
 TODAY
  MAXIMUM         85    246 PM  99    1934  83      2       78
  MINIMUM         67    446 AM  46    1927  62      5       64
  AVERAGE         76                        73      3       71

PRECIPITATION (IN)
  TODAY            0.00          1.75 1939   0.15  -0.15      T
  MONTH TO DATE    0.88                      1.18  -0.30      T
  SINCE JUN 1     10.94                      9.78   1.16     8.14
  SINCE JAN 1     22.50                     22.25   0.25    19.33

SNOWFALL (IN)
  TODAY            0.0           0.0    MM   0.0    0.0      0.0
  MONTH TO DATE    0.0                       0.0    0.0      0.0
  SINCE JUN 1      0.0                       0.0    0.0      0.0
  SINCE JUL 1      0.0                       0.0    0.0      0.0

DEGREE DAYS
 HEATING
  TODAY            0                         0      0        0
  MONTH TO DATE    0                         0      0        0
  SINCE JUN 1      6                        34    -28       21
  SINCE JUL 1      0                         3     -3        5

 COOLING
  TODAY           11                         8      3        6
  MONTH TO DATE   85                        64     21       61
  SINCE JUN 1    615                       513    102      454
  SINCE JAN 1    700                       568    132      514
..................................................................


WIND (MPH)
  HIGHEST WIND SPEED    14   HIGHEST WIND DIRECTION     E (110)
  HIGHEST GUST SPEED    19   HIGHEST GUST DIRECTION    NE (50)
  AVERAGE WIND SPEED     8.3


SKY COVER
  POSSIBLE SUNSHINE  MM
  AVERAGE SKY COVER 0.7


WEATHER CONDITIONS
 THE FOLLOWING WEATHER WAS RECORDED TODAY.
  NO SIGNIFICANT WEATHER WAS OBSERVED.


RELATIVE HUMIDITY (PERCENT)
 HIGHEST    78           300 AM
 LOWEST     48           300 PM
 AVERAGE    63

..........................................................


THE ROCKFORD IL CLIMATE NORMALS FOR TOMORROW
                         NORMAL    RECORD    YEAR
 MAXIMUM TEMPERATURE (F)   83       100      1936
                                             1934
 MINIMUM TEMPERATURE (F)   62        43      1927


SUNRISE AND SUNSET
AUGUST  8 2016........SUNRISE   557 AM CDT   SUNSET   806 PM CDT
AUGUST  9 2016........SUNRISE   558 AM CDT   SUNSET   805 PM CDT


-  INDICATES NEGATIVE NUMBERS.
R  INDICATES RECORD WAS SET OR TIED.
MM INDICATES DATA IS MISSING.
T  INDICATES TRACE AMOUNT.




$$
