000
CDUS43 KLOT 230632
CLIRFD


CLIMATE REPORT
NATIONAL WEATHER SERVICE CHICAGO IL
132 AM CDT SAT APR 23 2016


...................................

...THE ROCKFORD IL CLIMATE SUMMARY FOR APRIL 22 2016...

CLIMATE NORMAL PERIOD 1981 TO 2010
CLIMATE RECORD PERIOD 1905 TO 2016


WEATHER ITEM   OBSERVED TIME   RECORD YEAR NORMAL DEPARTURE LAST
                VALUE   (LST)  VALUE       VALUE  FROM      YEAR
                                                  NORMAL
..................................................................
TEMPERATURE (F)
 YESTERDAY
  MAXIMUM         64    215 PM  91    1980  64      0       49
  MINIMUM         43   1159 PM  23    1986  41      2       34
  AVERAGE         54                        52      2       42

PRECIPITATION (IN)
  YESTERDAY        0.00          1.16 1999   0.11  -0.11      T
  MONTH TO DATE    1.77                      2.44  -0.67     2.89
  SINCE MAR 1      5.78                      4.76   1.02     4.19
  SINCE JAN 1      7.31                      7.54  -0.23     6.11

SNOWFALL (IN)
  YESTERDAY        0.0           0.1  1984   0.0    0.0       T
                                      2001
  MONTH TO DATE    0.4                       0.8   -0.4       T
  SINCE MAR 1      2.8                       5.6   -2.8      7.6
  SINCE JUL 1     24.0                      36.6  -12.6     35.5
  SNOW DEPTH       0

DEGREE DAYS
 HEATING
  YESTERDAY       11                        13     -2       23
  MONTH TO DATE  373                       381     -8      279
  SINCE MAR 1   1052                      1243   -191     1215
  SINCE JUL 1   5238                      6245  -1007     6661

 COOLING
  YESTERDAY        0                         0      0        0
  MONTH TO DATE    2                         0      2        0
  SINCE MAR 1      2                         0      2        0
  SINCE JAN 1      2                         0      2        0
..................................................................


WIND (MPH)
  HIGHEST WIND SPEED    20   HIGHEST WIND DIRECTION    NE (40)
  HIGHEST GUST SPEED    24   HIGHEST GUST DIRECTION    NE (50)
  AVERAGE WIND SPEED     9.4


SKY COVER
  POSSIBLE SUNSHINE  MM
  AVERAGE SKY COVER 0.6


WEATHER CONDITIONS
 THE FOLLOWING WEATHER WAS RECORDED YESTERDAY.
  FOG


RELATIVE HUMIDITY (PERCENT)
 HIGHEST    89           100 AM
 LOWEST     55           400 PM
 AVERAGE    72

..........................................................


THE ROCKFORD IL CLIMATE NORMALS FOR TODAY
                         NORMAL    RECORD    YEAR
 MAXIMUM TEMPERATURE (F)   64        86      1925
 MINIMUM TEMPERATURE (F)   41        22      1927
                                             1910


SUNRISE AND SUNSET
APRIL 23 2016.........SUNRISE   603 AM CDT   SUNSET   747 PM CDT
APRIL 24 2016.........SUNRISE   601 AM CDT   SUNSET   748 PM CDT


-  INDICATES NEGATIVE NUMBERS.
R  INDICATES RECORD WAS SET OR TIED.
MM INDICATES DATA IS MISSING.
T  INDICATES TRACE AMOUNT.




$$
