018
CDUS43 KLOT 280636
CLIRFD


CLIMATE REPORT
NATIONAL WEATHER SERVICE CHICAGO IL
1235 AM CST MON NOV 28 2016


...................................

...THE ROCKFORD IL CLIMATE SUMMARY FOR NOVEMBER 27 2016...

CLIMATE NORMAL PERIOD 1981 TO 2010
CLIMATE RECORD PERIOD 1905 TO 2016


WEATHER ITEM   OBSERVED TIME   RECORD YEAR NORMAL DEPARTURE LAST
                VALUE   (LST)  VALUE       VALUE  FROM      YEAR
                                                  NORMAL
..................................................................
TEMPERATURE (F)
 YESTERDAY
  MAXIMUM         42   1159 PM  65    1990  41      1       46
  MINIMUM         30    628 AM  -1    1930  25      5       31
  AVERAGE         36                        33      3       39

PRECIPITATION (IN)
  YESTERDAY        0.59          1.59 1990   0.08   0.51     0.26
  MONTH TO DATE    1.63                      2.33  -0.70     5.02
  SINCE SEP 1      6.32                      8.35  -2.03    10.32
  SINCE JAN 1     32.24                     34.01  -1.77    34.85

SNOWFALL (IN)
  YESTERDAY        0.0           6.6  1995   0.2   -0.2      0.0
  MONTH TO DATE    T                         1.3   -1.3      8.8
  SINCE SEP 1      T                         1.4   -1.4      8.8
  SINCE JUL 1      T                         1.4   -1.4      8.8
  SNOW DEPTH       0

DEGREE DAYS
 HEATING
  YESTERDAY       29                        32     -3       26
  MONTH TO DATE  503                       683   -180      551
  SINCE SEP 1    800                      1222   -422      928
  SINCE JUL 1    800                      1236   -436      938

 COOLING
  YESTERDAY        0                         0      0        0
  MONTH TO DATE    4                         0      4        0
  SINCE SEP 1    186                        93     93      172
  SINCE JAN 1   1103                       820    283      825
..................................................................


WIND (MPH)
  HIGHEST WIND SPEED    25   HIGHEST WIND DIRECTION    SE (150)
  HIGHEST GUST SPEED    32   HIGHEST GUST DIRECTION     S (170)
  AVERAGE WIND SPEED    12.2


SKY COVER
  POSSIBLE SUNSHINE  MM
  AVERAGE SKY COVER 0.9


WEATHER CONDITIONS
 THE FOLLOWING WEATHER WAS RECORDED YESTERDAY.
  RAIN
  LIGHT RAIN
  FOG
  FOG W/VISIBILITY <= 1/4 MILE


RELATIVE HUMIDITY (PERCENT)
 HIGHEST   100          1100 AM
 LOWEST     82           900 PM
 AVERAGE    91

..........................................................


THE ROCKFORD IL CLIMATE NORMALS FOR TODAY
                         NORMAL    RECORD    YEAR
 MAXIMUM TEMPERATURE (F)   40        65      1998
 MINIMUM TEMPERATURE (F)   24        -6      1930


SUNRISE AND SUNSET
NOVEMBER 28 2016......SUNRISE   703 AM CST   SUNSET   426 PM CST
NOVEMBER 29 2016......SUNRISE   704 AM CST   SUNSET   426 PM CST


-  INDICATES NEGATIVE NUMBERS.
R  INDICATES RECORD WAS SET OR TIED.
MM INDICATES DATA IS MISSING.
T  INDICATES TRACE AMOUNT.




$$
