000
CDUS43 KLOT 230640
CLIRFD

CLIMATE REPORT
NATIONAL WEATHER SERVICE CHICAGO IL
136 AM CDT TUE JUN 23 2015

...................................
...THE ROCKFORD IL CLIMATE SUMMARY FOR JUNE 22 2015...

CLIMATE NORMAL PERIOD 1981 TO 2010
CLIMATE RECORD PERIOD 1905 TO 2015


WEATHER ITEM   OBSERVED TIME   RECORD YEAR NORMAL DEPARTURE LAST
                VALUE   (LST)  VALUE       VALUE  FROM      YEAR
                                                  NORMAL
..................................................................
TEMPERATURE (F)
 YESTERDAY
  MAXIMUM         83    500 PM  97    1923  83      0       84
  MINIMUM         66    407 AM  45    1992  61      5       60
  AVERAGE         75                        72      3       72

PRECIPITATION (IN)
  YESTERDAY        0.34          2.36 2013   0.15   0.19      T
  MONTH TO DATE    3.68                      3.51   0.17     5.76
  SINCE JUN 1      3.68                      3.51   0.17     5.76
  SINCE JAN 1     14.87                     15.98  -1.11    15.73

SNOWFALL (IN)
  YESTERDAY        0.0           0.0    MM   0.0    0.0      0.0
  MONTH TO DATE    0.0                       0.0    0.0      0.0
  SINCE JUN 1      0.0                       0.0    0.0      0.0
  SINCE JUL 1     35.5                      36.7   -1.2     56.9
  SNOW DEPTH       0

DEGREE DAYS
 HEATING
  YESTERDAY        0                         0      0        0
  MONTH TO DATE   16                        29    -13       11
  SINCE JUN 1     16                        29    -13       11
  SINCE JUL 1   6973                      6567    406     7680

 COOLING
  YESTERDAY       10                         7      3        7
  MONTH TO DATE  121                       111     10      115
  SINCE JUN 1    121                       111     10      115
  SINCE JAN 1    181                       166     15      198
..................................................................


WIND (MPH)
  HIGHEST WIND SPEED    30   HIGHEST WIND DIRECTION     S (180)
  HIGHEST GUST SPEED    37   HIGHEST GUST DIRECTION     S (190)
  AVERAGE WIND SPEED    10.1


SKY COVER
  POSSIBLE SUNSHINE  MM
  AVERAGE SKY COVER 0.8


WEATHER CONDITIONS
 THE FOLLOWING WEATHER WAS RECORDED YESTERDAY.
  THUNDERSTORM
  HEAVY RAIN
  RAIN
  LIGHT RAIN
  FOG


RELATIVE HUMIDITY (PERCENT)
 HIGHEST    93           300 AM
 LOWEST     74           300 PM
 AVERAGE    84

..........................................................


THE ROCKFORD IL CLIMATE NORMALS FOR TODAY
                         NORMAL    RECORD    YEAR
 MAXIMUM TEMPERATURE (F)   83        99      1923
 MINIMUM TEMPERATURE (F)   61        43      1936


SUNRISE AND SUNSET
JUNE 23 2015..........SUNRISE   521 AM CDT   SUNSET   836 PM CDT
JUNE 24 2015..........SUNRISE   521 AM CDT   SUNSET   837 PM CDT


-  INDICATES NEGATIVE NUMBERS.
R  INDICATES RECORD WAS SET OR TIED.
MM INDICATES DATA IS MISSING.
T  INDICATES TRACE AMOUNT.

$$
