000
CDUS43 KLOT 190636
CLIRFD


CLIMATE REPORT
NATIONAL WEATHER SERVICE CHICAGO IL
135 AM CDT TUE AUG 19 2014


...................................

...THE ROCKFORD IL CLIMATE SUMMARY FOR AUGUST 18 2014...

CLIMATE NORMAL PERIOD 1981 TO 2010
CLIMATE RECORD PERIOD 1905 TO 2014


WEATHER ITEM   OBSERVED TIME   RECORD YEAR NORMAL DEPARTURE LAST
                VALUE   (LST)  VALUE       VALUE  FROM      YEAR
                                                  NORMAL
..................................................................
TEMPERATURE (F)
 YESTERDAY
  MAXIMUM         84    303 PM 101    1936  82      2       83
  MINIMUM         62    614 AM  45    1963  61      1       54
  AVERAGE         73                        72      1       69

PRECIPITATION (IN)
  YESTERDAY        T             2.23 2005   0.15  -0.15     0.00
  MONTH TO DATE    1.89                      2.75  -0.86     1.33
  SINCE JUN 1     12.41                     11.35   1.06    10.97
  SINCE JAN 1     22.38                     23.82  -1.44    30.41

SNOWFALL (IN)
  YESTERDAY        0.0           0.0    MM   0.0    0.0      0.0
  MONTH TO DATE    T                         0.0    0.0      0.0
  SINCE JUN 1      T                         0.0    0.0      0.0
  SINCE JUL 1      T                         0.0    0.0      0.0
  SNOW DEPTH       0

DEGREE DAYS
 HEATING
  YESTERDAY        0                         0      0        0
  MONTH TO DATE    0                         0      0        2
  SINCE JUN 1     21                        34    -13       45
  SINCE JUL 1     10                         3      7       11

 COOLING
  YESTERDAY        8                         7      1        4
  MONTH TO DATE  107                       140    -33       90
  SINCE JUN 1    449                       589   -140      515
  SINCE JAN 1    532                       644   -112      607
..................................................................


WIND (MPH)
  HIGHEST WIND SPEED    15   HIGHEST WIND DIRECTION     S (190)
  HIGHEST GUST SPEED    20   HIGHEST GUST DIRECTION    SW (210)
  AVERAGE WIND SPEED     5.4


SKY COVER
  POSSIBLE SUNSHINE  MM
  AVERAGE SKY COVER 0.7


WEATHER CONDITIONS
 THE FOLLOWING WEATHER WAS RECORDED YESTERDAY.
  LIGHT RAIN
  FOG
  HAZE


RELATIVE HUMIDITY (PERCENT)
 HIGHEST    93           100 AM
 LOWEST     58           200 PM
 AVERAGE    76

..........................................................


THE ROCKFORD IL CLIMATE NORMALS FOR TODAY
                         NORMAL    RECORD    YEAR
 MAXIMUM TEMPERATURE (F)   82       100      1947
                                             1916
 MINIMUM TEMPERATURE (F)   61        44      1915


SUNRISE AND SUNSET
AUGUST 19 2014........SUNRISE   608 AM CDT   SUNSET   751 PM CDT
AUGUST 20 2014........SUNRISE   609 AM CDT   SUNSET   750 PM CDT


-  INDICATES NEGATIVE NUMBERS.
R  INDICATES RECORD WAS SET OR TIED.
MM INDICATES DATA IS MISSING.
T  INDICATES TRACE AMOUNT.




$$
