000
CDUS43 KLOT 160634
CLIRFD


CLIMATE REPORT
NATIONAL WEATHER SERVICE CHICAGO IL
1234 AM CST WED NOV 16 2016


...................................

...THE ROCKFORD IL CLIMATE SUMMARY FOR NOVEMBER 15 2016...

CLIMATE NORMAL PERIOD 1981 TO 2010
CLIMATE RECORD PERIOD 1905 TO 2016


WEATHER ITEM   OBSERVED TIME   RECORD YEAR NORMAL DEPARTURE LAST
                VALUE   (LST)  VALUE       VALUE  FROM      YEAR
                                                  NORMAL
..................................................................
TEMPERATURE (F)
 YESTERDAY
  MAXIMUM         60    221 PM  69    1990  48     12       63
                                      1953
  MINIMUM         34    440 AM   0    1959  31      3       38
  AVERAGE         47                        39      8       51

PRECIPITATION (IN)
  YESTERDAY        0.00          1.14 1960   0.10  -0.10     0.00
  MONTH TO DATE    0.65                      1.33  -0.68     0.57
  SINCE SEP 1      5.34                      7.35  -2.01     5.87
  SINCE JAN 1     31.26                     33.01  -1.75    30.40

SNOWFALL (IN)
  YESTERDAY        0.0           2.0  1947   0.0    0.0      0.0
  MONTH TO DATE    0.0                       0.2   -0.2      0.0
  SINCE SEP 1      T                         0.3   -0.3      0.0
  SINCE JUL 1      T                         0.3   -0.3      0.0
  SNOW DEPTH       0

DEGREE DAYS
 HEATING
  YESTERDAY       18                        26     -8       14
  MONTH TO DATE  204                       334   -130      233
  SINCE SEP 1    501                       873   -372      610
  SINCE JUL 1    501                       887   -386      620

 COOLING
  YESTERDAY        0                         0      0        0
  MONTH TO DATE    4                         0      4        0
  SINCE SEP 1    186                        93     93      172
  SINCE JAN 1   1103                       820    283      825
..................................................................


WIND (MPH)
  HIGHEST WIND SPEED    13   HIGHEST WIND DIRECTION     W (270)
  HIGHEST GUST SPEED    15   HIGHEST GUST DIRECTION     W (280)
  AVERAGE WIND SPEED     3.2


SKY COVER
  POSSIBLE SUNSHINE  MM
  AVERAGE SKY COVER 0.5


WEATHER CONDITIONS
 THE FOLLOWING WEATHER WAS RECORDED YESTERDAY.
  FOG


RELATIVE HUMIDITY (PERCENT)
 HIGHEST    92          1200 AM
 LOWEST     51           100 PM
 AVERAGE    72

..........................................................


THE ROCKFORD IL CLIMATE NORMALS FOR TODAY
                         NORMAL    RECORD    YEAR
 MAXIMUM TEMPERATURE (F)   47        75      1931
 MINIMUM TEMPERATURE (F)   30         2      1959


SUNRISE AND SUNSET
NOVEMBER 16 2016......SUNRISE   649 AM CST   SUNSET   434 PM CST
NOVEMBER 17 2016......SUNRISE   650 AM CST   SUNSET   433 PM CST


-  INDICATES NEGATIVE NUMBERS.
R  INDICATES RECORD WAS SET OR TIED.
MM INDICATES DATA IS MISSING.
T  INDICATES TRACE AMOUNT.




$$
