000
CDUS43 KLOT 110641
CLIRFD


CLIMATE REPORT
NATIONAL WEATHER SERVICE CHICAGO IL
134 AM CDT MON AUG 11 2014


...................................

...THE ROCKFORD IL CLIMATE SUMMARY FOR AUGUST 10 2014...

CLIMATE NORMAL PERIOD 1981 TO 2010
CLIMATE RECORD PERIOD 1905 TO 2014


WEATHER ITEM   OBSERVED TIME   RECORD YEAR NORMAL DEPARTURE LAST
                VALUE   (LST)  VALUE       VALUE  FROM      YEAR
                                                  NORMAL
..................................................................
TEMPERATURE (F)
 YESTERDAY
  MAXIMUM         83    156 PM  98    1944  83      0       81
                                      1913
  MINIMUM         64   1241 AM  48    1917  62      2       59
  AVERAGE         74                        72      2       70

PRECIPITATION (IN)
  YESTERDAY        T             1.87 1994   0.15  -0.15     0.00
  MONTH TO DATE    1.83                      1.48   0.35     1.28
  SINCE JUN 1     12.35                     10.08   2.27    10.92
  SINCE JAN 1     22.32                     22.55  -0.23    30.36

SNOWFALL (IN)
  YESTERDAY        0.0           0.0    MM   0.0    0.0      0.0
  MONTH TO DATE    T                         0.0    0.0      0.0
  SINCE JUN 1      T                         0.0    0.0      0.0
  SINCE JUL 1      T                         0.0    0.0      0.0
  SNOW DEPTH       0

DEGREE DAYS
 HEATING
  YESTERDAY        0                         0      0        0
  MONTH TO DATE    0                         0      0        0
  SINCE JUN 1     21                        34    -13       43
  SINCE JUL 1     10                         3      7        9

 COOLING
  YESTERDAY        9                         8      1        5
  MONTH TO DATE   73                        80     -7       67
  SINCE JUN 1    415                       529   -114      492
  SINCE JAN 1    498                       584    -86      584
..................................................................


WIND (MPH)
  HIGHEST WIND SPEED    13   HIGHEST WIND DIRECTION     E (80)
  HIGHEST GUST SPEED    16   HIGHEST GUST DIRECTION    NE (60)
  AVERAGE WIND SPEED     6.4


SKY COVER
  POSSIBLE SUNSHINE  MM
  AVERAGE SKY COVER 0.9


WEATHER CONDITIONS
 THE FOLLOWING WEATHER WAS RECORDED YESTERDAY.
  LIGHT RAIN


RELATIVE HUMIDITY (PERCENT)
 HIGHEST    81           500 AM
 LOWEST     45          1100 AM
 AVERAGE    63

..........................................................


THE ROCKFORD IL CLIMATE NORMALS FOR TODAY
                         NORMAL    RECORD    YEAR
 MAXIMUM TEMPERATURE (F)   83       101      1941
 MINIMUM TEMPERATURE (F)   62        47      1982


SUNRISE AND SUNSET
AUGUST 11 2014........SUNRISE   600 AM CDT   SUNSET   803 PM CDT
AUGUST 12 2014........SUNRISE   601 AM CDT   SUNSET   801 PM CDT


-  INDICATES NEGATIVE NUMBERS.
R  INDICATES RECORD WAS SET OR TIED.
MM INDICATES DATA IS MISSING.
T  INDICATES TRACE AMOUNT.




$$
