000
CDUS43 KLOT 010633
CLIRFD


CLIMATE REPORT
NATIONAL WEATHER SERVICE CHICAGO IL
1232 AM CST SUN MAR 1 2015


...................................

...THE ROCKFORD IL CLIMATE SUMMARY FOR FEBRUARY 28 2015...

CLIMATE NORMAL PERIOD 1981 TO 2010
CLIMATE RECORD PERIOD 1905 TO 2015


WEATHER ITEM   OBSERVED TIME   RECORD YEAR NORMAL DEPARTURE LAST
                VALUE   (LST)  VALUE       VALUE  FROM      YEAR
                                                  NORMAL
..................................................................
TEMPERATURE (F)
 YESTERDAY
  MAXIMUM         17    704 PM  56    1932  39    -22       27
  MINIMUM        -16R   619 AM  -7    1962  22    -38       -6
  AVERAGE          1                        31    -30       11

PRECIPITATION (IN)
  YESTERDAY        0.01          0.72 1987   0.06  -0.05      T
  MONTH TO DATE    0.85                      1.41  -0.56     1.76
  SINCE DEC 1      2.85                      4.76  -1.91     5.43
  SINCE JAN 1      1.92                      2.78  -0.86     3.74

SNOWFALL (IN)
  YESTERDAY        0.1           2.8  1918   0.2   -0.1       T
  MONTH TO DATE   14.7                       7.7    7.0     13.5
  SINCE DEC 1     24.3                      29.2   -4.9     46.5
  SINCE JUL 1     27.9                      31.0   -3.1     47.5
  SNOW DEPTH       4

DEGREE DAYS
 HEATING
  YESTERDAY       64                        34     30       54
  MONTH TO DATE 1474                      1093    381     1467
  SINCE DEC 1   3899                      3667    232     4509
  SINCE JUL 1   5446                      5002    444     5892

 COOLING
  YESTERDAY        0                         0      0        0
  MONTH TO DATE    0                         0      0        0
  SINCE DEC 1      0                         0      0        0
  SINCE JAN 1      0                         0      0        0
..................................................................


WIND (MPH)
  HIGHEST WIND SPEED    13   HIGHEST WIND DIRECTION    SE (130)
  HIGHEST GUST SPEED    16   HIGHEST GUST DIRECTION    SE (130)
  AVERAGE WIND SPEED     4.0


SKY COVER
  POSSIBLE SUNSHINE  MM
  AVERAGE SKY COVER 0.4


WEATHER CONDITIONS
 THE FOLLOWING WEATHER WAS RECORDED YESTERDAY.
  LIGHT SNOW
  FOG
  HAZE


RELATIVE HUMIDITY (PERCENT)
 HIGHEST    88          1000 PM
 LOWEST     53           200 PM
 AVERAGE    71

..........................................................


THE ROCKFORD IL CLIMATE NORMALS FOR TODAY
                         NORMAL    RECORD    YEAR
 MAXIMUM TEMPERATURE (F)   40        66      1992
 MINIMUM TEMPERATURE (F)   22       -11      1962


SUNRISE AND SUNSET
MARCH  1 2015.........SUNRISE   632 AM CST   SUNSET   546 PM CST
MARCH  2 2015.........SUNRISE   630 AM CST   SUNSET   547 PM CST


-  INDICATES NEGATIVE NUMBERS.
R  INDICATES RECORD WAS SET OR TIED.
MM INDICATES DATA IS MISSING.
T  INDICATES TRACE AMOUNT.




$$
