000
CDUS43 KLOT 062135
CLIRFD


CLIMATE REPORT
NATIONAL WEATHER SERVICE CHICAGO IL
433 PM CDT SUN APR 6 2014


...................................

...THE ROCKFORD IL CLIMATE SUMMARY FOR APRIL 6 2014...
VALID TODAY AS OF 0400 PM LOCAL TIME.

CLIMATE NORMAL PERIOD 1981 TO 2010
CLIMATE RECORD PERIOD 1905 TO 2014


WEATHER ITEM   OBSERVED TIME   RECORD YEAR NORMAL DEPARTURE LAST
                VALUE   (LST)  VALUE       VALUE  FROM      YEAR
                                                  NORMAL
..................................................................
TEMPERATURE (F)
 TODAY
  MAXIMUM         58    245 PM  86    1929  57      1       69
  MINIMUM         29    325 AM  11    1982  35     -6       36
  AVERAGE         44                        46     -2       53

PRECIPITATION (IN)
  TODAY            0.00          0.98 1988   0.11  -0.11     0.13
  MONTH TO DATE    0.02                      0.63  -0.61     0.13
  SINCE MAR 1      1.05                      2.95  -1.90     2.42
  SINCE JAN 1      4.79                      5.73  -0.94     8.49

SNOWFALL (IN)
  TODAY            0.0           6.0  1938   0.1   -0.1      0.0
  MONTH TO DATE    0.0                       0.4   -0.4      0.0
  SINCE MAR 1      9.1                       5.2    3.9     13.9
  SINCE JUL 1     56.6                      36.2   20.4     40.5

DEGREE DAYS
 HEATING
  TODAY           21                        19      2       12
  MONTH TO DATE  143                       122     21      149
  SINCE MAR 1   1235                       984    251     1241
  SINCE JUL 1   7127                      5986   1141     5978

 COOLING
  TODAY            0                         0      0        0
  MONTH TO DATE    0                         0      0        0
  SINCE MAR 1      0                         0      0        0
  SINCE JAN 1      0                         0      0        0
..................................................................


WIND (MPH)
  HIGHEST WIND SPEED    17   HIGHEST WIND DIRECTION     S (180)
  HIGHEST GUST SPEED    22   HIGHEST GUST DIRECTION     S (190)
  AVERAGE WIND SPEED     8.3


SKY COVER
  POSSIBLE SUNSHINE  MM
  AVERAGE SKY COVER 0.4


WEATHER CONDITIONS
 THE FOLLOWING WEATHER WAS RECORDED TODAY.
  NO SIGNIFICANT WEATHER WAS OBSERVED.


RELATIVE HUMIDITY (PERCENT)
 HIGHEST    85           400 AM
 LOWEST     33           300 PM
 AVERAGE    59

..........................................................


THE ROCKFORD IL CLIMATE NORMALS FOR TOMORROW
                         NORMAL    RECORD    YEAR
 MAXIMUM TEMPERATURE (F)   57        81      1921
 MINIMUM TEMPERATURE (F)   35         5      1982


SUNRISE AND SUNSET
APRIL  6 2014.........SUNRISE   630 AM CDT   SUNSET   728 PM CDT
APRIL  7 2014.........SUNRISE   629 AM CDT   SUNSET   729 PM CDT


-  INDICATES NEGATIVE NUMBERS.
R  INDICATES RECORD WAS SET OR TIED.
MM INDICATES DATA IS MISSING.
T  INDICATES TRACE AMOUNT.




$$
