000
CDUS43 KLOT 232140
CLIRFD


CLIMATE REPORT
NATIONAL WEATHER SERVICE CHICAGO IL
438 PM CDT THU JUL 23 2015


...................................

...THE ROCKFORD IL CLIMATE SUMMARY FOR JULY 23 2015...
VALID TODAY AS OF 0400 PM LOCAL TIME.

CLIMATE NORMAL PERIOD 1981 TO 2010
CLIMATE RECORD PERIOD 1905 TO 2015


WEATHER ITEM   OBSERVED TIME   RECORD YEAR NORMAL DEPARTURE LAST
                VALUE   (LST)  VALUE       VALUE  FROM      YEAR
                                                  NORMAL
..................................................................
TEMPERATURE (F)
 TODAY
  MAXIMUM         85   1252 PM 104    1934  84      1       80
  MINIMUM         60    452 AM  47    1947  63     -3       59
                                      1927
  AVERAGE         73                        74     -1       70

PRECIPITATION (IN)
  TODAY            0.00          4.70 2010   0.13  -0.13     0.00
  MONTH TO DATE    3.46                      2.88   0.58     2.44
  SINCE JUN 1      8.10                      7.53   0.57    10.50
  SINCE JAN 1     19.29                     20.00  -0.71    20.47

SNOWFALL (IN)
  TODAY            0.0           0.0    MM   0.0    0.0      0.0
  MONTH TO DATE    0.0                       0.0    0.0      0.0
  SINCE JUN 1      0.0                       0.0    0.0      0.0
  SINCE JUL 1      0.0                       0.0    0.0      0.0

DEGREE DAYS
 HEATING
  TODAY            0                         0      0        0
  MONTH TO DATE    5                         0      5        9
  SINCE JUN 1     21                        31    -10       20
  SINCE JUL 1      5                         0      5        9

 COOLING
  TODAY            8                         9     -1        5
  MONTH TO DATE  153                       207    -54      112
  SINCE JUN 1    305                       382    -77      307
  SINCE JAN 1    365                       437    -72      390
..................................................................


WIND (MPH)
  HIGHEST WIND SPEED    10   HIGHEST WIND DIRECTION    SW (220)
  HIGHEST GUST SPEED    12   HIGHEST GUST DIRECTION    SW (210)
  AVERAGE WIND SPEED     2.2


SKY COVER
  POSSIBLE SUNSHINE  MM
  AVERAGE SKY COVER 0.2


WEATHER CONDITIONS
 THE FOLLOWING WEATHER WAS RECORDED TODAY.
  FOG
  HAZE


RELATIVE HUMIDITY (PERCENT)
 HIGHEST    93           600 AM
 LOWEST     43           200 PM
 AVERAGE    68

..........................................................


THE ROCKFORD IL CLIMATE NORMALS FOR TOMORROW
                         NORMAL    RECORD    YEAR
 MAXIMUM TEMPERATURE (F)   84       107      1934
 MINIMUM TEMPERATURE (F)   63        51      2000


SUNRISE AND SUNSET
JULY 23 2015..........SUNRISE   540 AM CDT   SUNSET   825 PM CDT
JULY 24 2015..........SUNRISE   541 AM CDT   SUNSET   824 PM CDT


-  INDICATES NEGATIVE NUMBERS.
R  INDICATES RECORD WAS SET OR TIED.
MM INDICATES DATA IS MISSING.
T  INDICATES TRACE AMOUNT.




$$
