000
CDUS43 KLOT 020637
CLIRFD


CLIMATE REPORT
NATIONAL WEATHER SERVICE CHICAGO IL
137 AM CDT WED JUL 2 2014


...................................

...THE ROCKFORD IL CLIMATE SUMMARY FOR JULY 1 2014...

CLIMATE NORMAL PERIOD 1981 TO 2010
CLIMATE RECORD PERIOD 1905 TO 2014


WEATHER ITEM   OBSERVED TIME   RECORD YEAR NORMAL DEPARTURE LAST
                VALUE   (LST)  VALUE       VALUE  FROM      YEAR
                                                  NORMAL
..................................................................
TEMPERATURE (F)
 YESTERDAY
  MAXIMUM         80    346 PM 101    1931  84     -4       80
  MINIMUM         64   1159 PM  45    1924  63      1       57
  AVERAGE         72                        74     -2       69

PRECIPITATION (IN)
  YESTERDAY        0.00          1.42 1978   0.12  -0.12     0.00
  MONTH TO DATE    0.00                      0.12  -0.12     0.00
  SINCE JUN 1      8.06                      4.77   3.29     7.72
  SINCE JAN 1     18.03                     17.24   0.79    27.16

SNOWFALL (IN)
  YESTERDAY        0.0           0.0    MM   0.0    0.0      0.0
  MONTH TO DATE    0.0                       0.0    0.0      0.0
  SINCE JUN 1      0.0                       0.0    0.0      0.0
  SINCE JUL 1      0.0                       0.0    0.0      0.0
  SNOW DEPTH       0

DEGREE DAYS
 HEATING
  YESTERDAY        0                         0      0        0
  MONTH TO DATE    0                         0      0        0
  SINCE JUN 1     11                        31    -20       34
  SINCE JUL 1      0                         0      0        0

 COOLING
  YESTERDAY        7                         9     -2        4
  MONTH TO DATE    7                         9     -2        4
  SINCE JUN 1    202                       184     18      173
  SINCE JAN 1    285                       239     46      265
..................................................................


WIND (MPH)
  HIGHEST WIND SPEED    21   HIGHEST WIND DIRECTION     W (260)
  HIGHEST GUST SPEED    27   HIGHEST GUST DIRECTION     W (260)
  AVERAGE WIND SPEED    12.0


SKY COVER
  POSSIBLE SUNSHINE  MM
  AVERAGE SKY COVER 0.7


WEATHER CONDITIONS
 THE FOLLOWING WEATHER WAS RECORDED YESTERDAY.
  FOG


RELATIVE HUMIDITY (PERCENT)
 HIGHEST    93           400 AM
 LOWEST     54          1200 PM
 AVERAGE    74

..........................................................


THE ROCKFORD IL CLIMATE NORMALS FOR TODAY
                         NORMAL    RECORD    YEAR
 MAXIMUM TEMPERATURE (F)   85        99      1910
 MINIMUM TEMPERATURE (F)   63        44      1924


SUNRISE AND SUNSET
JULY  2 2014..........SUNRISE   525 AM CDT   SUNSET   836 PM CDT
JULY  3 2014..........SUNRISE   525 AM CDT   SUNSET   836 PM CDT


-  INDICATES NEGATIVE NUMBERS.
R  INDICATES RECORD WAS SET OR TIED.
MM INDICATES DATA IS MISSING.
T  INDICATES TRACE AMOUNT.




$$
