000
CDUS43 KLOT 120634
CLIRFD


CLIMATE REPORT
NATIONAL WEATHER SERVICE CHICAGO IL
133 AM CDT SUN OCT 12 2014


...................................

...THE ROCKFORD IL CLIMATE SUMMARY FOR OCTOBER 11 2014...

CLIMATE NORMAL PERIOD 1981 TO 2010
CLIMATE RECORD PERIOD 1905 TO 2014


WEATHER ITEM   OBSERVED TIME   RECORD YEAR NORMAL DEPARTURE LAST
                VALUE   (LST)  VALUE       VALUE  FROM      YEAR
                                                  NORMAL
..................................................................
TEMPERATURE (F)
 YESTERDAY
  MAXIMUM         62    347 PM  88    1920  65     -3       77
  MINIMUM         33    640 AM  25    2009  42     -9       52
  AVERAGE         48                        53     -5       65

PRECIPITATION (IN)
  YESTERDAY        0.00          1.79 1912   0.09  -0.09     0.00
  MONTH TO DATE    0.83                      0.99  -0.16     1.25
  SINCE SEP 1      2.83                      4.34  -1.51     2.86
  SINCE JAN 1     29.08                     30.00  -0.92    34.86

SNOWFALL (IN)
  YESTERDAY        0.0           T    2006   0.0    0.0      0.0
                                      1917
  MONTH TO DATE    T                         0.0    0.0      0.0
  SINCE SEP 1      T                         0.0    0.0      0.0
  SINCE JUL 1      T                         0.0    0.0      0.0
  SNOW DEPTH       0

DEGREE DAYS
 HEATING
  YESTERDAY       17                        12      5        0
  MONTH TO DATE  140                       114     26       34
  SINCE SEP 1    271                       231     40      105
  SINCE JUL 1    281                       245     36      116

 COOLING
  YESTERDAY        0                         0      0        0
  MONTH TO DATE    3                         8     -5       16
  SINCE SEP 1     73                        92    -19      141
  SINCE JAN 1    729                       819    -90      890
..................................................................


WIND (MPH)
  HIGHEST WIND SPEED    10   HIGHEST WIND DIRECTION    SE (140)
  HIGHEST GUST SPEED    12   HIGHEST GUST DIRECTION    SE (140)
  AVERAGE WIND SPEED     2.6


SKY COVER
  POSSIBLE SUNSHINE  MM
  AVERAGE SKY COVER 0.1


WEATHER CONDITIONS
 THE FOLLOWING WEATHER WAS RECORDED YESTERDAY.
  FOG


RELATIVE HUMIDITY (PERCENT)
 HIGHEST    92           400 AM
 LOWEST     32           200 PM
 AVERAGE    62

..........................................................


THE ROCKFORD IL CLIMATE NORMALS FOR TODAY
                         NORMAL    RECORD    YEAR
 MAXIMUM TEMPERATURE (F)   64        85      2008
                                             1930
 MINIMUM TEMPERATURE (F)   42        24      1988
                                             1987


SUNRISE AND SUNSET
OCTOBER 12 2014.......SUNRISE   706 AM CDT   SUNSET   619 PM CDT
OCTOBER 13 2014.......SUNRISE   707 AM CDT   SUNSET   618 PM CDT


-  INDICATES NEGATIVE NUMBERS.
R  INDICATES RECORD WAS SET OR TIED.
MM INDICATES DATA IS MISSING.
T  INDICATES TRACE AMOUNT.




$$
