000
CDUS43 KLOT 262135
CLIRFD


CLIMATE REPORT
NATIONAL WEATHER SERVICE CHICAGO IL
433 PM CDT WED MAR 26 2014


...................................

...THE ROCKFORD IL CLIMATE SUMMARY FOR MARCH 26 2014...
VALID TODAY AS OF 0400 PM LOCAL TIME.

CLIMATE NORMAL PERIOD 1981 TO 2010
CLIMATE RECORD PERIOD 1905 TO 2014


WEATHER ITEM   OBSERVED TIME   RECORD YEAR NORMAL DEPARTURE LAST
                VALUE   (LST)  VALUE       VALUE  FROM      YEAR
                                                  NORMAL
..................................................................
TEMPERATURE (F)
 TODAY
  MAXIMUM         39    243 PM  81    1907  52    -13       42
  MINIMUM         13    616 AM   5    1960  31    -18       32
  AVERAGE         26                        41    -15       37

PRECIPITATION (IN)
  TODAY            0.00          1.38 1916   0.09  -0.09      T
  MONTH TO DATE    0.72                      1.86  -1.14     2.29
  SINCE MAR 1      0.72                      1.86  -1.14     2.29
  SINCE JAN 1      4.46                      4.64  -0.18     8.36

SNOWFALL (IN)
  TODAY            0.0           2.2  1928   0.1   -0.1       T
  MONTH TO DATE    9.1                       4.3    4.8     13.9
  SINCE MAR 1      9.1                       4.3    4.8     13.9
  SINCE JUL 1     56.6                      35.3   21.3     40.5

DEGREE DAYS
 HEATING
  TODAY           39                        24     15       28
  MONTH TO DATE  983                       751    232      971
  SINCE MAR 1    983                       751    232      971
  SINCE JUL 1   6875                      5753   1122     5708

 COOLING
  TODAY            0                         0      0        0
  MONTH TO DATE    0                         0      0        0
  SINCE MAR 1      0                         0      0        0
  SINCE JAN 1      0                         0      0        0
..................................................................


WIND (MPH)
  HIGHEST WIND SPEED    22   HIGHEST WIND DIRECTION     S (180)
  HIGHEST GUST SPEED    27   HIGHEST GUST DIRECTION     S (170)
  AVERAGE WIND SPEED     8.6


SKY COVER
  POSSIBLE SUNSHINE  MM
  AVERAGE SKY COVER 0.3


WEATHER CONDITIONS
 THE FOLLOWING WEATHER WAS RECORDED TODAY.
  NO SIGNIFICANT WEATHER WAS OBSERVED.


RELATIVE HUMIDITY (PERCENT)
 HIGHEST    88           400 AM
 LOWEST     43          1200 PM
 AVERAGE    66

..........................................................


THE ROCKFORD IL CLIMATE NORMALS FOR TOMORROW
                         NORMAL    RECORD    YEAR
 MAXIMUM TEMPERATURE (F)   52        79      1945
 MINIMUM TEMPERATURE (F)   31         2      1965


SUNRISE AND SUNSET
MARCH 26 2014.........SUNRISE   649 AM CDT   SUNSET   715 PM CDT
MARCH 27 2014.........SUNRISE   648 AM CDT   SUNSET   716 PM CDT


-  INDICATES NEGATIVE NUMBERS.
R  INDICATES RECORD WAS SET OR TIED.
MM INDICATES DATA IS MISSING.
T  INDICATES TRACE AMOUNT.




$$
