000
CDUS43 KLOT 020636
CLIRFD


CLIMATE REPORT
NATIONAL WEATHER SERVICE CHICAGO IL
135 AM CDT WED APR 2 2014


...................................

...THE ROCKFORD IL CLIMATE SUMMARY FOR APRIL 1 2014...

CLIMATE NORMAL PERIOD 1981 TO 2010
CLIMATE RECORD PERIOD 1905 TO 2014


WEATHER ITEM   OBSERVED TIME   RECORD YEAR NORMAL DEPARTURE LAST
                VALUE   (LST)  VALUE       VALUE  FROM      YEAR
                                                  NORMAL
..................................................................
TEMPERATURE (F)
 YESTERDAY
  MAXIMUM         54   1202 AM  84    2010  55     -1       40
  MINIMUM         28    830 AM  16    1924  33     -5       27
  AVERAGE         41                        44     -3       34

PRECIPITATION (IN)
  YESTERDAY        0.00          1.10 1929   0.10  -0.10     0.00
  MONTH TO DATE    0.00                      0.10  -0.10     0.00
  SINCE MAR 1      1.03                      2.42  -1.39     2.29
  SINCE JAN 1      4.77                      5.20  -0.43     8.36

SNOWFALL (IN)
  YESTERDAY        0.0           3.9  1970   0.1   -0.1      0.0
  MONTH TO DATE    0.0                       0.1   -0.1      0.0
  SINCE MAR 1      9.1                       4.9    4.2     13.9
  SINCE JUL 1     56.6                      35.9   20.7     40.5
  SNOW DEPTH       0

DEGREE DAYS
 HEATING
  YESTERDAY       24                        21      3       31
  MONTH TO DATE   24                        21      3       31
  SINCE MAR 1   1116                       883    233     1123
  SINCE JUL 1   7008                      5885   1123     5860

 COOLING
  YESTERDAY        0                         0      0        0
  MONTH TO DATE    0                         0      0        0
  SINCE MAR 1      0                         0      0        0
  SINCE JAN 1      0                         0      0        0
..................................................................


WIND (MPH)
  HIGHEST WIND SPEED    29   HIGHEST WIND DIRECTION     W (260)
  HIGHEST GUST SPEED    37   HIGHEST GUST DIRECTION    SW (240)
  AVERAGE WIND SPEED    16.1


SKY COVER
  POSSIBLE SUNSHINE  MM
  AVERAGE SKY COVER 0.8


WEATHER CONDITIONS
 THE FOLLOWING WEATHER WAS RECORDED YESTERDAY.
  NO SIGNIFICANT WEATHER WAS OBSERVED.


RELATIVE HUMIDITY (PERCENT)
 HIGHEST    70          1100 PM
 LOWEST     42           300 PM
 AVERAGE    56

..........................................................


THE ROCKFORD IL CLIMATE NORMALS FOR TODAY
                         NORMAL    RECORD    YEAR
 MAXIMUM TEMPERATURE (F)   55        80      1963
 MINIMUM TEMPERATURE (F)   33        19      1926


SUNRISE AND SUNSET
APRIL  2 2014.........SUNRISE   637 AM CDT   SUNSET   723 PM CDT
APRIL  3 2014.........SUNRISE   636 AM CDT   SUNSET   724 PM CDT


-  INDICATES NEGATIVE NUMBERS.
R  INDICATES RECORD WAS SET OR TIED.
MM INDICATES DATA IS MISSING.
T  INDICATES TRACE AMOUNT.




$$
