000
CDUS43 KLOT 140644
CLIRFD


CLIMATE REPORT
NATIONAL WEATHER SERVICE CHICAGO IL
1243 AM CST MON NOV 14 2016


...................................

...THE ROCKFORD IL CLIMATE SUMMARY FOR NOVEMBER 13 2016...

CLIMATE NORMAL PERIOD 1981 TO 2010
CLIMATE RECORD PERIOD 1905 TO 2016


WEATHER ITEM   OBSERVED TIME   RECORD YEAR NORMAL DEPARTURE LAST
                VALUE   (LST)  VALUE       VALUE  FROM      YEAR
                                                  NORMAL
..................................................................
TEMPERATURE (F)
 YESTERDAY
  MAXIMUM         58    254 PM  73    1989  49      9       48
  MINIMUM         32    615 AM   3    1986  32      0       31
  AVERAGE         45                        40      5       40

PRECIPITATION (IN)
  YESTERDAY        0.00          1.87 1951   0.09  -0.09     0.00
  MONTH TO DATE    0.65                      1.14  -0.49     0.57
  SINCE SEP 1      5.34                      7.16  -1.82     5.87
  SINCE JAN 1     31.26                     32.82  -1.56    30.40

SNOWFALL (IN)
  YESTERDAY        0.0           1.5  1972   0.1   -0.1      0.0
  MONTH TO DATE    0.0                       0.2   -0.2      0.0
  SINCE SEP 1      T                         0.3   -0.3      0.0
  SINCE JUL 1      T                         0.3   -0.3      0.0
  SNOW DEPTH       0

DEGREE DAYS
 HEATING
  YESTERDAY       20                        25     -5       25
  MONTH TO DATE  171                       283   -112      196
  SINCE SEP 1    468                       822   -354      573
  SINCE JUL 1    468                       836   -368      583

 COOLING
  YESTERDAY        0                         0      0        0
  MONTH TO DATE    4                         0      4        0
  SINCE SEP 1    186                        93     93      172
  SINCE JAN 1   1103                       820    283      825
..................................................................


WIND (MPH)
  HIGHEST WIND SPEED    20   HIGHEST WIND DIRECTION     S (200)
  HIGHEST GUST SPEED    27   HIGHEST GUST DIRECTION     S (200)
  AVERAGE WIND SPEED     9.9


SKY COVER
  POSSIBLE SUNSHINE  MM
  AVERAGE SKY COVER 0.3


WEATHER CONDITIONS
 THE FOLLOWING WEATHER WAS RECORDED YESTERDAY.
  NO SIGNIFICANT WEATHER WAS OBSERVED.


RELATIVE HUMIDITY (PERCENT)
 HIGHEST    82           200 AM
 LOWEST     36           300 PM
 AVERAGE    59

..........................................................


THE ROCKFORD IL CLIMATE NORMALS FOR TODAY
                         NORMAL    RECORD    YEAR
 MAXIMUM TEMPERATURE (F)   49        73      1971
 MINIMUM TEMPERATURE (F)   31         4      1959


SUNRISE AND SUNSET
NOVEMBER 14 2016......SUNRISE   646 AM CST   SUNSET   435 PM CST
NOVEMBER 15 2016......SUNRISE   647 AM CST   SUNSET   434 PM CST


-  INDICATES NEGATIVE NUMBERS.
R  INDICATES RECORD WAS SET OR TIED.
MM INDICATES DATA IS MISSING.
T  INDICATES TRACE AMOUNT.




$$
