000
CDUS43 KLOT 040641
CLIRFD


CLIMATE REPORT
NATIONAL WEATHER SERVICE CHICAGO IL
141 AM CDT THU SEP 4 2014


...................................

...THE ROCKFORD IL CLIMATE SUMMARY FOR SEPTEMBER 3 2014...

CLIMATE NORMAL PERIOD 1981 TO 2010
CLIMATE RECORD PERIOD 1905 TO 2014


WEATHER ITEM   OBSERVED TIME   RECORD YEAR NORMAL DEPARTURE LAST
                VALUE   (LST)  VALUE       VALUE  FROM      YEAR
                                                  NORMAL
..................................................................
TEMPERATURE (F)
 YESTERDAY
  MAXIMUM         83    357 PM 100    1913  80      3       77
  MINIMUM         56    600 AM  43    1908  58     -2       53
  AVERAGE         70                        69      1       65

PRECIPITATION (IN)
  YESTERDAY        0.00          1.12 1941   0.11  -0.11     0.00
  MONTH TO DATE    0.03                      0.36  -0.33     0.00
  SINCE SEP 1      0.03                      0.36  -0.33     0.00
  SINCE JAN 1     26.28                     26.02   0.26    32.00

SNOWFALL (IN)
  YESTERDAY        0.0           0.0    MM   0.0    0.0      0.0
  MONTH TO DATE    0.0                       0.0    0.0      0.0
  SINCE SEP 1      0.0                       0.0    0.0      0.0
  SINCE JUL 1      T                         0.0    0.0      0.0
  SNOW DEPTH       0

DEGREE DAYS
 HEATING
  YESTERDAY        0                         1     -1        0
  MONTH TO DATE    0                         3     -3        0
  SINCE SEP 1      0                         3     -3        0
  SINCE JUL 1     10                        17     -7       11

 COOLING
  YESTERDAY        5                         5      0        0
  MONTH TO DATE   22                        15      7       12
  SINCE SEP 1     22                        15      7       12
  SINCE JAN 1    678                       742    -64      761
..................................................................


WIND (MPH)
  HIGHEST WIND SPEED    20   HIGHEST WIND DIRECTION     S (180)
  HIGHEST GUST SPEED    25   HIGHEST GUST DIRECTION     S (180)
  AVERAGE WIND SPEED     8.2


SKY COVER
  POSSIBLE SUNSHINE  MM
  AVERAGE SKY COVER 0.1


WEATHER CONDITIONS
 THE FOLLOWING WEATHER WAS RECORDED YESTERDAY.
  FOG


RELATIVE HUMIDITY (PERCENT)
 HIGHEST    93           600 AM
 LOWEST     54          1200 PM
 AVERAGE    74

..........................................................


THE ROCKFORD IL CLIMATE NORMALS FOR TODAY
                         NORMAL    RECORD    YEAR
 MAXIMUM TEMPERATURE (F)   80       101      1925
 MINIMUM TEMPERATURE (F)   58        39      1974


SUNRISE AND SUNSET
SEPTEMBER  4 2014.....SUNRISE   625 AM CDT   SUNSET   725 PM CDT
SEPTEMBER  5 2014.....SUNRISE   626 AM CDT   SUNSET   723 PM CDT


-  INDICATES NEGATIVE NUMBERS.
R  INDICATES RECORD WAS SET OR TIED.
MM INDICATES DATA IS MISSING.
T  INDICATES TRACE AMOUNT.




$$
