000
CDUS43 KLOT 140634
CLIRFD


CLIMATE REPORT
NATIONAL WEATHER SERVICE CHICAGO IL
133 AM CDT SAT MAY 14 2016


...................................

...THE ROCKFORD IL CLIMATE SUMMARY FOR MAY 13 2016...

CLIMATE NORMAL PERIOD 1981 TO 2010
CLIMATE RECORD PERIOD 1905 TO 2016


WEATHER ITEM   OBSERVED TIME   RECORD YEAR NORMAL DEPARTURE LAST
                VALUE   (LST)  VALUE       VALUE  FROM      YEAR
                                                  NORMAL
..................................................................
TEMPERATURE (F)
 YESTERDAY
  MAXIMUM         66    115 PM  88    1991  71     -5       62
                                      1940
  MINIMUM         44   1159 PM  32    1938  47     -3       38
                                      1923
  AVERAGE         55                        59     -4       50

PRECIPITATION (IN)
  YESTERDAY        0.22          1.74 2010   0.13   0.09     0.00
  MONTH TO DATE    1.95                      1.51   0.44     2.08
  SINCE MAR 1      8.86                      7.18   1.68     6.50
  SINCE JAN 1     10.39                      9.96   0.43     8.42

SNOWFALL (IN)
  YESTERDAY       MM             0.0    MM   0.0   MM        0.0
  MONTH TO DATE    0.0                       0.0    0.0      0.0
  SINCE MAR 1      2.8                       5.7   -2.9      7.6
  SINCE JUL 1     24.0                      36.7  -12.7     35.5
  SNOW DEPTH       0

DEGREE DAYS
 HEATING
  YESTERDAY       10                         7      3       15
  MONTH TO DATE  114                       112      2       76
  SINCE MAR 1   1264                      1450   -186     1426
  SINCE JUL 1   5450                      6452  -1002     6872

 COOLING
  YESTERDAY        0                         1     -1        0
  MONTH TO DATE    0                        11    -11       13
  SINCE MAR 1      7                        19    -12       13
  SINCE JAN 1      7                        19    -12       13
..................................................................


WIND (MPH)
  HIGHEST WIND SPEED    25   HIGHEST WIND DIRECTION    NW (320)
  HIGHEST GUST SPEED    33   HIGHEST GUST DIRECTION    NW (330)
  AVERAGE WIND SPEED     9.3


SKY COVER
  POSSIBLE SUNSHINE  MM
  AVERAGE SKY COVER 0.6


WEATHER CONDITIONS
 THE FOLLOWING WEATHER WAS RECORDED YESTERDAY.
  RAIN
  LIGHT RAIN
  FOG


RELATIVE HUMIDITY (PERCENT)
 HIGHEST    92           400 AM
 LOWEST     44          1200 PM
 AVERAGE    68

..........................................................


THE ROCKFORD IL CLIMATE NORMALS FOR TODAY
                         NORMAL    RECORD    YEAR
 MAXIMUM TEMPERATURE (F)   71        92      2013
                                             2007
 MINIMUM TEMPERATURE (F)   48        33      1943
                                             1910


SUNRISE AND SUNSET
MAY 14 2016...........SUNRISE   536 AM CDT   SUNSET   810 PM CDT
MAY 15 2016...........SUNRISE   535 AM CDT   SUNSET   811 PM CDT


-  INDICATES NEGATIVE NUMBERS.
R  INDICATES RECORD WAS SET OR TIED.
MM INDICATES DATA IS MISSING.
T  INDICATES TRACE AMOUNT.




$$
