000
CDUS43 KLOT 102236
CLIRFD


CLIMATE REPORT
NATIONAL WEATHER SERVICE CHICAGO IL
436 PM CST FRI NOV 10 2017


...................................

...THE ROCKFORD IL CLIMATE SUMMARY FOR NOVEMBER 10 2017...
VALID TODAY AS OF 0400 PM LOCAL TIME.

CLIMATE NORMAL PERIOD 1981 TO 2010
CLIMATE RECORD PERIOD 1905 TO 2017


WEATHER ITEM   OBSERVED TIME   RECORD YEAR NORMAL DEPARTURE LAST
                VALUE   (LST)  VALUE       VALUE  FROM      YEAR
                                                  NORMAL
..................................................................
TEMPERATURE (F)
 TODAY
  MAXIMUM         32    219 PM  70    2010  51    -19       65
  MINIMUM         14R   704 AM  15    1973  33    -19       35
                                      1957
                                      1926
  AVERAGE         23                        42    -19       50

PRECIPITATION (IN)
  TODAY            0.00          1.61 1998   0.08  -0.08     0.00
  MONTH TO DATE    0.31                      0.88  -0.57     0.65
  SINCE SEP 1      6.67                      6.90  -0.23     5.34
  SINCE JAN 1     43.46                     32.56  10.90    31.26

SNOWFALL (IN)
  TODAY            0.0           4.0  1947   0.0    0.0      0.0
  MONTH TO DATE    0.0                       0.1   -0.1      0.0
  SINCE SEP 1      T                         0.2   -0.2       T
  SINCE JUL 1      T                         0.2   -0.2       T

DEGREE DAYS
 HEATING
  TODAY           42                        23     19       15
  MONTH TO DATE  279                       210     69      103
  SINCE SEP 1    662                       749    -87      400
  SINCE JUL 1    669                       763    -94      400

 COOLING
  TODAY            0                         0      0        0
  MONTH TO DATE    0                         0      0        4
  SINCE SEP 1    144                        93     51      186
  SINCE JAN 1    828                       820      8     1103
..................................................................


WIND (MPH)
  HIGHEST WIND SPEED    18   HIGHEST WIND DIRECTION     N (20)
  HIGHEST GUST SPEED    22   HIGHEST GUST DIRECTION     N (20)
  AVERAGE WIND SPEED    10.7


SKY COVER
  POSSIBLE SUNSHINE  MM
  AVERAGE SKY COVER 0.6


WEATHER CONDITIONS
 THE FOLLOWING WEATHER WAS RECORDED TODAY.
  NO SIGNIFICANT WEATHER WAS OBSERVED.


RELATIVE HUMIDITY (PERCENT)
 HIGHEST    64           600 AM
 LOWEST     49          1200 AM
 AVERAGE    57

..........................................................


THE ROCKFORD IL CLIMATE NORMALS FOR TOMORROW
                         NORMAL    RECORD    YEAR
 MAXIMUM TEMPERATURE (F)   50        74      1911
 MINIMUM TEMPERATURE (F)   33        10      1926


SUNRISE AND SUNSET
NOVEMBER 10 2017......SUNRISE   641 AM CST   SUNSET   439 PM CST
NOVEMBER 11 2017......SUNRISE   642 AM CST   SUNSET   438 PM CST


-  INDICATES NEGATIVE NUMBERS.
R  INDICATES RECORD WAS SET OR TIED.
MM INDICATES DATA IS MISSING.
T  INDICATES TRACE AMOUNT.




$$
