000
CDUS43 KLOT 082137
CLIRFD


CLIMATE REPORT
NATIONAL WEATHER SERVICE CHICAGO IL
433 PM CDT FRI AUG 8 2014


...................................

...THE ROCKFORD IL CLIMATE SUMMARY FOR AUGUST 8 2014...
VALID TODAY AS OF 0400 PM LOCAL TIME.

CLIMATE NORMAL PERIOD 1981 TO 2010
CLIMATE RECORD PERIOD 1905 TO 2014


WEATHER ITEM   OBSERVED TIME   RECORD YEAR NORMAL DEPARTURE LAST
                VALUE   (LST)  VALUE       VALUE  FROM      YEAR
                                                  NORMAL
..................................................................
TEMPERATURE (F)
 TODAY
  MAXIMUM         81    259 PM  99    1934  83     -2       80
  MINIMUM         62    318 AM  46    1927  62      0       63
  AVERAGE         72                        73     -1       72

PRECIPITATION (IN)
  TODAY            0.00          1.75 1939   0.15  -0.15     0.00
  MONTH TO DATE    1.83                      1.18   0.65     1.28
  SINCE JUN 1     12.35                      9.78   2.57    10.92
  SINCE JAN 1     22.32                     22.25   0.07    30.36

SNOWFALL (IN)
  TODAY            0.0           0.0    MM   0.0    0.0      0.0
  MONTH TO DATE    T                         0.0    0.0      0.0
  SINCE JUN 1      T                         0.0    0.0      0.0
  SINCE JUL 1      T                         0.0    0.0      0.0

DEGREE DAYS
 HEATING
  TODAY            0                         0      0        0
  MONTH TO DATE    0                         0      0        0
  SINCE JUN 1     21                        34    -13       43
  SINCE JUL 1     10                         3      7        9

 COOLING
  TODAY            7                         8     -1        7
  MONTH TO DATE   56                        64     -8       56
  SINCE JUN 1    398                       513   -115      481
  SINCE JAN 1    481                       568    -87      573
..................................................................


WIND (MPH)
  HIGHEST WIND SPEED    17   HIGHEST WIND DIRECTION    SE (130)
  HIGHEST GUST SPEED    23   HIGHEST GUST DIRECTION     E (80)
  AVERAGE WIND SPEED    10.7


SKY COVER
  POSSIBLE SUNSHINE  MM
  AVERAGE SKY COVER 0.6


WEATHER CONDITIONS
 THE FOLLOWING WEATHER WAS RECORDED TODAY.
  NO SIGNIFICANT WEATHER WAS OBSERVED.


RELATIVE HUMIDITY (PERCENT)
 HIGHEST    84           200 AM
 LOWEST     45           100 PM
 AVERAGE    65

..........................................................


THE ROCKFORD IL CLIMATE NORMALS FOR TOMORROW
                         NORMAL    RECORD    YEAR
 MAXIMUM TEMPERATURE (F)   83       100      1936
                                             1934
 MINIMUM TEMPERATURE (F)   62        43      1927


SUNRISE AND SUNSET
AUGUST  8 2014........SUNRISE   557 AM CDT   SUNSET   807 PM CDT
AUGUST  9 2014........SUNRISE   558 AM CDT   SUNSET   805 PM CDT


-  INDICATES NEGATIVE NUMBERS.
R  INDICATES RECORD WAS SET OR TIED.
MM INDICATES DATA IS MISSING.
T  INDICATES TRACE AMOUNT.




$$
