000
CDUS43 KLOT 262144
CLIRFD


CLIMATE REPORT
NATIONAL WEATHER SERVICE CHICAGO IL
444 PM CDT WED JUL 26 2017


...................................

...THE ROCKFORD IL CLIMATE SUMMARY FOR JULY 26 2017...
VALID TODAY AS OF 0400 PM LOCAL TIME.

CLIMATE NORMAL PERIOD 1981 TO 2010
CLIMATE RECORD PERIOD 1905 TO 2017


WEATHER ITEM   OBSERVED TIME   RECORD YEAR NORMAL DEPARTURE LAST
                VALUE   (LST)  VALUE       VALUE  FROM      YEAR
                                                  NORMAL
..................................................................
TEMPERATURE (F)
 TODAY
  MAXIMUM         83    159 PM 103    1936  84     -1       86
  MINIMUM         66    456 AM  49    1920  63      3       67
                                      1911
  AVERAGE         75                        74      1       77

PRECIPITATION (IN)
  TODAY            0.00          3.43 1969   0.13  -0.13     0.00
  MONTH TO DATE    7.10                      3.28   3.82     4.96
  SINCE JUN 1     14.59                      7.93   6.66     7.15
  SINCE JAN 1     33.44                     20.40  13.04    18.71

SNOWFALL (IN)
  TODAY            0.0           0.0    MM   0.0    0.0      0.0
  MONTH TO DATE    0.0                       0.0    0.0      0.0
  SINCE JUN 1      0.0                       0.0    0.0      0.0
  SINCE JUL 1      0.0                       0.0    0.0      0.0

DEGREE DAYS
 HEATING
  TODAY            0                         0      0        0
  MONTH TO DATE    0                         0      0        0
  SINCE JUN 1     11                        31    -20        6
  SINCE JUL 1      0                         0      0        0

 COOLING
  TODAY           10                         9      1       12
  MONTH TO DATE  250                       234     16      268
  SINCE JUN 1    462                       409     53      484
  SINCE JAN 1    498                       464     34      569
..................................................................


WIND (MPH)
  HIGHEST WIND SPEED    13   HIGHEST WIND DIRECTION     S (200)
  HIGHEST GUST SPEED    16   HIGHEST GUST DIRECTION     S (200)
  AVERAGE WIND SPEED     6.9


SKY COVER
  POSSIBLE SUNSHINE  MM
  AVERAGE SKY COVER 1.0


WEATHER CONDITIONS
 THE FOLLOWING WEATHER WAS RECORDED TODAY.
  NO SIGNIFICANT WEATHER WAS OBSERVED.


RELATIVE HUMIDITY (PERCENT)
 HIGHEST    87           600 AM
 LOWEST     65          1000 AM
 AVERAGE    76

..........................................................


THE ROCKFORD IL CLIMATE NORMALS FOR TOMORROW
                         NORMAL    RECORD    YEAR
 MAXIMUM TEMPERATURE (F)   84       103      1955
 MINIMUM TEMPERATURE (F)   63        46      1937


SUNRISE AND SUNSET
JULY 26 2017..........SUNRISE   544 AM CDT   SUNSET   821 PM CDT
JULY 27 2017..........SUNRISE   545 AM CDT   SUNSET   820 PM CDT


-  INDICATES NEGATIVE NUMBERS.
R  INDICATES RECORD WAS SET OR TIED.
MM INDICATES DATA IS MISSING.
T  INDICATES TRACE AMOUNT.




$$
