000
CDUS43 KLOT 060634
CLIRFD


CLIMATE REPORT
NATIONAL WEATHER SERVICE CHICAGO IL
133 AM CDT TUE SEP 6 2016


...................................

...THE ROCKFORD IL CLIMATE SUMMARY FOR SEPTEMBER 5 2016...

CLIMATE NORMAL PERIOD 1981 TO 2010
CLIMATE RECORD PERIOD 1905 TO 2016


WEATHER ITEM   OBSERVED TIME   RECORD YEAR NORMAL DEPARTURE LAST
                VALUE   (LST)  VALUE       VALUE  FROM      YEAR
                                                  NORMAL
..................................................................
TEMPERATURE (F)
 YESTERDAY
  MAXIMUM         88    301 PM 100    1925  79      9       82
  MINIMUM         64    201 AM  41    1924  57      7       69
  AVERAGE         76                        68      8       76

PRECIPITATION (IN)
  YESTERDAY        0.00          1.22 1929   0.11  -0.11      T
  MONTH TO DATE    0.00                      0.59  -0.59      T
  SINCE SEP 1      0.00                      0.59  -0.59      T
  SINCE JAN 1     25.92                     26.25  -0.33    24.53

SNOWFALL (IN)
  YESTERDAY        0.0           0.0    MM   0.0    0.0      0.0
  MONTH TO DATE    0.0                       0.0    0.0      0.0
  SINCE SEP 1      0.0                       0.0    0.0      0.0
  SINCE JUL 1      0.0                       0.0    0.0      0.0
  SNOW DEPTH       0

DEGREE DAYS
 HEATING
  YESTERDAY        0                         1     -1        0
  MONTH TO DATE    0                         5     -5        0
  SINCE SEP 1      0                         5     -5        0
  SINCE JUL 1      0                        19    -19       10

 COOLING
  YESTERDAY       11                         5      6       11
  MONTH TO DATE   23                        25     -2       68
  SINCE SEP 1     23                        25     -2       68
  SINCE JAN 1    940                       752    188      721
..................................................................


WIND (MPH)
  HIGHEST WIND SPEED    20   HIGHEST WIND DIRECTION     S (190)
  HIGHEST GUST SPEED    26   HIGHEST GUST DIRECTION    SW (210)
  AVERAGE WIND SPEED     9.7


SKY COVER
  POSSIBLE SUNSHINE  MM
  AVERAGE SKY COVER 0.2


WEATHER CONDITIONS
 THE FOLLOWING WEATHER WAS RECORDED YESTERDAY.
  NO SIGNIFICANT WEATHER WAS OBSERVED.


RELATIVE HUMIDITY (PERCENT)
 HIGHEST    87           600 AM
 LOWEST     46           300 PM
 AVERAGE    67

..........................................................


THE ROCKFORD IL CLIMATE NORMALS FOR TODAY
                         NORMAL    RECORD    YEAR
 MAXIMUM TEMPERATURE (F)   79       102      1922
 MINIMUM TEMPERATURE (F)   57        38      1924


SUNRISE AND SUNSET
SEPTEMBER  6 2016.....SUNRISE   627 AM CDT   SUNSET   721 PM CDT
SEPTEMBER  7 2016.....SUNRISE   629 AM CDT   SUNSET   719 PM CDT


-  INDICATES NEGATIVE NUMBERS.
R  INDICATES RECORD WAS SET OR TIED.
MM INDICATES DATA IS MISSING.
T  INDICATES TRACE AMOUNT.




$$
