000
CDUS43 KLOT 120634
CLIRFD


CLIMATE REPORT
NATIONAL WEATHER SERVICE CHICAGO IL
1233 AM CST WED NOV 12 2014


...................................

...THE ROCKFORD IL CLIMATE SUMMARY FOR NOVEMBER 11 2014...

CLIMATE NORMAL PERIOD 1981 TO 2010
CLIMATE RECORD PERIOD 1905 TO 2014


WEATHER ITEM   OBSERVED TIME   RECORD YEAR NORMAL DEPARTURE LAST
                VALUE   (LST)  VALUE       VALUE  FROM      YEAR
                                                  NORMAL
..................................................................
TEMPERATURE (F)
 YESTERDAY
  MAXIMUM         52   1244 AM  74    1911  50      2       46
  MINIMUM         29   1159 PM  10    1926  33     -4       20
  AVERAGE         41                        42     -1       33

PRECIPITATION (IN)
  YESTERDAY        0.27          1.08 1911   0.09   0.18     0.12
  MONTH TO DATE    0.55                      0.97  -0.42     0.61
  SINCE SEP 1      5.24                      6.99  -1.75     5.40
  SINCE JAN 1     31.49                     32.65  -1.16    37.40

SNOWFALL (IN)
  YESTERDAY        T             1.6  1995   0.0    0.0      0.4
  MONTH TO DATE    T                         0.1   -0.1      0.4
  SINCE SEP 1      0.1                       0.2   -0.1      0.4
  SINCE JUL 1      0.1                       0.2   -0.1      0.4
  SNOW DEPTH       0

DEGREE DAYS
 HEATING
  YESTERDAY       24                        24      0       32
  MONTH TO DATE  230                       234     -4      253
  SINCE SEP 1    782                       773      9      743
  SINCE JUL 1    792                       787      5      754

 COOLING
  YESTERDAY        0                         0      0        0
  MONTH TO DATE    0                         0      0        0
  SINCE SEP 1     73                        93    -20      141
  SINCE JAN 1    729                       820    -91      890
..................................................................


WIND (MPH)
  HIGHEST WIND SPEED    22   HIGHEST WIND DIRECTION    NW (320)
  HIGHEST GUST SPEED    29   HIGHEST GUST DIRECTION    NW (320)
  AVERAGE WIND SPEED    13.9


SKY COVER
  POSSIBLE SUNSHINE  MM
  AVERAGE SKY COVER 1.0


WEATHER CONDITIONS
 THE FOLLOWING WEATHER WAS RECORDED YESTERDAY.
  HEAVY RAIN
  RAIN
  LIGHT RAIN
  LIGHT SNOW
  SLEET
  FOG
  HAZE


RELATIVE HUMIDITY (PERCENT)
 HIGHEST    86           600 AM
 LOWEST     61           800 PM
 AVERAGE    74

..........................................................


THE ROCKFORD IL CLIMATE NORMALS FOR TODAY
                         NORMAL    RECORD    YEAR
 MAXIMUM TEMPERATURE (F)   50        68      1909
 MINIMUM TEMPERATURE (F)   32         7      1986


SUNRISE AND SUNSET
NOVEMBER 12 2014......SUNRISE   643 AM CST   SUNSET   438 PM CST
NOVEMBER 13 2014......SUNRISE   644 AM CST   SUNSET   437 PM CST


-  INDICATES NEGATIVE NUMBERS.
R  INDICATES RECORD WAS SET OR TIED.
MM INDICATES DATA IS MISSING.
T  INDICATES TRACE AMOUNT.




$$

BMD
