000
CDUS43 KLOT 050642
CLIRFD


CLIMATE REPORT
NATIONAL WEATHER SERVICE CHICAGO IL
142 AM CDT WED JUL 5 2017


...................................

...THE ROCKFORD IL CLIMATE SUMMARY FOR JULY 4 2017...

CLIMATE NORMAL PERIOD 1981 TO 2010
CLIMATE RECORD PERIOD 1905 TO 2017


WEATHER ITEM   OBSERVED TIME   RECORD YEAR NORMAL DEPARTURE LAST
                VALUE   (LST)  VALUE       VALUE  FROM      YEAR
                                                  NORMAL
..................................................................
TEMPERATURE (F)
 YESTERDAY
  MAXIMUM         87    311 PM 102    2012  85      2       79
  MINIMUM         64    300 AM  46    1967  63      1       64
                                      1924
  AVERAGE         76                        74      2       72

PRECIPITATION (IN)
  YESTERDAY        0.00          1.36 1973   0.12  -0.12     0.00
  MONTH TO DATE    0.00                      0.49  -0.49     0.00
  SINCE JUN 1      7.49                      5.14   2.35     2.19
  SINCE JAN 1     26.34                     17.61   8.73    13.75

SNOWFALL (IN)
  YESTERDAY        0.0           0.0    MM   0.0    0.0      0.0
  MONTH TO DATE    0.0                       0.0    0.0      0.0
  SINCE JUN 1      0.0                       0.0    0.0      0.0
  SINCE JUL 1      0.0                       0.0    0.0      0.0
  SNOW DEPTH       0

DEGREE DAYS
 HEATING
  YESTERDAY        0                         0      0        0
  MONTH TO DATE    0                         0      0        0
  SINCE JUN 1     11                        31    -20        6
  SINCE JUL 1      0                         0      0        0

 COOLING
  YESTERDAY       11                         9      2        7
  MONTH TO DATE   35                        36     -1       13
  SINCE JUN 1    247                       211     36      229
  SINCE JAN 1    283                       266     17      314
..................................................................


WIND (MPH)
  HIGHEST WIND SPEED    14   HIGHEST WIND DIRECTION     E (70)
  HIGHEST GUST SPEED    18   HIGHEST GUST DIRECTION     E (80)
  AVERAGE WIND SPEED     6.4


SKY COVER
  POSSIBLE SUNSHINE  MM
  AVERAGE SKY COVER 0.7


WEATHER CONDITIONS
 THE FOLLOWING WEATHER WAS RECORDED YESTERDAY.
  NO SIGNIFICANT WEATHER WAS OBSERVED.


RELATIVE HUMIDITY (PERCENT)
 HIGHEST    74           900 PM
 LOWEST     53           200 PM
 AVERAGE    64

..........................................................


THE ROCKFORD IL CLIMATE NORMALS FOR TODAY
                         NORMAL    RECORD    YEAR
 MAXIMUM TEMPERATURE (F)   85       102      2012
 MINIMUM TEMPERATURE (F)   63        43      1967


SUNRISE AND SUNSET
JULY  5 2017..........SUNRISE   526 AM CDT   SUNSET   835 PM CDT
JULY  6 2017..........SUNRISE   527 AM CDT   SUNSET   835 PM CDT


-  INDICATES NEGATIVE NUMBERS.
R  INDICATES RECORD WAS SET OR TIED.
MM INDICATES DATA IS MISSING.
T  INDICATES TRACE AMOUNT.




$$
