000
CDUS43 KLOT 272135
CLIRFD


CLIMATE REPORT
NATIONAL WEATHER SERVICE CHICAGO IL
433 PM CDT THU MAR 27 2014


...................................

...THE ROCKFORD IL CLIMATE SUMMARY FOR MARCH 27 2014...
VALID TODAY AS OF 0400 PM LOCAL TIME.

CLIMATE NORMAL PERIOD 1981 TO 2010
CLIMATE RECORD PERIOD 1905 TO 2014


WEATHER ITEM   OBSERVED TIME   RECORD YEAR NORMAL DEPARTURE LAST
                VALUE   (LST)  VALUE       VALUE  FROM      YEAR
                                                  NORMAL
..................................................................
TEMPERATURE (F)
 TODAY
  MAXIMUM         43    249 PM  79    1945  52     -9       43
  MINIMUM         34    658 AM   2    1965  31      3       28
  AVERAGE         39                        42     -3       36

PRECIPITATION (IN)
  TODAY            0.03          1.91 1991   0.09  -0.06     0.00
  MONTH TO DATE    0.75                      1.95  -1.20     2.29
  SINCE MAR 1      0.75                      1.95  -1.20     2.29
  SINCE JAN 1      4.49                      4.73  -0.24     8.36

SNOWFALL (IN)
  TODAY            T             2.5  1970   0.1   -0.1      0.0
  MONTH TO DATE    9.1                       4.4    4.7     13.9
  SINCE MAR 1      9.1                       4.4    4.7     13.9
  SINCE JUL 1     56.6                      35.4   21.2     40.5

DEGREE DAYS
 HEATING
  TODAY           26                        23      3       29
  MONTH TO DATE 1009                       774    235     1000
  SINCE MAR 1   1009                       774    235     1000
  SINCE JUL 1   6901                      5776   1125     5737

 COOLING
  TODAY            0                         0      0        0
  MONTH TO DATE    0                         0      0        0
  SINCE MAR 1      0                         0      0        0
  SINCE JAN 1      0                         0      0        0
..................................................................


WIND (MPH)
  HIGHEST WIND SPEED    23   HIGHEST WIND DIRECTION     S (190)
  HIGHEST GUST SPEED    29   HIGHEST GUST DIRECTION     S (170)
  AVERAGE WIND SPEED    16.1


SKY COVER
  POSSIBLE SUNSHINE  MM
  AVERAGE SKY COVER 1.0


WEATHER CONDITIONS
 THE FOLLOWING WEATHER WAS RECORDED TODAY.
  LIGHT RAIN
  SNOW
  LIGHT SNOW
  SLEET
  FOG


RELATIVE HUMIDITY (PERCENT)
 HIGHEST    89           400 AM
 LOWEST     52          1200 AM
 AVERAGE    71

..........................................................


THE ROCKFORD IL CLIMATE NORMALS FOR TOMORROW
                         NORMAL    RECORD    YEAR
 MAXIMUM TEMPERATURE (F)   53        79      1910
 MINIMUM TEMPERATURE (F)   32         8      1970


SUNRISE AND SUNSET
MARCH 27 2014.........SUNRISE   648 AM CDT   SUNSET   716 PM CDT
MARCH 28 2014.........SUNRISE   646 AM CDT   SUNSET   718 PM CDT


-  INDICATES NEGATIVE NUMBERS.
R  INDICATES RECORD WAS SET OR TIED.
MM INDICATES DATA IS MISSING.
T  INDICATES TRACE AMOUNT.




$$
