000
CDUS43 KLOT 282233
CLIRFD


CLIMATE REPORT
NATIONAL WEATHER SERVICE CHICAGO IL
432 PM CST SAT JAN 28 2017


...................................

...THE ROCKFORD IL CLIMATE SUMMARY FOR JANUARY 28 2017...
VALID TODAY AS OF 0400 PM LOCAL TIME.

CLIMATE NORMAL PERIOD 1981 TO 2010
CLIMATE RECORD PERIOD 1905 TO 2017


WEATHER ITEM   OBSERVED TIME   RECORD YEAR NORMAL DEPARTURE LAST
                VALUE   (LST)  VALUE       VALUE  FROM      YEAR
                                                  NORMAL
..................................................................
TEMPERATURE (F)
 TODAY
  MAXIMUM         28    359 PM  55    1944  30     -2       38
  MINIMUM         25    153 AM -22    1915  14     11       28
  AVERAGE         27                        22      5       33

PRECIPITATION (IN)
  TODAY            0.00          0.93 2006   0.04  -0.04      T
  MONTH TO DATE    2.23                      1.24   0.99     0.77
  SINCE DEC 1      4.11                      3.22   0.89     5.42
  SINCE JAN 1      2.23                      1.24   0.99     0.77

SNOWFALL (IN)
  TODAY            0.0           1.6  1953   0.3   -0.3       T
  MONTH TO DATE    0.7                       9.2   -8.5      3.7
  SINCE DEC 1     16.8                      20.5   -3.7      8.9
  SINCE JUL 1     16.8                      22.3   -5.5     17.7

DEGREE DAYS
 HEATING
  TODAY           38                        43     -5       32
  MONTH TO DATE 1045                      1222   -177     1206
  SINCE DEC 1   2315                      2448   -133     2046
  SINCE JUL 1   3184                      3783   -599     3077

 COOLING
  TODAY            0                         0      0        0
  MONTH TO DATE    0                         0      0        0
  SINCE DEC 1      0                         0      0        0
  SINCE JAN 1      0                         0      0        0
..................................................................


WIND (MPH)
  HIGHEST WIND SPEED    20   HIGHEST WIND DIRECTION    NW (300)
  HIGHEST GUST SPEED    24   HIGHEST GUST DIRECTION     W (290)
  AVERAGE WIND SPEED    11.5


SKY COVER
  POSSIBLE SUNSHINE  MM
  AVERAGE SKY COVER 1.0


WEATHER CONDITIONS
 THE FOLLOWING WEATHER WAS RECORDED TODAY.
  NO SIGNIFICANT WEATHER WAS OBSERVED.


RELATIVE HUMIDITY (PERCENT)
 HIGHEST    81           100 AM
 LOWEST     69           300 PM
 AVERAGE    75

..........................................................


THE ROCKFORD IL CLIMATE NORMALS FOR TOMORROW
                         NORMAL    RECORD    YEAR
 MAXIMUM TEMPERATURE (F)   30        62      2013
 MINIMUM TEMPERATURE (F)   14       -20      1966


SUNRISE AND SUNSET
JANUARY 28 2017.......SUNRISE   713 AM CST   SUNSET   506 PM CST
JANUARY 29 2017.......SUNRISE   712 AM CST   SUNSET   507 PM CST


-  INDICATES NEGATIVE NUMBERS.
R  INDICATES RECORD WAS SET OR TIED.
MM INDICATES DATA IS MISSING.
T  INDICATES TRACE AMOUNT.




$$
