579
CDUS43 KLOT 290637
CLIRFD


CLIMATE REPORT
NATIONAL WEATHER SERVICE CHICAGO IL
1236 AM CST FRI JAN 29 2016


...................................

...THE ROCKFORD IL CLIMATE SUMMARY FOR JANUARY 28 2016...

CLIMATE NORMAL PERIOD 1981 TO 2010
CLIMATE RECORD PERIOD 1905 TO 2016


WEATHER ITEM   OBSERVED TIME   RECORD YEAR NORMAL DEPARTURE LAST
                VALUE   (LST)  VALUE       VALUE  FROM      YEAR
                                                  NORMAL
..................................................................
TEMPERATURE (F)
 YESTERDAY
  MAXIMUM         38    144 PM  55    1944  30      8       35
  MINIMUM         28   1159 PM -22    1915  14     14       20
  AVERAGE         33                        22     11       28

PRECIPITATION (IN)
  YESTERDAY        T             0.93 2006   0.04  -0.04     0.00
  MONTH TO DATE    0.77                      1.24  -0.47     0.93
  SINCE DEC 1      5.42                      3.22   2.20     1.86
  SINCE JAN 1      0.77                      1.24  -0.47     0.93

SNOWFALL (IN)
  YESTERDAY        T             1.6  1953   0.3   -0.3      0.0
  MONTH TO DATE    3.7                       9.2   -5.5      8.1
  SINCE DEC 1      8.9                      20.5  -11.6      8.2
  SINCE JUL 1     17.7                      22.3   -4.6     11.8
  SNOW DEPTH       T

DEGREE DAYS
 HEATING
  YESTERDAY       32                        43    -11       37
  MONTH TO DATE 1206                      1222    -16     1250
  SINCE DEC 1   2046                      2448   -402     2313
  SINCE JUL 1   3077                      3783   -706     3860

 COOLING
  YESTERDAY        0                         0      0        0
  MONTH TO DATE    0                         0      0        0
  SINCE DEC 1      0                         0      0        0
  SINCE JAN 1      0                         0      0        0
..................................................................


WIND (MPH)
  HIGHEST WIND SPEED    16   HIGHEST WIND DIRECTION     W (270)
  HIGHEST GUST SPEED    24   HIGHEST GUST DIRECTION     W (270)
  AVERAGE WIND SPEED    12.7


SKY COVER
  POSSIBLE SUNSHINE  MM
  AVERAGE SKY COVER 0.7


WEATHER CONDITIONS
 THE FOLLOWING WEATHER WAS RECORDED YESTERDAY.
  LIGHT RAIN
  SNOW


RELATIVE HUMIDITY (PERCENT)
 HIGHEST    85           700 AM
 LOWEST     63           700 PM
 AVERAGE    74

..........................................................


THE ROCKFORD IL CLIMATE NORMALS FOR TODAY
                         NORMAL    RECORD    YEAR
 MAXIMUM TEMPERATURE (F)   30        62      2013
 MINIMUM TEMPERATURE (F)   14       -20      1966


SUNRISE AND SUNSET
JANUARY 29 2016.......SUNRISE   713 AM CST   SUNSET   506 PM CST
JANUARY 30 2016.......SUNRISE   712 AM CST   SUNSET   508 PM CST


-  INDICATES NEGATIVE NUMBERS.
R  INDICATES RECORD WAS SET OR TIED.
MM INDICATES DATA IS MISSING.
T  INDICATES TRACE AMOUNT.




$$
