000
CDUS43 KLOT 020646
CLIRFD


CLIMATE REPORT
NATIONAL WEATHER SERVICE CHICAGO IL
146 AM CDT TUE JUN 2 2015


...................................

...THE ROCKFORD IL CLIMATE SUMMARY FOR JUNE 1 2015...

CLIMATE NORMAL PERIOD 1981 TO 2010
CLIMATE RECORD PERIOD 1905 TO 2015


WEATHER ITEM   OBSERVED TIME   RECORD YEAR NORMAL DEPARTURE LAST
                VALUE   (LST)  VALUE       VALUE  FROM      YEAR
                                                  NORMAL
..................................................................
TEMPERATURE (F)
 YESTERDAY
  MAXIMUM         68    337 PM 106    1934  77     -9       89
  MINIMUM         43    504 AM  37    2003  54    -11       68
  AVERAGE         56                        65     -9       79

PRECIPITATION (IN)
  YESTERDAY        0.00          2.19 1996   0.16  -0.16     0.03
  MONTH TO DATE    0.00                      0.16  -0.16     0.03
  SINCE JUN 1      0.00                      0.16  -0.16     0.03
  SINCE JAN 1     11.19                     12.63  -1.44    10.00

SNOWFALL (IN)
  YESTERDAY        0.0           0.0    MM   0.0    0.0      0.0
  MONTH TO DATE    0.0                       0.0    0.0      0.0
  SINCE JUN 1      0.0                       0.0    0.0      0.0
  SINCE JUL 1     35.5                      36.7   -1.2     56.9
  SNOW DEPTH       0

DEGREE DAYS
 HEATING
  YESTERDAY        9                         3      6        0
  MONTH TO DATE    9                         3      6        0
  SINCE JUN 1      9                         3      6        0
  SINCE JUL 1   6966                      6541    425     7669

 COOLING
  YESTERDAY        0                         3     -3       14
  MONTH TO DATE    0                         3     -3       14
  SINCE JUN 1      0                         3     -3       14
  SINCE JAN 1     60                        58      2       97
..................................................................


WIND (MPH)
  HIGHEST WIND SPEED    17   HIGHEST WIND DIRECTION     E (70)
  HIGHEST GUST SPEED    24   HIGHEST GUST DIRECTION     E (70)
  AVERAGE WIND SPEED     8.6


SKY COVER
  POSSIBLE SUNSHINE  MM
  AVERAGE SKY COVER 0.3


WEATHER CONDITIONS
 THE FOLLOWING WEATHER WAS RECORDED YESTERDAY.
  NO SIGNIFICANT WEATHER WAS OBSERVED.


RELATIVE HUMIDITY (PERCENT)
 HIGHEST    82           500 AM
 LOWEST     42           500 PM
 AVERAGE    62

..........................................................


THE ROCKFORD IL CLIMATE NORMALS FOR TODAY
                         NORMAL    RECORD    YEAR
 MAXIMUM TEMPERATURE (F)   77        98      1934
 MINIMUM TEMPERATURE (F)   54        41      2003
                                             1956


SUNRISE AND SUNSET
JUNE  2 2015..........SUNRISE   522 AM CDT   SUNSET   827 PM CDT
JUNE  3 2015..........SUNRISE   522 AM CDT   SUNSET   827 PM CDT


-  INDICATES NEGATIVE NUMBERS.
R  INDICATES RECORD WAS SET OR TIED.
MM INDICATES DATA IS MISSING.
T  INDICATES TRACE AMOUNT.




$$
