000
CDUS43 KLOT 290636
CLIRFD


CLIMATE REPORT
NATIONAL WEATHER SERVICE CHICAGO IL
135 AM CDT SUN MAR 29 2015


...................................

...THE ROCKFORD IL CLIMATE SUMMARY FOR MARCH 28 2015...

CLIMATE NORMAL PERIOD 1981 TO 2010
CLIMATE RECORD PERIOD 1905 TO 2015


WEATHER ITEM   OBSERVED TIME   RECORD YEAR NORMAL DEPARTURE LAST
                VALUE   (LST)  VALUE       VALUE  FROM      YEAR
                                                  NORMAL
..................................................................
TEMPERATURE (F)
 YESTERDAY
  MAXIMUM         41    313 PM  79    1910  53    -12       47
  MINIMUM         16    608 AM   8    1970  32    -16       35
  AVERAGE         29                        42    -13       41

PRECIPITATION (IN)
  YESTERDAY        0.00          1.60 1931   0.09  -0.09     0.02
  MONTH TO DATE    1.24                      2.04  -0.80     1.03
  SINCE MAR 1      1.24                      2.04  -0.80     1.03
  SINCE JAN 1      3.16                      4.82  -1.66     4.77

SNOWFALL (IN)
  YESTERDAY        0.0           3.9  1975   0.1   -0.1      0.0
  MONTH TO DATE    7.6                       4.5    3.1      9.1
  SINCE MAR 1      7.6                       4.5    3.1      9.1
  SINCE JUL 1     35.5                      35.5    0.0     56.6
  SNOW DEPTH       0

DEGREE DAYS
 HEATING
  YESTERDAY       36                        23     13       24
  MONTH TO DATE  879                       797     82     1029
  SINCE MAR 1    879                       797     82     1029
  SINCE JUL 1   6325                      5799    526     6921

 COOLING
  YESTERDAY        0                         0      0        0
  MONTH TO DATE    0                         0      0        0
  SINCE MAR 1      0                         0      0        0
  SINCE JAN 1      0                         0      0        0
..................................................................


WIND (MPH)
  HIGHEST WIND SPEED    13   HIGHEST WIND DIRECTION     S (190)
  HIGHEST GUST SPEED    16   HIGHEST GUST DIRECTION     S (180)
  AVERAGE WIND SPEED     4.4


SKY COVER
  POSSIBLE SUNSHINE  MM
  AVERAGE SKY COVER 0.1


WEATHER CONDITIONS
 THE FOLLOWING WEATHER WAS RECORDED YESTERDAY.
  NO SIGNIFICANT WEATHER WAS OBSERVED.


RELATIVE HUMIDITY (PERCENT)
 HIGHEST    80           200 AM
 LOWEST     29          1200 PM
 AVERAGE    55

..........................................................


THE ROCKFORD IL CLIMATE NORMALS FOR TODAY
                         NORMAL    RECORD    YEAR
 MAXIMUM TEMPERATURE (F)   53        85      1986
 MINIMUM TEMPERATURE (F)   32        12      1969


SUNRISE AND SUNSET
MARCH 29 2015.........SUNRISE   645 AM CDT   SUNSET   719 PM CDT
MARCH 30 2015.........SUNRISE   643 AM CDT   SUNSET   720 PM CDT


-  INDICATES NEGATIVE NUMBERS.
R  INDICATES RECORD WAS SET OR TIED.
MM INDICATES DATA IS MISSING.
T  INDICATES TRACE AMOUNT.




$$
