000
CDUS43 KLOT 020641
CLIRFD


CLIMATE REPORT
NATIONAL WEATHER SERVICE CHICAGO IL
141 AM CDT THU JUL 2 2015


...................................

...THE ROCKFORD IL CLIMATE SUMMARY FOR JULY 1 2015...

CLIMATE NORMAL PERIOD 1981 TO 2010
CLIMATE RECORD PERIOD 1905 TO 2015


WEATHER ITEM   OBSERVED TIME   RECORD YEAR NORMAL DEPARTURE LAST
                VALUE   (LST)  VALUE       VALUE  FROM      YEAR
                                                  NORMAL
..................................................................
TEMPERATURE (F)
 YESTERDAY
  MAXIMUM         75    242 PM 101    1931  84     -9       80
  MINIMUM         55   1159 PM  45    1924  63     -8       64
  AVERAGE         65                        74     -9       72

PRECIPITATION (IN)
  YESTERDAY        0.00          1.42 1978   0.12  -0.12     0.00
  MONTH TO DATE    0.00                      0.12  -0.12     0.00
  SINCE JUN 1      4.64                      4.77  -0.13     8.06
  SINCE JAN 1     15.83                     17.24  -1.41    18.03

SNOWFALL (IN)
  YESTERDAY        0.0           0.0    MM   0.0    0.0      0.0
  MONTH TO DATE    0.0                       0.0    0.0      0.0
  SINCE JUN 1      0.0                       0.0    0.0      0.0
  SINCE JUL 1      0.0                       0.0    0.0      0.0
  SNOW DEPTH       0

DEGREE DAYS
 HEATING
  YESTERDAY        0                         0      0        0
  MONTH TO DATE    0                         0      0        0
  SINCE JUN 1     16                        31    -15       11
  SINCE JUL 1      0                         0      0        0

 COOLING
  YESTERDAY        0                         9     -9        7
  MONTH TO DATE    0                         9     -9        7
  SINCE JUN 1    152                       184    -32      202
  SINCE JAN 1    212                       239    -27      285
..................................................................


WIND (MPH)
  HIGHEST WIND SPEED    14   HIGHEST WIND DIRECTION     N (10)
  HIGHEST GUST SPEED    19   HIGHEST GUST DIRECTION    NE (30)
  AVERAGE WIND SPEED     5.9


SKY COVER
  POSSIBLE SUNSHINE  MM
  AVERAGE SKY COVER 0.9


WEATHER CONDITIONS
 THE FOLLOWING WEATHER WAS RECORDED YESTERDAY.
  NO SIGNIFICANT WEATHER WAS OBSERVED.


RELATIVE HUMIDITY (PERCENT)
 HIGHEST    87           100 AM
 LOWEST     41           300 PM
 AVERAGE    64

..........................................................


THE ROCKFORD IL CLIMATE NORMALS FOR TODAY
                         NORMAL    RECORD    YEAR
 MAXIMUM TEMPERATURE (F)   85        99      1910
 MINIMUM TEMPERATURE (F)   63        44      1924


SUNRISE AND SUNSET
JULY  2 2015..........SUNRISE   524 AM CDT   SUNSET   836 PM CDT
JULY  3 2015..........SUNRISE   525 AM CDT   SUNSET   836 PM CDT


-  INDICATES NEGATIVE NUMBERS.
R  INDICATES RECORD WAS SET OR TIED.
MM INDICATES DATA IS MISSING.
T  INDICATES TRACE AMOUNT.




$$
