000
CDUS43 KLOT 140633
CLIRFD


CLIMATE REPORT
NATIONAL WEATHER SERVICE CHICAGO IL
1231 AM CST THU DEC 14 2017


...................................

...THE ROCKFORD IL CLIMATE SUMMARY FOR DECEMBER 13 2017...

CLIMATE NORMAL PERIOD 1981 TO 2010
CLIMATE RECORD PERIOD 1905 TO 2017


WEATHER ITEM   OBSERVED TIME   RECORD YEAR NORMAL DEPARTURE LAST
                VALUE   (LST)  VALUE       VALUE  FROM      YEAR
                                                  NORMAL
..................................................................
TEMPERATURE (F)
 YESTERDAY
  MAXIMUM         37    209 PM  62    2015  34      3       15
  MINIMUM         22   1159 PM -14    1958  18      4       -2
  AVERAGE         30                        26      4        7

PRECIPITATION (IN)
  YESTERDAY        T             1.41 2015   0.07  -0.07      T
  MONTH TO DATE    0.11                      0.96  -0.85     1.06
  SINCE DEC 1      0.11                      0.96  -0.85     1.06
  SINCE JAN 1     44.29                     35.22   9.07    34.34

SNOWFALL (IN)
  YESTERDAY        T             6.6  1973   0.4   -0.4       T
  MONTH TO DATE    1.5                       4.3   -2.8     11.6
  SINCE DEC 1      1.5                       4.3   -2.8     11.6
  SINCE JUL 1      1.7                       6.1   -4.4     11.6
  SNOW DEPTH       1

DEGREE DAYS
 HEATING
  YESTERDAY       35                        39     -4       58
  MONTH TO DATE  436                       478    -42      507
  SINCE DEC 1    436                       478    -42      507
  SINCE JUL 1   1650                      1813   -163     1376

 COOLING
  YESTERDAY        0                         0      0        0
  MONTH TO DATE    0                         0      0        0
  SINCE DEC 1      0                         0      0        0
  SINCE JAN 1    828                       820      8     1103
..................................................................


WIND (MPH)
  HIGHEST WIND SPEED    29   HIGHEST WIND DIRECTION    NW (320)
  HIGHEST GUST SPEED    38   HIGHEST GUST DIRECTION    NW (320)
  AVERAGE WIND SPEED    16.2


SKY COVER
  POSSIBLE SUNSHINE  MM
  AVERAGE SKY COVER 1.0


WEATHER CONDITIONS
 THE FOLLOWING WEATHER WAS RECORDED YESTERDAY.
  LIGHT SNOW


RELATIVE HUMIDITY (PERCENT)
 HIGHEST    75           800 AM
 LOWEST     62           300 AM
 AVERAGE    69

..........................................................


THE ROCKFORD IL CLIMATE NORMALS FOR TODAY
                         NORMAL    RECORD    YEAR
 MAXIMUM TEMPERATURE (F)   33        61      2015
 MINIMUM TEMPERATURE (F)   18       -11      1989
                                             1985
                                             1919


SUNRISE AND SUNSET
DECEMBER 14 2017......SUNRISE   717 AM CST   SUNSET   425 PM CST
DECEMBER 15 2017......SUNRISE   718 AM CST   SUNSET   425 PM CST


-  INDICATES NEGATIVE NUMBERS.
R  INDICATES RECORD WAS SET OR TIED.
MM INDICATES DATA IS MISSING.
T  INDICATES TRACE AMOUNT.




$$
