000
CDUS43 KLOT 242138
CLIRFD


CLIMATE REPORT
NATIONAL WEATHER SERVICE CHICAGO IL
438 PM CDT SAT SEP 24 2016


...................................

...THE ROCKFORD IL CLIMATE SUMMARY FOR SEPTEMBER 24 2016...
VALID TODAY AS OF 0400 PM LOCAL TIME.

CLIMATE NORMAL PERIOD 1981 TO 2010
CLIMATE RECORD PERIOD 1905 TO 2016


WEATHER ITEM   OBSERVED TIME   RECORD YEAR NORMAL DEPARTURE LAST
                VALUE   (LST)  VALUE       VALUE  FROM      YEAR
                                                  NORMAL
..................................................................
TEMPERATURE (F)
 TODAY
  MAXIMUM         76    137 PM  92    2007  72      4       81
                                      1920
  MINIMUM         65    651 AM  28    1976  49     16       57
  AVERAGE         71                        60     11       69

PRECIPITATION (IN)
  TODAY            0.00          3.26 1986   0.11  -0.11     0.00
  MONTH TO DATE    2.93                      2.73   0.20     2.99
  SINCE SEP 1      2.93                      2.73   0.20     2.99
  SINCE JAN 1     28.85                     28.39   0.46    27.52

SNOWFALL (IN)
  TODAY            0.0           0.0    MM   0.0    0.0      0.0
  MONTH TO DATE    T                         0.0    0.0      0.0
  SINCE SEP 1      T                         0.0    0.0      0.0
  SINCE JUL 1      T                         0.0    0.0      0.0

DEGREE DAYS
 HEATING
  TODAY            0                         6     -6        0
  MONTH TO DATE    2                        72    -70       29
  SINCE SEP 1      2                        72    -70       29
  SINCE JUL 1      2                        86    -84       39

 COOLING
  TODAY            6                         1      5        4
  MONTH TO DATE  151                        78     73      150
  SINCE SEP 1    151                        78     73      150
  SINCE JAN 1   1068                       805    263      803
..................................................................


WIND (MPH)
  HIGHEST WIND SPEED    14   HIGHEST WIND DIRECTION     E (80)
  HIGHEST GUST SPEED    17   HIGHEST GUST DIRECTION     E (70)
  AVERAGE WIND SPEED     7.5


SKY COVER
  POSSIBLE SUNSHINE  MM
  AVERAGE SKY COVER 0.9


WEATHER CONDITIONS
 THE FOLLOWING WEATHER WAS RECORDED TODAY.
  NO SIGNIFICANT WEATHER WAS OBSERVED.


RELATIVE HUMIDITY (PERCENT)
 HIGHEST    87          1200 AM
 LOWEST     69           200 PM
 AVERAGE    78

..........................................................


THE ROCKFORD IL CLIMATE NORMALS FOR TOMORROW
                         NORMAL    RECORD    YEAR
 MAXIMUM TEMPERATURE (F)   72        95      1920
 MINIMUM TEMPERATURE (F)   48        27      1942


SUNRISE AND SUNSET
SEPTEMBER 24 2016.....SUNRISE   646 AM CDT   SUNSET   649 PM CDT
SEPTEMBER 25 2016.....SUNRISE   647 AM CDT   SUNSET   647 PM CDT


-  INDICATES NEGATIVE NUMBERS.
R  INDICATES RECORD WAS SET OR TIED.
MM INDICATES DATA IS MISSING.
T  INDICATES TRACE AMOUNT.




$$
