000
CDUS43 KLOT 280631
CLIRFD


CLIMATE REPORT
NATIONAL WEATHER SERVICE CHICAGO IL
131 AM CDT TUE OCT 28 2014


...................................

...THE ROCKFORD IL CLIMATE SUMMARY FOR OCTOBER 27 2014...

CLIMATE NORMAL PERIOD 1981 TO 2010
CLIMATE RECORD PERIOD 1905 TO 2014


WEATHER ITEM   OBSERVED TIME   RECORD YEAR NORMAL DEPARTURE LAST
                VALUE   (LST)  VALUE       VALUE  FROM      YEAR
                                                  NORMAL
..................................................................
TEMPERATURE (F)
 YESTERDAY
  MAXIMUM         78    156 PM  84    1927  58     20       54
  MINIMUM         52    634 AM  18    1936  38     14       26
  AVERAGE         65                        48     17       40

PRECIPITATION (IN)
  YESTERDAY        0.00          1.24 1970   0.09  -0.09     0.00
  MONTH TO DATE    2.69                      2.32   0.37     1.81
  SINCE SEP 1      4.69                      5.67  -0.98     3.42
  SINCE JAN 1     30.94                     31.33  -0.39    35.42

SNOWFALL (IN)
  YESTERDAY        0.0           2.0  1925   0.0    0.0      0.0
  MONTH TO DATE    T                         0.1   -0.1       T
  SINCE SEP 1      T                         0.1   -0.1       T
  SINCE JUL 1      T                         0.1   -0.1       T
  SNOW DEPTH       0

DEGREE DAYS
 HEATING
  YESTERDAY        0                        17    -17       25
  MONTH TO DATE  340                       348     -8      357
  SINCE SEP 1    471                       465      6      428
  SINCE JUL 1    481                       479      2      439

 COOLING
  YESTERDAY        0                         0      0        0
  MONTH TO DATE    3                         8     -5       16
  SINCE SEP 1     73                        92    -19      141
  SINCE JAN 1    729                       819    -90      890
..................................................................


WIND (MPH)
  HIGHEST WIND SPEED    24   HIGHEST WIND DIRECTION    SW (210)
  HIGHEST GUST SPEED    30   HIGHEST GUST DIRECTION     S (200)
  AVERAGE WIND SPEED    12.3


SKY COVER
  POSSIBLE SUNSHINE  MM
  AVERAGE SKY COVER 0.8


WEATHER CONDITIONS
 THE FOLLOWING WEATHER WAS RECORDED YESTERDAY.
  NO SIGNIFICANT WEATHER WAS OBSERVED.


RELATIVE HUMIDITY (PERCENT)
 HIGHEST    83           700 AM
 LOWEST     43          1200 AM
 AVERAGE    63

..........................................................


THE ROCKFORD IL CLIMATE NORMALS FOR TODAY
                         NORMAL    RECORD    YEAR
 MAXIMUM TEMPERATURE (F)   58        77      1950
 MINIMUM TEMPERATURE (F)   38         9      1925


SUNRISE AND SUNSET
OCTOBER 28 2014.......SUNRISE   724 AM CDT   SUNSET   555 PM CDT
OCTOBER 29 2014.......SUNRISE   726 AM CDT   SUNSET   554 PM CDT


-  INDICATES NEGATIVE NUMBERS.
R  INDICATES RECORD WAS SET OR TIED.
MM INDICATES DATA IS MISSING.
T  INDICATES TRACE AMOUNT.




$$
