000
CDUS43 KLOT 012144
CLIRFD


CLIMATE REPORT
NATIONAL WEATHER SERVICE CHICAGO IL
444 PM CDT SAT AUG 1 2015


...................................

...THE ROCKFORD IL CLIMATE SUMMARY FOR AUGUST 1 2015...
VALID TODAY AS OF 0400 PM LOCAL TIME.

CLIMATE NORMAL PERIOD 1981 TO 2010
CLIMATE RECORD PERIOD 1905 TO 2015


WEATHER ITEM   OBSERVED TIME   RECORD YEAR NORMAL DEPARTURE LAST
                VALUE   (LST)  VALUE       VALUE  FROM      YEAR
                                                  NORMAL
..................................................................
TEMPERATURE (F)
 TODAY
  MAXIMUM         87    253 PM 101    1988  84      3       85
  MINIMUM         57    511 AM  48    1924  63     -6       58
  AVERAGE         72                        73     -1       72

PRECIPITATION (IN)
  TODAY            0.00          1.35 2014   0.15  -0.15     1.35
  MONTH TO DATE    0.00                      0.15  -0.15     1.35
  SINCE JUN 1      8.14                      8.75  -0.61    11.87
  SINCE JAN 1     19.33                     21.22  -1.89    21.84

SNOWFALL (IN)
  TODAY            0.0           T    2014   0.0    0.0       T
  MONTH TO DATE    0.0                       0.0    0.0       T
  SINCE JUN 1      0.0                       0.0    0.0       T
  SINCE JUL 1      0.0                       0.0    0.0       T

DEGREE DAYS
 HEATING
  TODAY            0                         0      0        0
  MONTH TO DATE    0                         0      0        0
  SINCE JUN 1     21                        34    -13       21
  SINCE JUL 1      5                         3      2       10

 COOLING
  TODAY            7                         8     -1        7
  MONTH TO DATE    7                         8     -1        7
  SINCE JUN 1    400                       457    -57      349
  SINCE JAN 1    460                       512    -52      432
..................................................................


WIND (MPH)
  HIGHEST WIND SPEED    20   HIGHEST WIND DIRECTION     W (260)
  HIGHEST GUST SPEED    26   HIGHEST GUST DIRECTION     W (270)
  AVERAGE WIND SPEED     5.5


SKY COVER
  POSSIBLE SUNSHINE  MM
  AVERAGE SKY COVER 0.2


WEATHER CONDITIONS
 THE FOLLOWING WEATHER WAS RECORDED TODAY.
  NO SIGNIFICANT WEATHER WAS OBSERVED.


RELATIVE HUMIDITY (PERCENT)
 HIGHEST    87           600 AM
 LOWEST     40          1100 AM
 AVERAGE    64

..........................................................


THE ROCKFORD IL CLIMATE NORMALS FOR TOMORROW
                         NORMAL    RECORD    YEAR
 MAXIMUM TEMPERATURE (F)   84        99      1991
                                             1988
                                             1934
 MINIMUM TEMPERATURE (F)   63        44      1927


SUNRISE AND SUNSET
AUGUST  1 2015........SUNRISE   549 AM CDT   SUNSET   816 PM CDT
AUGUST  2 2015........SUNRISE   550 AM CDT   SUNSET   815 PM CDT


-  INDICATES NEGATIVE NUMBERS.
R  INDICATES RECORD WAS SET OR TIED.
MM INDICATES DATA IS MISSING.
T  INDICATES TRACE AMOUNT.




$$
