000
CDUS43 KLOT 270635
CLIRFD


CLIMATE REPORT
NATIONAL WEATHER SERVICE CHICAGO IL
1233 AM CST FRI FEB 27 2015


...................................

...THE ROCKFORD IL CLIMATE SUMMARY FOR FEBRUARY 26 2015...

CLIMATE NORMAL PERIOD 1981 TO 2010
CLIMATE RECORD PERIOD 1905 TO 2015


WEATHER ITEM   OBSERVED TIME   RECORD YEAR NORMAL DEPARTURE LAST
                VALUE   (LST)  VALUE       VALUE  FROM      YEAR
                                                  NORMAL
..................................................................
TEMPERATURE (F)
 YESTERDAY
  MAXIMUM         15   1216 AM  62    2000  38    -23       17
  MINIMUM         -8R  1105 PM  -6    1994  21    -29       -5
                                      1963
  AVERAGE          4                        30    -26        6

PRECIPITATION (IN)
  YESTERDAY        T             1.31 2009   0.06  -0.06     0.00
  MONTH TO DATE    0.84                      1.29  -0.45     1.76
  SINCE DEC 1      2.84                      4.64  -1.80     5.43
  SINCE JAN 1      1.91                      2.66  -0.75     3.74

SNOWFALL (IN)
  YESTERDAY        0.2           8.0  1912   0.3   -0.1      0.0
  MONTH TO DATE   14.6                       7.3    7.3     13.5
  SINCE DEC 1     24.2                      28.8   -4.6     46.5
  SINCE JUL 1     27.8                      30.6   -2.8     47.5
  SNOW DEPTH       5

DEGREE DAYS
 HEATING
  YESTERDAY       61                        35     26       59
  MONTH TO DATE 1344                      1024    320     1353
  SINCE DEC 1   3769                      3598    171     4395
  SINCE JUL 1   5316                      4933    383     5778

 COOLING
  YESTERDAY        0                         0      0        0
  MONTH TO DATE    0                         0      0        0
  SINCE DEC 1      0                         0      0        0
  SINCE JAN 1      0                         0      0        0
..................................................................


WIND (MPH)
  HIGHEST WIND SPEED    20   HIGHEST WIND DIRECTION     N (20)
  HIGHEST GUST SPEED    25   HIGHEST GUST DIRECTION     N (10)
  AVERAGE WIND SPEED    10.3


SKY COVER
  POSSIBLE SUNSHINE  MM
  AVERAGE SKY COVER 0.6


WEATHER CONDITIONS
 THE FOLLOWING WEATHER WAS RECORDED YESTERDAY.
  LIGHT SNOW


RELATIVE HUMIDITY (PERCENT)
 HIGHEST    76           300 AM
 LOWEST     46           400 PM
 AVERAGE    61

..........................................................


THE ROCKFORD IL CLIMATE NORMALS FOR TODAY
                         NORMAL    RECORD    YEAR
 MAXIMUM TEMPERATURE (F)   39        68      1976
 MINIMUM TEMPERATURE (F)   22       -15      1994


SUNRISE AND SUNSET
FEBRUARY 27 2015......SUNRISE   635 AM CST   SUNSET   544 PM CST
FEBRUARY 28 2015......SUNRISE   633 AM CST   SUNSET   545 PM CST


-  INDICATES NEGATIVE NUMBERS.
R  INDICATES RECORD WAS SET OR TIED.
MM INDICATES DATA IS MISSING.
T  INDICATES TRACE AMOUNT.




$$
