000
CDUS43 KLOT 230638
CLIRFD


CLIMATE REPORT
NATIONAL WEATHER SERVICE CHICAGO IL
137 AM CDT WED JUL 23 2014


...................................

...THE ROCKFORD IL CLIMATE SUMMARY FOR JULY 22 2014...

CLIMATE NORMAL PERIOD 1981 TO 2010
CLIMATE RECORD PERIOD 1905 TO 2014


WEATHER ITEM   OBSERVED TIME   RECORD YEAR NORMAL DEPARTURE LAST
                VALUE   (LST)  VALUE       VALUE  FROM      YEAR
                                                  NORMAL
..................................................................
TEMPERATURE (F)
 YESTERDAY
  MAXIMUM         90    358 PM 104    1934  84      6       88
  MINIMUM         70    542 AM  45    1947  63      7       63
  AVERAGE         80                        74      6       76

PRECIPITATION (IN)
  YESTERDAY        0.00          1.95 1982   0.13  -0.13     0.18
  MONTH TO DATE    2.44                      2.75  -0.31     1.19
  SINCE JUN 1     10.50                      7.40   3.10     8.91
  SINCE JAN 1     20.47                     19.87   0.60    28.35

SNOWFALL (IN)
  YESTERDAY        0.0           0.0    MM   0.0    0.0      0.0
  MONTH TO DATE    0.0                       0.0    0.0      0.0
  SINCE JUN 1      0.0                       0.0    0.0      0.0
  SINCE JUL 1      0.0                       0.0    0.0      0.0
  SNOW DEPTH       0

DEGREE DAYS
 HEATING
  YESTERDAY        0                         0      0        0
  MONTH TO DATE    9                         0      9        0
  SINCE JUN 1     20                        31    -11       34
  SINCE JUL 1      9                         0      9        0

 COOLING
  YESTERDAY       15                         9      6       11
  MONTH TO DATE  107                       198    -91      236
  SINCE JUN 1    302                       373    -71      405
  SINCE JAN 1    385                       428    -43      497
..................................................................


WIND (MPH)
  HIGHEST WIND SPEED    21   HIGHEST WIND DIRECTION    NE (30)
  HIGHEST GUST SPEED    26   HIGHEST GUST DIRECTION    NE (40)
  AVERAGE WIND SPEED    10.5


SKY COVER
  POSSIBLE SUNSHINE  MM
  AVERAGE SKY COVER 0.6


WEATHER CONDITIONS
 THE FOLLOWING WEATHER WAS RECORDED YESTERDAY.
  NO SIGNIFICANT WEATHER WAS OBSERVED.


RELATIVE HUMIDITY (PERCENT)
 HIGHEST    88           800 PM
 LOWEST     61          1200 PM
 AVERAGE    75

..........................................................


THE ROCKFORD IL CLIMATE NORMALS FOR TODAY
                         NORMAL    RECORD    YEAR
 MAXIMUM TEMPERATURE (F)   84       104      1934
 MINIMUM TEMPERATURE (F)   63        47      1947
                                             1927


SUNRISE AND SUNSET
JULY 23 2014..........SUNRISE   541 AM CDT   SUNSET   825 PM CDT
JULY 24 2014..........SUNRISE   541 AM CDT   SUNSET   824 PM CDT


-  INDICATES NEGATIVE NUMBERS.
R  INDICATES RECORD WAS SET OR TIED.
MM INDICATES DATA IS MISSING.
T  INDICATES TRACE AMOUNT.




$$
