000
CDUS43 KLOT 312134
CLIRFD


CLIMATE REPORT
NATIONAL WEATHER SERVICE CHICAGO IL
433 PM CDT MON AUG 31 2015


...................................

...THE ROCKFORD IL CLIMATE SUMMARY FOR AUGUST 31 2015...
VALID TODAY AS OF 0400 PM LOCAL TIME.

CLIMATE NORMAL PERIOD 1981 TO 2010
CLIMATE RECORD PERIOD 1905 TO 2015


WEATHER ITEM   OBSERVED TIME   RECORD YEAR NORMAL DEPARTURE LAST
                VALUE   (LST)  VALUE       VALUE  FROM      YEAR
                                                  NORMAL
..................................................................
TEMPERATURE (F)
 TODAY
  MAXIMUM         85    259 PM 101    1953  81      4       85
  MINIMUM         58    542 AM  41    1915  59     -1       61
  AVERAGE         72                        70      2       73

PRECIPITATION (IN)
  TODAY            0.00          2.32 1981   0.14  -0.14     0.00
  MONTH TO DATE    5.20                      4.59   0.61     5.76
  SINCE JUN 1     13.34                     13.19   0.15    16.28
  SINCE JAN 1     24.53                     25.66  -1.13    26.25

SNOWFALL (IN)
  TODAY            0.0           0.0    MM   0.0    0.0      0.0
  MONTH TO DATE    0.0                       0.0    0.0       T
  SINCE JUN 1      0.0                       0.0    0.0       T
  SINCE JUL 1      0.0                       0.0    0.0       T

DEGREE DAYS
 HEATING
  TODAY            0                         1     -1        0
  MONTH TO DATE    5                         6     -1        0
  SINCE JUN 1     26                        45    -19       21
  SINCE JUL 1     10                        14     -4       10

 COOLING
  TODAY            7                         6      1        8
  MONTH TO DATE  200                       223    -23      231
  SINCE JUN 1    593                       672    -79      573
  SINCE JAN 1    653                       727    -74      656
..................................................................


WIND (MPH)
  HIGHEST WIND SPEED    12   HIGHEST WIND DIRECTION    SW (220)
  HIGHEST GUST SPEED    15   HIGHEST GUST DIRECTION     S (190)
  AVERAGE WIND SPEED     3.2


SKY COVER
  POSSIBLE SUNSHINE  MM
  AVERAGE SKY COVER 0.2


WEATHER CONDITIONS
 THE FOLLOWING WEATHER WAS RECORDED TODAY.
  FOG
  HAZE


RELATIVE HUMIDITY (PERCENT)
 HIGHEST    93           600 AM
 LOWEST     59           100 PM
 AVERAGE    76

..........................................................


THE ROCKFORD IL CLIMATE NORMALS FOR TOMORROW
                         NORMAL    RECORD    YEAR
 MAXIMUM TEMPERATURE (F)   80       102      1953
 MINIMUM TEMPERATURE (F)   59        41      1949
                                             1909


SUNRISE AND SUNSET
AUGUST 31 2015........SUNRISE   620 AM CDT   SUNSET   732 PM CDT
SEPTEMBER  1 2015.....SUNRISE   621 AM CDT   SUNSET   730 PM CDT


-  INDICATES NEGATIVE NUMBERS.
R  INDICATES RECORD WAS SET OR TIED.
MM INDICATES DATA IS MISSING.
T  INDICATES TRACE AMOUNT.




$$
