000
CDUS43 KLOT 282148
CLIRFD


CLIMATE REPORT
NATIONAL WEATHER SERVICE CHICAGO IL
447 PM CDT TUE JUL 28 2015


...................................

...THE ROCKFORD IL CLIMATE SUMMARY FOR JULY 28 2015...
VALID TODAY AS OF 0400 PM LOCAL TIME.

CLIMATE NORMAL PERIOD 1981 TO 2010
CLIMATE RECORD PERIOD 1905 TO 2015


WEATHER ITEM   OBSERVED TIME   RECORD YEAR NORMAL DEPARTURE LAST
                VALUE   (LST)  VALUE       VALUE  FROM      YEAR
                                                  NORMAL
..................................................................
TEMPERATURE (F)
 TODAY
  MAXIMUM         86    224 PM 103    1916  84      2       74
  MINIMUM         69    519 AM  46    1925  63      6       57
  AVERAGE         78                        73      5       66

PRECIPITATION (IN)
  TODAY            T             1.74 1996   0.13  -0.13     0.00
  MONTH TO DATE    3.50                      3.54  -0.04     2.46
  SINCE JUN 1      8.14                      8.19  -0.05    10.52
  SINCE JAN 1     19.33                     20.66  -1.33    20.49

SNOWFALL (IN)
  TODAY            0.0           0.0    MM   0.0    0.0      0.0
  MONTH TO DATE    0.0                       0.0    0.0      0.0
  SINCE JUN 1      0.0                       0.0    0.0      0.0
  SINCE JUL 1      0.0                       0.0    0.0      0.0

DEGREE DAYS
 HEATING
  TODAY            0                         0      0        0
  MONTH TO DATE    5                         0      5       10
  SINCE JUN 1     21                        31    -10       21
  SINCE JUL 1      5                         0      5       10

 COOLING
  TODAY           13                         8      5        1
  MONTH TO DATE  210                       250    -40      135
  SINCE JUN 1    362                       425    -63      330
  SINCE JAN 1    422                       480    -58      413
..................................................................


WIND (MPH)
  HIGHEST WIND SPEED    20   HIGHEST WIND DIRECTION     S (160)
  HIGHEST GUST SPEED    24   HIGHEST GUST DIRECTION     S (170)
  AVERAGE WIND SPEED     7.6


SKY COVER
  POSSIBLE SUNSHINE  MM
  AVERAGE SKY COVER 0.5


WEATHER CONDITIONS
 THE FOLLOWING WEATHER WAS RECORDED TODAY.
  NO SIGNIFICANT WEATHER WAS OBSERVED.


RELATIVE HUMIDITY (PERCENT)
 HIGHEST    79           600 AM
 LOWEST     65          1100 AM
 AVERAGE    72

..........................................................


THE ROCKFORD IL CLIMATE NORMALS FOR TOMORROW
                         NORMAL    RECORD    YEAR
 MAXIMUM TEMPERATURE (F)   84       104      1916
 MINIMUM TEMPERATURE (F)   63        47      1925


SUNRISE AND SUNSET
JULY 28 2015..........SUNRISE   545 AM CDT   SUNSET   820 PM CDT
JULY 29 2015..........SUNRISE   546 AM CDT   SUNSET   819 PM CDT


-  INDICATES NEGATIVE NUMBERS.
R  INDICATES RECORD WAS SET OR TIED.
MM INDICATES DATA IS MISSING.
T  INDICATES TRACE AMOUNT.




$$
