000
CDUS43 KLOT 190633
CLIRFD


CLIMATE REPORT
NATIONAL WEATHER SERVICE CHICAGO IL
133 AM CDT SUN OCT 19 2014


...................................

...THE ROCKFORD IL CLIMATE SUMMARY FOR OCTOBER 18 2014...

CLIMATE NORMAL PERIOD 1981 TO 2010
CLIMATE RECORD PERIOD 1905 TO 2014


WEATHER ITEM   OBSERVED TIME   RECORD YEAR NORMAL DEPARTURE LAST
                VALUE   (LST)  VALUE       VALUE  FROM      YEAR
                                                  NORMAL
..................................................................
TEMPERATURE (F)
 YESTERDAY
  MAXIMUM         50    415 PM  86    1953  62    -12       50
                                      1950
  MINIMUM         35   1159 PM  19    1952  40     -5       36
  AVERAGE         43                        51     -8       43

PRECIPITATION (IN)
  YESTERDAY        T             1.85 1985   0.09  -0.09     0.00
  MONTH TO DATE    2.61                      1.56   1.05     1.79
  SINCE SEP 1      4.61                      4.91  -0.30     3.40
  SINCE JAN 1     30.86                     30.57   0.29    35.40

SNOWFALL (IN)
  YESTERDAY        0.0           0.1  1972   0.0    0.0      0.0
  MONTH TO DATE    T                         0.0    0.0      0.0
  SINCE SEP 1      T                         0.0    0.0      0.0
  SINCE JUL 1      T                         0.0    0.0      0.0
  SNOW DEPTH       0

DEGREE DAYS
 HEATING
  YESTERDAY       22                        14      8       22
  MONTH TO DATE  220                       207     13      132
  SINCE SEP 1    351                       324     27      203
  SINCE JUL 1    361                       338     23      214

 COOLING
  YESTERDAY        0                         0      0        0
  MONTH TO DATE    3                         8     -5       16
  SINCE SEP 1     73                        92    -19      141
  SINCE JAN 1    729                       819    -90      890
..................................................................


WIND (MPH)
  HIGHEST WIND SPEED    20   HIGHEST WIND DIRECTION     N (10)
  HIGHEST GUST SPEED    25   HIGHEST GUST DIRECTION     N (10)
  AVERAGE WIND SPEED     7.6


SKY COVER
  POSSIBLE SUNSHINE  MM
  AVERAGE SKY COVER 0.7


WEATHER CONDITIONS
 THE FOLLOWING WEATHER WAS RECORDED YESTERDAY.
  LIGHT RAIN


RELATIVE HUMIDITY (PERCENT)
 HIGHEST    92           800 PM
 LOWEST     56           400 PM
 AVERAGE    74

..........................................................


THE ROCKFORD IL CLIMATE NORMALS FOR TODAY
                         NORMAL    RECORD    YEAR
 MAXIMUM TEMPERATURE (F)   62        84      1953
                                             1924
 MINIMUM TEMPERATURE (F)   40        18      1992


SUNRISE AND SUNSET
OCTOBER 19 2014.......SUNRISE   714 AM CDT   SUNSET   608 PM CDT
OCTOBER 20 2014.......SUNRISE   715 AM CDT   SUNSET   607 PM CDT


-  INDICATES NEGATIVE NUMBERS.
R  INDICATES RECORD WAS SET OR TIED.
MM INDICATES DATA IS MISSING.
T  INDICATES TRACE AMOUNT.




$$
