000
CDUS43 KLOT 300633
CLIRFD


CLIMATE REPORT
NATIONAL WEATHER SERVICE CHICAGO IL
131 AM CDT THU JUL 30 2015


...................................

...THE ROCKFORD IL CLIMATE SUMMARY FOR JULY 29 2015...

CLIMATE NORMAL PERIOD 1981 TO 2010
CLIMATE RECORD PERIOD 1905 TO 2015


WEATHER ITEM   OBSERVED TIME   RECORD YEAR NORMAL DEPARTURE LAST
                VALUE   (LST)  VALUE       VALUE  FROM      YEAR
                                                  NORMAL
..................................................................
TEMPERATURE (F)
 YESTERDAY
  MAXIMUM         86    219 PM 104    1916  84      2       80
  MINIMUM         66   1159 PM  47    1925  63      3       55
  AVERAGE         76                        73      3       68

PRECIPITATION (IN)
  YESTERDAY        0.00          2.00 1989   0.13  -0.13      T
  MONTH TO DATE    3.50                      3.67  -0.17     2.46
  SINCE JUN 1      8.14                      8.32  -0.18    10.52
  SINCE JAN 1     19.33                     20.79  -1.46    20.49

SNOWFALL (IN)
  YESTERDAY        0.0           0.0    MM   0.0    0.0      0.0
  MONTH TO DATE    0.0                       0.0    0.0      0.0
  SINCE JUN 1      0.0                       0.0    0.0      0.0
  SINCE JUL 1      0.0                       0.0    0.0      0.0
  SNOW DEPTH       0

DEGREE DAYS
 HEATING
  YESTERDAY        0                         0      0        0
  MONTH TO DATE    5                         0      5       10
  SINCE JUN 1     21                        31    -10       21
  SINCE JUL 1      5                         0      5       10

 COOLING
  YESTERDAY       11                         8      3        3
  MONTH TO DATE  221                       258    -37      138
  SINCE JUN 1    373                       433    -60      333
  SINCE JAN 1    433                       488    -55      416
..................................................................


WIND (MPH)
  HIGHEST WIND SPEED    22   HIGHEST WIND DIRECTION     W (280)
  HIGHEST GUST SPEED    28   HIGHEST GUST DIRECTION     W (290)
  AVERAGE WIND SPEED     9.4


SKY COVER
  POSSIBLE SUNSHINE  MM
  AVERAGE SKY COVER 0.5


WEATHER CONDITIONS
 THE FOLLOWING WEATHER WAS RECORDED YESTERDAY.
  NO SIGNIFICANT WEATHER WAS OBSERVED.


RELATIVE HUMIDITY (PERCENT)
 HIGHEST    93           100 AM
 LOWEST     32           200 PM
 AVERAGE    63

..........................................................


THE ROCKFORD IL CLIMATE NORMALS FOR TODAY
                         NORMAL    RECORD    YEAR
 MAXIMUM TEMPERATURE (F)   84       104      1916
 MINIMUM TEMPERATURE (F)   63        47      1971


SUNRISE AND SUNSET
JULY 30 2015..........SUNRISE   547 AM CDT   SUNSET   818 PM CDT
JULY 31 2015..........SUNRISE   548 AM CDT   SUNSET   817 PM CDT


-  INDICATES NEGATIVE NUMBERS.
R  INDICATES RECORD WAS SET OR TIED.
MM INDICATES DATA IS MISSING.
T  INDICATES TRACE AMOUNT.




$$
