000
CDUS43 KLOT 130650
CLIRFD


CLIMATE REPORT
NATIONAL WEATHER SERVICE CHICAGO IL
150 AM CDT SUN APR 13 2014


...................................

...THE ROCKFORD IL CLIMATE SUMMARY FOR APRIL 12 2014...

CLIMATE NORMAL PERIOD 1981 TO 2010
CLIMATE RECORD PERIOD 1905 TO 2014


WEATHER ITEM   OBSERVED TIME   RECORD YEAR NORMAL DEPARTURE LAST
                VALUE   (LST)  VALUE       VALUE  FROM      YEAR
                                                  NORMAL
..................................................................
TEMPERATURE (F)
 YESTERDAY
  MAXIMUM         79    441 PM  84    1941  59     20       45
                                      1925
  MINIMUM         44    108 AM  19    1939  37      7       36
  AVERAGE         62                        48     14       41

PRECIPITATION (IN)
  YESTERDAY        0.25          0.80 1935   0.11   0.14      T
  MONTH TO DATE    0.28                      1.31  -1.03     2.60
  SINCE MAR 1      1.31                      3.63  -2.32     4.89
  SINCE JAN 1      5.05                      6.41  -1.36    10.96

SNOWFALL (IN)
  YESTERDAY       MM             1.0  2007   0.0   MM         T
  MONTH TO DATE    0.0                       0.6   -0.6       T
  SINCE MAR 1      9.1                       5.4    3.7     13.9
  SINCE JUL 1     56.6                      36.4   20.2     40.5
  SNOW DEPTH       0

DEGREE DAYS
 HEATING
  YESTERDAY        3                        17    -14       24
  MONTH TO DATE  214                       230    -16      267
  SINCE MAR 1   1306                      1092    214     1359
  SINCE JUL 1   7198                      6094   1104     6096

 COOLING
  YESTERDAY        0                         0      0        0
  MONTH TO DATE    0                         0      0        0
  SINCE MAR 1      0                         0      0        0
  SINCE JAN 1      0                         0      0        0
..................................................................


WIND (MPH)
  HIGHEST WIND SPEED    29   HIGHEST WIND DIRECTION    SW (210)
  HIGHEST GUST SPEED    48   HIGHEST GUST DIRECTION     W (270)
  AVERAGE WIND SPEED    15.0


SKY COVER
  POSSIBLE SUNSHINE  MM
  AVERAGE SKY COVER 0.9


WEATHER CONDITIONS
 THE FOLLOWING WEATHER WAS RECORDED YESTERDAY.
  THUNDERSTORM
  RAIN
  LIGHT RAIN
  HAIL


RELATIVE HUMIDITY (PERCENT)
 HIGHEST    67          1100 PM
 LOWEST     40           800 AM
 AVERAGE    54

..........................................................


THE ROCKFORD IL CLIMATE NORMALS FOR TODAY
                         NORMAL    RECORD    YEAR
 MAXIMUM TEMPERATURE (F)   60        83      2006
 MINIMUM TEMPERATURE (F)   37        18      1950


SUNRISE AND SUNSET
APRIL 13 2014.........SUNRISE   619 AM CDT   SUNSET   736 PM CDT
APRIL 14 2014.........SUNRISE   617 AM CDT   SUNSET   737 PM CDT


-  INDICATES NEGATIVE NUMBERS.
R  INDICATES RECORD WAS SET OR TIED.
MM INDICATES DATA IS MISSING.
T  INDICATES TRACE AMOUNT.




$$
