000
CDUS43 KLOT 232236
CLIRFD


CLIMATE REPORT
NATIONAL WEATHER SERVICE CHICAGO IL
435 PM CST FRI JAN 23 2015


...................................

...THE ROCKFORD IL CLIMATE SUMMARY FOR JANUARY 23 2015...
VALID TODAY AS OF 0400 PM LOCAL TIME.

CLIMATE NORMAL PERIOD 1981 TO 2010
CLIMATE RECORD PERIOD 1905 TO 2015


WEATHER ITEM   OBSERVED TIME   RECORD YEAR NORMAL DEPARTURE LAST
                VALUE   (LST)  VALUE       VALUE  FROM      YEAR
                                                  NORMAL
..................................................................
TEMPERATURE (F)
 TODAY
  MAXIMUM         30    359 PM  55    1909  30      0        6
  MINIMUM         27    915 AM -24    1936  13     14       -8
  AVERAGE         29                        21      8       -1

PRECIPITATION (IN)
  TODAY            0.00          0.74 1906   0.04  -0.04     0.00
  MONTH TO DATE    0.86                      1.04  -0.18     1.65
  SINCE DEC 1      1.79                      3.02  -1.23     3.34
  SINCE JAN 1      0.86                      1.04  -0.18     1.65

SNOWFALL (IN)
  TODAY            0.0           8.0  1906   0.3   -0.3      0.0
  MONTH TO DATE    7.4                       7.6   -0.2     11.3
  SINCE DEC 1      7.5                      18.9  -11.4     29.0
  SINCE JUL 1     11.1                      20.7   -9.6     30.0

DEGREE DAYS
 HEATING
  TODAY           36                        44     -8       66
  MONTH TO DATE 1058                      1006     52     1195
  SINCE DEC 1   2121                      2232   -111     2600
  SINCE JUL 1   3668                      3567    101     3983

 COOLING
  TODAY            0                         0      0        0
  MONTH TO DATE    0                         0      0        0
  SINCE DEC 1      0                         0      0        0
  SINCE JAN 1      0                         0      0        0
..................................................................


WIND (MPH)
  HIGHEST WIND SPEED    16   HIGHEST WIND DIRECTION    SW (230)
  HIGHEST GUST SPEED    20   HIGHEST GUST DIRECTION    SW (220)
  AVERAGE WIND SPEED    11.4


SKY COVER
  POSSIBLE SUNSHINE  MM
  AVERAGE SKY COVER 1.0


WEATHER CONDITIONS
 THE FOLLOWING WEATHER WAS RECORDED TODAY.
  NO SIGNIFICANT WEATHER WAS OBSERVED.


RELATIVE HUMIDITY (PERCENT)
 HIGHEST    81           600 AM
 LOWEST     72           300 PM
 AVERAGE    77

..........................................................


THE ROCKFORD IL CLIMATE NORMALS FOR TOMORROW
                         NORMAL    RECORD    YEAR
 MAXIMUM TEMPERATURE (F)   30        61      1909
 MINIMUM TEMPERATURE (F)   13       -20      1936


SUNRISE AND SUNSET
JANUARY 23 2015.......SUNRISE   718 AM CST   SUNSET   459 PM CST
JANUARY 24 2015.......SUNRISE   717 AM CST   SUNSET   500 PM CST


-  INDICATES NEGATIVE NUMBERS.
R  INDICATES RECORD WAS SET OR TIED.
MM INDICATES DATA IS MISSING.
T  INDICATES TRACE AMOUNT.




$$
