000
CDUS43 KLOT 250639
CLIRFD


CLIMATE REPORT
NATIONAL WEATHER SERVICE CHICAGO IL
1239 AM CST TUE NOV 25 2014


...................................

...THE ROCKFORD IL CLIMATE SUMMARY FOR NOVEMBER 24 2014...

CLIMATE NORMAL PERIOD 1981 TO 2010
CLIMATE RECORD PERIOD 1905 TO 2014


WEATHER ITEM   OBSERVED TIME   RECORD YEAR NORMAL DEPARTURE LAST
                VALUE   (LST)  VALUE       VALUE  FROM      YEAR
                                                  NORMAL
..................................................................
TEMPERATURE (F)
 YESTERDAY
  MAXIMUM         47    144 AM  65    1931  43      4       26
  MINIMUM         22   1159 PM  -6    1950  26     -4        9
  AVERAGE         35                        34      1       18

PRECIPITATION (IN)
  YESTERDAY        0.28          1.06 2001   0.08   0.20     0.00
  MONTH TO DATE    1.63                      2.09  -0.46     2.05
  SINCE SEP 1      6.32                      8.11  -1.79     6.84
  SINCE JAN 1     32.57                     33.77  -1.20    38.84

SNOWFALL (IN)
  YESTERDAY        1.5           4.0  1947   0.1    1.4      0.0
  MONTH TO DATE    3.2                       0.9    2.3      0.4
  SINCE SEP 1      3.3                       1.0    2.3      0.4
  SINCE JUL 1      3.3                       1.0    2.3      0.4
  SNOW DEPTH       0

DEGREE DAYS
 HEATING
  YESTERDAY       30                        30      0       47
  MONTH TO DATE  742                       588    154      644
  SINCE SEP 1   1294                      1127    167     1134
  SINCE JUL 1   1304                      1141    163     1145

 COOLING
  YESTERDAY        0                         0      0        0
  MONTH TO DATE    0                         0      0        0
  SINCE SEP 1     73                        93    -20      141
  SINCE JAN 1    729                       820    -91      890
..................................................................


WIND (MPH)
  HIGHEST WIND SPEED    29   HIGHEST WIND DIRECTION     W (260)
  HIGHEST GUST SPEED    36   HIGHEST GUST DIRECTION     W (260)
  AVERAGE WIND SPEED    15.6


SKY COVER
  POSSIBLE SUNSHINE  MM
  AVERAGE SKY COVER 1.0


WEATHER CONDITIONS
 THE FOLLOWING WEATHER WAS RECORDED YESTERDAY.
  LIGHT RAIN
  SNOW
  LIGHT SNOW
  SLEET
  FOG
  FOG W/VISIBILITY <= 1/4 MILE
  HAZE
  BLOWING SNOW


RELATIVE HUMIDITY (PERCENT)
 HIGHEST    96           500 AM
 LOWEST     81          1100 PM
 AVERAGE    89

..........................................................


THE ROCKFORD IL CLIMATE NORMALS FOR TODAY
                         NORMAL    RECORD    YEAR
 MAXIMUM TEMPERATURE (F)   42        64      1915
 MINIMUM TEMPERATURE (F)   26        -4      1950


SUNRISE AND SUNSET
NOVEMBER 25 2014......SUNRISE   659 AM CST   SUNSET   428 PM CST
NOVEMBER 26 2014......SUNRISE   700 AM CST   SUNSET   427 PM CST


-  INDICATES NEGATIVE NUMBERS.
R  INDICATES RECORD WAS SET OR TIED.
MM INDICATES DATA IS MISSING.
T  INDICATES TRACE AMOUNT.




$$
